000
CXUS51 KBUF 010958
CF6ROC
PRELIMINARY LOCAL CLIMATOLOGICAL DATA (WS FORM: F-6)

                                          STATION:   ROCHESTER NY
                                          MONTH:     SEPTEMBER
                                          YEAR:      2014
                                          LATITUDE:   43  7 N
                                          LONGITUDE:  77 40 W

  TEMPERATURE IN F:       :PCPN:    SNOW:  WIND      :SUNSHINE: SKY     :PK WND
================================================================================
1   2   3   4   5  6A  6B    7    8   9   10  11  12  13   14  15   16   17  18
                                     12Z  AVG MX 2MIN
DY MAX MIN AVG DEP HDD CDD  WTR  SNW DPTH SPD SPD DIR MIN PSBL S-S WX    SPD DR
================================================================================

 1  86  67  77  10   0  12 0.07  0.0    0  5.2 13 210   M    M   4 13     20 210
 2  83  65  74   8   0   9 0.07  0.0    0  7.6 17 280   M    M   9 1      24 270
 3  81  61  71   5   0   6    T  0.0    0  4.5 14 250   M    M   3 1      21 250
 4  87  61  74   8   0   9 0.00  0.0    0  6.0 14 280   M    M   4        17 310
 5  92  67  80  14   0  15    T  0.0    0  9.5 26 340   M    M   7 3      35 350
 6  73  53  63  -2   2   0 0.11  0.0    0  7.5 20 310   M    M   8 13     30 280
 7  72  49  61  -4   4   0 0.00  0.0    0  4.6 13 330   M    M   1        16 310
 8  79  47  63  -2   2   0 0.00  0.0    0  5.3 15 150   M    M   2        20 150
 9  77  58  68   4   0   3 0.00  0.0    0  6.4 15 170   M    M   5        21 140
10  79  62  71   7   0   6 0.06  0.0    0  8.7 20 190   M    M   9        29 210
11  75  55  65   1   0   0 0.33  0.0    0 13.4 24 210   M    M  10 1      36 200
12  60  47  54  -9  11   0 0.03  0.0    0  5.7 15 360   M    M   7 1      21 210
13  64  45  55  -8  10   0 0.05  0.0    0  6.2 29 320   M    M   8        39 310
14  60  40  50 -13  15   0 0.00  0.0    0  2.6  9  30   M    M   6        14  40
15  69  49  59  -3   6   0 0.10  0.0    0  4.6 13 230   M    M   9 1      16 230
16  67  47  57  -5   8   0 0.16  0.0    0   M  15 320   M    M   6 1      20 330
17  69  45  57  -4   8   0 0.00  0.0    0  6.0 16 280   M    M   4        20 230
18  62  41  52  -9  13   0    T  0.0    0  6.4 21  40   M    M   6 1      24  40
19  62  40  51 -10  14   0 0.00  0.0    0  7.3 14 120   M    M   4        20 100
20  79  56  68   8   0   3 0.00  0.0    0 11.2 22 210   M    M   5        29 200
21  79  57  68   8   0   3 0.28  0.0    0 13.3 26 260   M    M   6 1      34 250
22  57  44  51  -8  14   0 0.07  0.0    0 11.3 24 300   M    M   8 1      34 310
23  72  42  57  -2   8   0 0.00  0.0    0  6.9 16 250   M    M   3        21 250
24  77  47  62   3   3   0 0.00  0.0    0  4.5 12 120   M    M   2 1      18 100
25  73  50  62   4   3   0 0.00  0.0    0  3.5 14 100   M    M   5 8      17 110
26  76  49  63   5   2   0 0.00  0.0    0  3.8 10  30   M    M   1        14  30
27  78  50  64   7   1   0 0.00  0.0    0  4.4 10  30   M    M   0 1      14  30
28  80  51  66   9   0   1 0.00  0.0    0  3.6 10  60   M    M   5 1      13  30
29  79  53  66   9   0   1 0.00  0.0    0  4.5 15 360   M    M   6 1      17 360
30  75  55  65   9   0   0    T  0.0    0  6.8 16  20   M    M   7 18     19  60
================================================================================
SM 2222 1553       124  68  1.33     0.0 191.3          M      160
================================================================================
AV 74.1 51.8                               6.6 FASTST   M    M   5    MAX(MPH)
                                 MISC ---->  # 29 320               # 39  310
================================================================================
NOTES:
# LAST OF SEVERAL OCCURRENCES

COLUMN 17 PEAK WIND IN M.P.H.

PRELIMINARY LOCAL CLIMATOLOGICAL DATA (WS FORM: F-6) , PAGE 2

                                          STATION:  ROCHESTER NY
                                          MONTH:    SEPTEMBER
                                          YEAR:     2014
                                          LATITUDE:   43  7 N
                                          LONGITUDE:  77 40 W

[TEMPERATURE DATA]      [PRECIPITATION DATA]       SYMBOLS USED IN COLUMN 16

AVERAGE MONTHLY: 62.9   TOTAL FOR MONTH:   1.33    1 = FOG OR MIST
DPTR FM NORMAL:   1.1   DPTR FM NORMAL:   -2.05    2 = FOG REDUCING VISIBILITY
HIGHEST:    92 ON  5    GRTST 24HR  0.39 ON 10-11      TO 1/4 MILE OR LESS
LOWEST:     40 ON 19,14                            3 = THUNDER
                        SNOW, ICE PELLETS, HAIL    4 = ICE PELLETS
                        TOTAL MONTH:   0.0 INCH    5 = HAIL
                        GRTST 24HR     0.0         6 = FREEZING RAIN OR DRIZZLE
                        GRTST DEPTH:   0           7 = DUSTSTORM OR SANDSTORM:
                                                       VSBY 1/2 MILE OR LESS
                                                   8 = SMOKE OR HAZE
[NO. OF DAYS WITH]      [WEATHER - DAYS WITH]      9 = BLOWING SNOW
                                                   X = TORNADO
MAX 32 OR BELOW:   0    0.01 INCH OR MORE:  11
MAX 90 OR ABOVE:   1    0.10 INCH OR MORE:   5
MIN 32 OR BELOW:   0    0.50 INCH OR MORE:   0
MIN  0 OR BELOW:   0    1.00 INCH OR MORE:   0

[HDD (BASE 65) ]
TOTAL THIS MO.   124    CLEAR  (SCALE 0-3)   7
DPTR FM NORMAL   -23    PTCLDY (SCALE 4-7)  17
TOTAL FM JUL 1   149    CLOUDY (SCALE 8-10)  6
DPTR FM NORMAL   -32

[CDD (BASE 65) ]
TOTAL THIS MO.    68
DPTR FM NORMAL    18    [PRESSURE DATA]
TOTAL FM JAN 1   532    HIGHEST SLP 30.55 ON 24
DPTR FM NORMAL    -2    LOWEST  SLP 29.56 ON 21

[REMARKS]
#FINAL-09-14#
