000
CXUS51 KBUF 271205
CF6ROC
PRELIMINARY LOCAL CLIMATOLOGICAL DATA (WS FORM: F-6)

                                          STATION:   ROCHESTER NY
                                          MONTH:     MARCH
                                          YEAR:      2017
                                          LATITUDE:   43  7 N
                                          LONGITUDE:  77 40 W

  TEMPERATURE IN F:       :PCPN:    SNOW:  WIND      :SUNSHINE: SKY     :PK WND
================================================================================
1   2   3   4   5  6A  6B    7    8   9   10  11  12  13   14  15   16   17  18
                                     12Z  AVG MX 2MIN
DY MAX MIN AVG DEP HDD CDD  WTR  SNW DPTH SPD SPD DIR MIN PSBL S-S WX    SPD DR
================================================================================

 1  66  41  54  25  11   0 0.06  0.0    0 17.1 49 260   M    M   9 3      64 250
 2  41  22  32   2  33   0 0.01  0.4    T 20.6 39 290   M    M   7 9      52 290
 3  30  17  24  -6  41   0    T  0.7    T 13.5 32 320   M    M   8        42 330
 4  18   6  12 -18  53   0 0.04  1.9    2  8.3 21 350   M    M   8 1      28 320
 5  28   3  16 -14  49   0 0.00  0.0    0  7.8 16 130   M    M   3        20 130
 6  59  24  42  11  23   0    T  0.0    0  7.5 15 210   M    M   9        19 210
 7  61  45  53  22  12   0 0.55  0.0    0 13.0 25 220   M    M  10 1      35 220
 8  54  38  46  15  19   0 0.01  0.0    0 19.9 60 260   M    M   5        81 250
 9  42  33  38   6  27   0    T    T    0 15.8 28 280   M    M   9        37 280
10  33  15  24  -8  41   0    T  0.4    0 15.5 30 300   M    M   9 8      41 300
11  19  12  16 -16  49   0 0.04  1.5    T 11.4 26 320   M    M  10 89     33 320
12  22  12  17 -16  48   0    T  0.3    1 10.9 23 330   M    M   6 8      29 340
13  21  13  17 -16  48   0 0.02  0.4    T  8.1 17  60   M    M   9 1      21  60
14  24  18  21 -12  44   0 0.96 16.2    2 15.6 29  40   M    M  10 19     36  30
15  26  16  21 -13  44   0 0.70  9.9   22 17.2 31 310   M    M  10 9      41 340
16  33  14  24 -10  41   0 0.00  0.0   15 14.2 28 270   M    M   4 8      35 260
17  42  18  30  -4  35   0 0.00  0.0   13  7.9 13 270   M    M   3        17 270
18  35  25  30  -5  35   0 0.08  1.1   11  9.1 18 130   M    M   9 18     22 140
19  39  26  33  -2  32   0    T    T   10  5.6 12  30   M    M   8 1      15  10
20  41  20  31  -5  34   0 0.00  0.0    8  4.1 12 230   M    M   8 1      13 240
21  50  33  42   6  23   0    T    T    5 10.8 28 320   M    M   7        39 320
22  33  19  26 -10  39   0    T  0.1    3 13.2 26 350   M    M   4        36 320
23  39  15  27 -10  38   0 0.00  0.0    2  5.3 14 140   M    M   3 8      19 140
24  61  34  48  11  17   0 0.15    M    1 10.0 24 270   M    M  10 1      35 270
25  41  35  38   0  27   0 0.44  0.0    T 10.8 17  40   M    M   9 1      22  60
26  54  35  45   7  20   0 0.04  0.0    0 12.1 22 180   M    M   8        29 160
================================================================================
SM 1012  589       883   0  3.10    32.9 305.3          M      195
================================================================================
AV 38.9 22.7                              11.7 FASTST   M    M   8    MAX(MPH)
                                 MISC ---->  # 60 260               # 81  250
================================================================================
NOTES:
# LAST OF SEVERAL OCCURRENCES

COLUMN 17 PEAK WIND IN M.P.H.

PRELIMINARY LOCAL CLIMATOLOGICAL DATA (WS FORM: F-6) , PAGE 2

                                          STATION:  ROCHESTER NY
                                          MONTH:    MARCH
                                          YEAR:     2017
                                          LATITUDE:   43  7 N
                                          LONGITUDE:  77 40 W

[TEMPERATURE DATA]      [PRECIPITATION DATA]       SYMBOLS USED IN COLUMN 16

AVERAGE MONTHLY: 30.8   TOTAL FOR MONTH:   3.10    1 = FOG OR MIST
DPTR FM NORMAL:  -2.6   DPTR FM NORMAL:    1.02    2 = FOG REDUCING VISIBILITY
HIGHEST:    66 ON  1    GRTST 24HR  0.96 ON 14-14      TO 1/4 MILE OR LESS
LOWEST:      3 ON  5                               3 = THUNDER
                        SNOW, ICE PELLETS, HAIL    4 = ICE PELLETS
                        TOTAL MONTH:  32.9 INCHES  5 = HAIL
                        GRTST 24HR  16.2 ON   M    6 = FREEZING RAIN OR DRIZZLE
                        GRTST DEPTH:  22 ON 15     7 = DUSTSTORM OR SANDSTORM:
                                                       VSBY 1/2 MILE OR LESS
                                                   8 = SMOKE OR HAZE
[NO. OF DAYS WITH]      [WEATHER - DAYS WITH]      9 = BLOWING SNOW
                                                   X = TORNADO
MAX 32 OR BELOW:   8    0.01 INCH OR MORE:  13
MAX 90 OR ABOVE:   0    0.10 INCH OR MORE:   5
MIN 32 OR BELOW:  18    0.50 INCH OR MORE:   3
MIN  0 OR BELOW:   0    1.00 INCH OR MORE:   0

[HDD (BASE 65) ]
TOTAL THIS MO.   883    CLEAR  (SCALE 0-3)   3
DPTR FM NORMAL    60    PTCLDY (SCALE 4-7)  10
TOTAL FM JUL 1  4751    CLOUDY (SCALE 8-10) 13
DPTR FM NORMAL  -858

[CDD (BASE 65) ]
TOTAL THIS MO.     0
DPTR FM NORMAL     0    [PRESSURE DATA]
TOTAL FM JAN 1     0    HIGHEST SLP M ON M
DPTR FM NORMAL     0    LOWEST  SLP 29.29 ON  1

[REMARKS]
