000
CXUS55 KABQ 011110
CF6ROW
PRELIMINARY LOCAL CLIMATOLOGICAL DATA (WS FORM: F-6)

                                          STATION:   ROSWELL NM
                                          MONTH:     AUGUST
                                          YEAR:      2015
                                          LATITUDE:   33 17 N
                                          LONGITUDE: 104 32 W

  TEMPERATURE IN F:       :PCPN:    SNOW:  WIND      :SUNSHINE: SKY     :PK WND
================================================================================
1   2   3   4   5  6A  6B    7    8   9   10  11  12  13   14  15   16   17  18
                                     12Z  AVG MX 2MIN
DY MAX MIN AVG DEP HDD CDD  WTR  SNW DPTH SPD SPD DIR MIN PSBL S-S WX    SPD DR
================================================================================

 1  99  71  85   5   0  20 0.00  0.0    0  7.8 23 240   M    M   2 3      30 250
 2  98  69  84   4   0  19 0.00  0.0    0  6.2 26 210   M    M   1 3      37 190
 3  96  68  82   2   0  17 0.03  0.0    0  7.8 32 230   M    M   1 3      41 230
 4 103  64  84   4   0  19 0.00  0.0    0  5.0 16  20   M    M   0        20  10
 5 106  67  87   7   0  22    T  0.0    0  5.5 25 240   M    M   0 3      33 240
 6 107  65  86   6   0  21 0.00  0.0    0  7.2 22 300   M    M   0 3      26 300
 7 104  66  85   5   0  20 0.00  0.0    0  7.9 20 150   M    M   0        25 150
 8 103  70  87   7   0  22 0.01  0.0    0  9.3 30 310   M    M   2 3      37 310
 9  99  70  85   5   0  20 0.56  0.0    0  5.8 47 260   M    M   1 3      58 260
10 101  69  85   6   0  20 0.08  0.0    0 11.0 38  90   M    M   2 3      46  80
11  96  66  81   2   0  16 0.00  0.0    0  7.6 18  10   M    M   1        24  10
12  99  69  84   5   0  19 0.00  0.0    0  5.5 16 200   M    M   0        27 140
13 104  66  85   6   0  20 0.00  0.0    0  4.0 12 300   M    M   0        16  90
14 104  67  86   7   0  21 0.00  0.0    0  7.9 20 150   M    M   0        27 150
15  99  73  86   7   0  21 0.00  0.0    0  6.0 16 150   M    M   1 3      20 160
16  95  70  83   4   0  18 0.04  0.0    0  8.7 20  10   M    M   4 3      32 150
17  95  69  82   3   0  17 0.00  0.0    0  8.4 18 150   M    M   1 3      26 190
18 101  72  87   8   0  22 0.00  0.0    0  8.0 16 100   M    M   0        21 190
19  84  67  76  -3   0  11 0.00  0.0    0 13.8 31 350   M    M   3        40 350
20  92  66  79   0   0  14    T  0.0    0 11.2 28 160   M    M   5 3      36 310
21 101  69  85   7   0  20    T  0.0    0  8.1 35 240   M    M   0 3      49 240
22 102  68  85   7   0  20 0.00  0.0    0  8.3 20 240   M    M   0        25 240
23  89  69  79   1   0  14 0.01  0.0    0 12.4 36  10   M    M   2 38     44 360
24  90  66  78   0   0  13 0.00  0.0    0  7.0 15 180   M    M   1        20 170
25  97  67  82   4   0  17 0.00  0.0    0  5.9 18 150   M    M   0        26 160
26  97  66  82   4   0  17 0.00  0.0    0  6.4 17 140   M    M   0        27 160
27  97  64  81   3   0  16    T  0.0    0  5.4 33 300   M    M   1 3      43 300
28  95  67  81   4   0  16 0.08  0.0    0  9.7 23 260   M    M   1 13     29 270
29  91  64  78   1   0  13 0.03  0.0    0  6.0 21  60   M    M   2 3      25  70
30  92  60  76  -1   0  11 0.00  0.0    0  5.8 16 140   M    M   0        23 170
31  97  61  79   2   0  14 0.00  0.0    0 10.0 20 160   M    M   0        30 160
================================================================================
SM 3033 2085         0 550  0.84     0.0 239.6          M       31
================================================================================
AV 97.8 67.3                               7.7 FASTST   M    M   1    MAX(MPH)
                                 MISC ---->  # 47 260               # 58  260
================================================================================
NOTES:
# LAST OF SEVERAL OCCURRENCES

COLUMN 17 PEAK WIND IN M.P.H.

PRELIMINARY LOCAL CLIMATOLOGICAL DATA (WS FORM: F-6) , PAGE 2

                                          STATION:  ROSWELL NM
                                          MONTH:    AUGUST
                                          YEAR:     2015
                                          LATITUDE:   33 17 N
                                          LONGITUDE: 104 32 W

[TEMPERATURE DATA]      [PRECIPITATION DATA]       SYMBOLS USED IN COLUMN 16

AVERAGE MONTHLY: 82.5   TOTAL FOR MONTH:   0.84    1 = FOG OR MIST
DPTR FM NORMAL:   3.8   DPTR FM NORMAL:   -1.13    2 = FOG REDUCING VISIBILITY
HIGHEST:   107 ON  6    GRTST 24HR  0.57 ON  8- 9      TO 1/4 MILE OR LESS
LOWEST:     60 ON 30                               3 = THUNDER
                        SNOW, ICE PELLETS, HAIL    4 = ICE PELLETS
                        TOTAL MONTH:   0.0 INCH    5 = HAIL
                        GRTST 24HR     0.0         6 = FREEZING RAIN OR DRIZZLE
                        GRTST DEPTH:   0           7 = DUSTSTORM OR SANDSTORM:
                                                       VSBY 1/2 MILE OR LESS
                                                   8 = SMOKE OR HAZE
[NO. OF DAYS WITH]      [WEATHER - DAYS WITH]      9 = BLOWING SNOW
                                                   X = TORNADO
MAX 32 OR BELOW:   0    0.01 INCH OR MORE:   8
MAX 90 OR ABOVE:  29    0.10 INCH OR MORE:   1
MIN 32 OR BELOW:   0    0.50 INCH OR MORE:   1
MIN  0 OR BELOW:   0    1.00 INCH OR MORE:   0

[HDD (BASE 65) ]
TOTAL THIS MO.     0    CLEAR  (SCALE 0-3)  28
DPTR FM NORMAL     0    PTCLDY (SCALE 4-7)   3
TOTAL FM JUL 1     0    CLOUDY (SCALE 8-10)  0
DPTR FM NORMAL     0

[CDD (BASE 65) ]
TOTAL THIS MO.   550
DPTR FM NORMAL   124    [PRESSURE DATA]
TOTAL FM JAN 1  1612    HIGHEST SLP 30.22 ON 23
DPTR FM NORMAL    88    LOWEST  SLP 29.70 ON 22

[REMARKS]
#FINAL-08-15#
