000
CXUS55 KABQ 311000
CF6ROW
PRELIMINARY LOCAL CLIMATOLOGICAL DATA (WS FORM: F-6)

                                          STATION:   ROSWELL NM
                                          MONTH:     AUGUST
                                          YEAR:      2014
                                          LATITUDE:   33 17 N
                                          LONGITUDE: 104 32 W

  TEMPERATURE IN F:       :PCPN:    SNOW:  WIND      :SUNSHINE: SKY     :PK WND
================================================================================
1   2   3   4   5  6A  6B    7    8   9   10  11  12  13   14  15   16   17  18
                                     12Z  AVG MX 2MIN
DY MAX MIN AVG DEP HDD CDD  WTR  SNW DPTH SPD SPD DIR MIN PSBL S-S WX    SPD DR
================================================================================

 1  77  66  72  -8   0   7 0.29  0.0    0  6.8 20 310   M    M   9 1      24 310
 2  80  68  74  -6   0   9    T  0.0    0  4.8 14 160   M    M  10        17 160
 3  88  69  79  -1   0  14 0.00  0.0    0  4.5 14 140   M    M   7        17 120
 4  91  65  78  -2   0  13 0.00  0.0    0  6.9 18 340   M    M   0        21 350
 5  92  68  80   0   0  15 0.00  0.0    0  6.2 15 140   M    M   2        22 150
 6  98  65  82   2   0  17 0.00  0.0    0  5.5 17 230   M    M   0        21 230
 7  97  69  83   3   0  18 0.01  0.0    0  8.4 28 210   M    M   1 3      37 210
 8  88  68  78  -2   0  13    T  0.0    0  5.0 13 310   M    M   3        16 310
 9  90  72  81   1   0  16    T  0.0    0  6.1 23 240   M    M   3        27 240
10  90  67  79   0   0  14 0.40  0.0    0  9.1 35 160   M    M   2 13     48 150
11  86  65  76  -3   0  11 1.52  0.0    0  6.8 28  20   M    M   3 13     32  20
12  89  68  79   0   0  14 0.00  0.0    0  4.7 16 150   M    M   3        20 150
13  92  67  80   1   0  15 0.00  0.0    0  7.0 17 130   M    M   2        23 140
14  91  68  80   1   0  15 0.12  0.0    0  8.4 32 220   M    M   2 3      39 230
15  93  67  80   1   0  15    T  0.0    0  5.7 23 250   M    M   2 3      27 250
16  95  66  81   2   0  16 0.02  0.0    0  6.1 26 350   M    M   1 3      34 360
17  92  65  79   0   0  14    T  0.0    0  4.5 22 140   M    M   0        29 230
18  93  66  80   1   0  15 0.00  0.0    0  4.1  9 140   M    M   0        12 140
19  96  65  81   2   0  16 0.00  0.0    0  4.2 13 130   M    M   1        16 130
20  95  66  81   2   0  16 0.00  0.0    0  6.6 20 310   M    M   2        25 310
21  97  65  81   3   0  16 0.00  0.0    0  7.7 20 160   M    M   1        26 160
22  93  72  83   5   0  18    T  0.0    0 11.1 26 220   M    M   1 3      32 230
23  95  65  80   2   0  15 0.00  0.0    0  7.3 22 170   M    M   1        28 180
24  97  62  80   2   0  15 0.00  0.0    0  6.5 24 180   M    M   1 3      31 180
25  95  69  82   4   0  17 0.10  0.0    0  8.5 25 120   M    M   1 3      35 130
26  90  67  79   1   0  14 0.07  0.0    0  5.3 25 250   M    M   3 13     31 250
27  88  68  78   0   0  13    T  0.0    0  6.0 13 360   M    M   3        16 190
28  94  66  80   3   0  15 0.00  0.0    0  5.2 15  90   M    M   1        21 360
29  92  67  80   3   0  15 0.00  0.0    0  7.2 20 360   M    M   0        24 350
30  96  64  80   3   0  15 0.00  0.0    0  7.4 17 140   M    M   0        24 150
================================================================================
SM 2750 2005         0 436  2.53     0.0 193.6          M       65
================================================================================
AV 91.7 66.8                               6.5 FASTST   M    M   2    MAX(MPH)
                                 MISC ---->  # 35 160               # 48  150
================================================================================
NOTES:
# LAST OF SEVERAL OCCURRENCES

COLUMN 17 PEAK WIND IN M.P.H.

PRELIMINARY LOCAL CLIMATOLOGICAL DATA (WS FORM: F-6) , PAGE 2

                                          STATION:  ROSWELL NM
                                          MONTH:    AUGUST
                                          YEAR:     2014
                                          LATITUDE:   33 17 N
                                          LONGITUDE: 104 32 W

[TEMPERATURE DATA]      [PRECIPITATION DATA]       SYMBOLS USED IN COLUMN 16

AVERAGE MONTHLY: 79.2   TOTAL FOR MONTH:   2.53    1 = FOG OR MIST
DPTR FM NORMAL:   0.4   DPTR FM NORMAL:    0.61    2 = FOG REDUCING VISIBILITY
HIGHEST:    98 ON  6    GRTST 24HR  1.92 ON 10-11      TO 1/4 MILE OR LESS
LOWEST:     62 ON 24                               3 = THUNDER
                        SNOW, ICE PELLETS, HAIL    4 = ICE PELLETS
                        TOTAL MONTH:   0.0 INCH    5 = HAIL
                        GRTST 24HR     0.0         6 = FREEZING RAIN OR DRIZZLE
                        GRTST DEPTH:   0           7 = DUSTSTORM OR SANDSTORM:
                                                       VSBY 1/2 MILE OR LESS
                                                   8 = SMOKE OR HAZE
[NO. OF DAYS WITH]      [WEATHER - DAYS WITH]      9 = BLOWING SNOW
                                                   X = TORNADO
MAX 32 OR BELOW:   0    0.01 INCH OR MORE:   8
MAX 90 OR ABOVE:  23    0.10 INCH OR MORE:   5
MIN 32 OR BELOW:   0    0.50 INCH OR MORE:   1
MIN  0 OR BELOW:   0    1.00 INCH OR MORE:   1

[HDD (BASE 65) ]
TOTAL THIS MO.     0    CLEAR  (SCALE 0-3)  25
DPTR FM NORMAL     0    PTCLDY (SCALE 4-7)   3
TOTAL FM JUL 1     0    CLOUDY (SCALE 8-10)  2
DPTR FM NORMAL     0

[CDD (BASE 65) ]
TOTAL THIS MO.   436
DPTR FM NORMAL    21    [PRESSURE DATA]
TOTAL FM JAN 1  1668    HIGHEST SLP M ON M
DPTR FM NORMAL   155    LOWEST  SLP 29.67 ON 19

[REMARKS]
