000
CXUS54 KLZK 020711
CF6RUE
PRELIMINARY LOCAL CLIMATOLOGICAL DATA (WS FORM: F-6)

                                          STATION:   Russellville
                                          MONTH:     JULY
                                          YEAR:      2014
                                          LATITUDE:   35 15 N
                                          LONGITUDE:  93  6 W

  TEMPERATURE IN F:       :PCPN:    SNOW:  WIND      :SUNSHINE: SKY     :PK WND
================================================================================
1   2   3   4   5  6A  6B    7    8   9   10  11  12  13   14  15   16   17  18
                                     12Z  AVG MX 2MIN
DY MAX MIN AVG DEP HDD CDD  WTR  SNW DPTH SPD SPD DIR MIN PSBL S-S WX    SPD DR
================================================================================

 1  93  69  81   0   0  16 1.03    M    M  2.5 17 350   M    M   4 13     41 310
 2  90  66  78  -3   0  13    T    M    M  3.8 14 290   M    M   1 3      18 280
 3  84  60  72  -9   0   7 0.00    M    M  2.2  9  40   M    M   0        13  20
 4  84  62  73  -8   0   8 0.00    M    M  1.2  8 100   M    M   1        13  80
 5  86  62  74  -7   0   9 0.00    M    M  1.1  6 100   M    M   0 1      12 200
 6  88  66  77  -4   0  12 0.00    M    M  1.2  7 190   M    M   1 1      10 150
 7  88  69  79  -2   0  14 0.79    M    M  2.1 13 250   M    M   1 13     20 340
 8  94  72  83   2   0  18 1.75    M    M  2.4  7  40   M    M   4 13      M  M
 9  86  72  79  -2   0  14 0.00    M    M  1.2  7 320   M    M   5 1      10 180
10  87  69  78  -4   0  13 0.46    M    M  2.5 32 280   M    M   3 138    44 280
11  91  70  81  -1   0  16    T    M    M  1.2  6 200   M    M   3 1      10 120
12  94  73  84   2   0  19 0.00    M    M  0.7  7 200   M    M   0 1      11 300
13  94  72  83   1   0  18 0.00    M    M  1.5  8 210   M    M   0 1      12 200
14  95  74  85   3   0  20 0.00    M    M  3.8 15 320   M    M   1 1      22 310
15  83  63  73  -9   0   8 0.00    M    M  5.0 14  30   M    M   2        19 360
16  81  58  70 -12   0   5 0.01    M    M  1.4  7 220   M    M   2         9 210
17  71  61  66 -16   0   1 0.48    M    M  1.5  7 160   M    M  10 1      12 130
18  75  61  68 -14   0   3 0.13    M    M  3.4 10  60   M    M  10 1      14  60
19  81  61  71 -11   0   6 0.00    M    M  1.3  7  20   M    M   5 1       9  20
20  83  62  73  -9   0   8 0.00    M    M  0.8  6  80   M    M   4 12     11 140
21  87  63  75  -7   0  10 0.00    M    M  1.1  6 210   M    M   2 12      9 130
22  89  66  78  -4   0  13 0.00    M    M  1.0  6 170   M    M   0 1       9 230
23  93  70  82   0   0  17 1.81    M    M  3.0 30  40   M    M   6 138    38  30
24  86  69  78  -4   0  13 0.00    M    M  1.4  8  90   M    M   6 1      12 100
25  89  67  78  -4   0  13 0.00    M    M  2.1  8 220   M    M   3 1      13 200
26  94  72  83   1   0  18 0.00    M    M  2.0  9 210   M    M   0 18     16 220
27  95  73  84   2   0  19 0.00    M    M  2.6 10 300   M    M   1 18     14 300
28  90  68  79  -3   0  14 0.00    M    M  3.8 12  10   M    M   0 8      16 320
29  85  63  74  -8   0   9 0.00    M    M  1.5  7 200   M    M   2        11 150
30  78  67  73  -9   0   8 0.31    M    M  1.6  8 240   M    M   7 1      11 220
31  74  66  70 -12   0   5 0.26    M    M  1.0  7 190   M    M  10 1      12 200
================================================================================
SM 2688 2066         0 367  7.03    M     61.9          M       94
================================================================================
AV 86.7 66.6                               2.0 FASTST   M    M   3    MAX(MPH)
                                 MISC ---->  # 32 280               # 44  280
================================================================================
NOTES:
# LAST OF SEVERAL OCCURRENCES

COLUMN 17 PEAK WIND IN M.P.H.

PRELIMINARY LOCAL CLIMATOLOGICAL DATA (WS FORM: F-6) , PAGE 2

                                          STATION:  Russellville
                                          MONTH:    JULY
                                          YEAR:     2014
                                          LATITUDE:   35 15 N
                                          LONGITUDE:  93  6 W

[TEMPERATURE DATA]      [PRECIPITATION DATA]       SYMBOLS USED IN COLUMN 16

AVERAGE MONTHLY: 76.7   TOTAL FOR MONTH:   7.03    1 = FOG OR MIST
DPTR FM NORMAL:  -4.9   DPTR FM NORMAL:    3.39    2 = FOG REDUCING VISIBILITY
HIGHEST:    95 ON 27,14 GRTST 24HR  1.81 ON 23-23      TO 1/4 MILE OR LESS
LOWEST:     58 ON 16                               3 = THUNDER
                        SNOW, ICE PELLETS, HAIL    4 = ICE PELLETS
                        TOTAL MONTH:    M          5 = HAIL
                        GRTST 24HR    M  ON   M    6 = FREEZING RAIN OR DRIZZLE
                        GRTST DEPTH:  M  ON   M    7 = DUSTSTORM OR SANDSTORM:
                                                       VSBY 1/2 MILE OR LESS
                                                   8 = SMOKE OR HAZE
[NO. OF DAYS WITH]      [WEATHER - DAYS WITH]      9 = BLOWING SNOW
                                                   X = TORNADO
MAX 32 OR BELOW:   0    0.01 INCH OR MORE:  10
MAX 90 OR ABOVE:  11    0.10 INCH OR MORE:   9
MIN 32 OR BELOW:   0    0.50 INCH OR MORE:   4
MIN  0 OR BELOW:   0    1.00 INCH OR MORE:   3

[HDD (BASE 65) ]
TOTAL THIS MO.     0    CLEAR  (SCALE 0-3)  19
DPTR FM NORMAL     0    PTCLDY (SCALE 4-7)   9
TOTAL FM JUL 1     0    CLOUDY (SCALE 8-10)  3
DPTR FM NORMAL     0

[CDD (BASE 65) ]
TOTAL THIS MO.   367
DPTR FM NORMAL  -146    [PRESSURE DATA]
TOTAL FM JAN 1   997    HIGHEST SLP 30.16 ON 29
DPTR FM NORMAL  -117    LOWEST  SLP 29.87 ON 23

[REMARKS]
#FINAL-07-14#
