000
CXUS53 KMPX 290700
CF6RWF
PRELIMINARY LOCAL CLIMATOLOGICAL DATA (WS FORM: F-6)

                                          STATION:   REDWOOD FALLS MN
                                          MONTH:     MARCH
                                          YEAR:      2015
                                          LATITUDE:   44 32 N
                                          LONGITUDE:  95  5 W

  TEMPERATURE IN F:       :PCPN:    SNOW:  WIND      :SUNSHINE: SKY     :PK WND
================================================================================
1   2   3   4   5  6A  6B    7    8   9   10  11  12  13   14  15   16   17  18
                                     12Z  AVG MX 2MIN
DY MAX MIN AVG DEP HDD CDD  WTR  SNW DPTH SPD SPD DIR MIN PSBL S-S WX    SPD DR
================================================================================

 1  31   6  19  -6  46   0    M    M    M 13.1 26 290   M    M   3        33 280
 2  28   2  15 -10  50   0    M    M    M 11.9 22 160   M    M   4        25 160
 3  27   5  16 -10  49   0    M    M    M 15.6 30 320   M    M   7 128    42 330
 4  11  -4   4 -22  61   0    M    M    M 11.0 23 300   M    M   2 8      32 300
 5  20 -11   5 -21  60   0    M    M    M 10.1 16 160   M    M   0        20 160
 6  37  12  25  -2  40   0    M    M    M  8.7 20 300   M    M   1        25 300
 7  44  28  36   9  29   0    M    M    M 10.8 20 290   M    M   2        27 340
 8  50  33  42  14  23   0    M    M    M 11.2 17 290   M    M   2        22 240
 9  59  32  46  18  19   0    M    M    M 10.3 22 250   M    M   4        28 230
10  63  34  49  20  16   0    M    M    M  9.9 21 340   M    M   0        28 330
11  57  29  43  14  22   0    M    M    M  9.0 18 160   M    M   0        24 140
12  67  38  53  23  12   0    M    M    M 16.2 25 170   M    M   0        31 170
13  58  35  47  17  18   0    M    M    M 12.6 23 320   M    M   0        31 330
14  63  32  48  18  17   0    M    M    M  8.4 13 180   M    M   0        16 300
15  75  42  59  28   6   0    M    M    M 13.5 24 210   M    M   0        32 210
16  64  34  49  18  16   0    M    M    M 11.8 26 360   M    M   1        36  10
17  46  23  35   3  30   0    M    M    M  7.4 16 290   M    M   0        21  10
18  39  31  35   3  30   0    M    M    M  5.2 15 130   M    M   9 1      20  90
19  57  32  45  12  20   0    M    M    M 12.7 24 190   M    M   8        32 180
20  69  30  50  17  15   0    M    M    M 12.6 32 290   M    M   1 18     41 280
21  43  26  35   1  30   0    M    M    M  8.1 14  30   M    M   1        19 330
22  35  28  32  -2  33   0    M    M    M 12.0 23  90   M    M   8 12     31  80
23  33  28  31  -4  34   0    M    M    M 11.3 23 140   M    M  10 1      26 140
24  34  30  32  -3  33   0    M    M    M 15.9 24 140   M    M  10 18     29 140
25  38  33  36   0  29   0    M    M    M 17.0 31 300   M    M   8 1      41 290
26  36  24  30  -6  35   0    M    M    M 10.2 18 330   M    M   3        24 330
27  37  18  28  -9  37   0    M    M    M  5.5 13 190   M    M   3        19 150
28   M   M   M   M   M   M    M    M    M   M   M   M   M    M   M         M  M
================================================================================
SM 1221  650       810   0    M     M    302.0          M       87
================================================================================
AV 45.2 24.1                              11.2 FASTST   M    M   3    MAX(MPH)
                                 MISC ---->  # 32 290               # 42  330
================================================================================
NOTES:
# LAST OF SEVERAL OCCURRENCES

COLUMN 17 PEAK WIND IN M.P.H.

PRELIMINARY LOCAL CLIMATOLOGICAL DATA (WS FORM: F-6) , PAGE 2

                                          STATION:  REDWOOD FALLS MN
                                          MONTH:    MARCH
                                          YEAR:     2015
                                          LATITUDE:   44 32 N
                                          LONGITUDE:  95  5 W

[TEMPERATURE DATA]      [PRECIPITATION DATA]       SYMBOLS USED IN COLUMN 16

AVERAGE MONTHLY: 34.6   TOTAL FOR MONTH:      M    1 = FOG OR MIST
DPTR FM NORMAL:   3.9   DPTR FM NORMAL:       M    2 = FOG REDUCING VISIBILITY
HIGHEST:    75 ON 15    GRTST 24HR    M  ON   M        TO 1/4 MILE OR LESS
LOWEST:    -11 ON  5                               3 = THUNDER
                        SNOW, ICE PELLETS, HAIL    4 = ICE PELLETS
                        TOTAL MONTH:    M          5 = HAIL
                        GRTST 24HR    M  ON   M    6 = FREEZING RAIN OR DRIZZLE
                        GRTST DEPTH:  M  ON   M    7 = DUSTSTORM OR SANDSTORM:
                                                       VSBY 1/2 MILE OR LESS
                                                   8 = SMOKE OR HAZE
[NO. OF DAYS WITH]      [WEATHER - DAYS WITH]      9 = BLOWING SNOW
                                                   X = TORNADO
MAX 32 OR BELOW:   5    0.01 INCH OR MORE:   0
MAX 90 OR ABOVE:   0    0.10 INCH OR MORE:   0
MIN 32 OR BELOW:  20    0.50 INCH OR MORE:   0
MIN  0 OR BELOW:   2    1.00 INCH OR MORE:   0

[HDD (BASE 65) ]
TOTAL THIS MO.   810    CLEAR  (SCALE 0-3)  18
DPTR FM NORMAL  -147    PTCLDY (SCALE 4-7)   5
TOTAL FM JUL 1  6673    CLOUDY (SCALE 8-10)  4
DPTR FM NORMAL  -304

[CDD (BASE 65) ]
TOTAL THIS MO.     0
DPTR FM NORMAL     0    [PRESSURE DATA]
TOTAL FM JAN 1     0    HIGHEST SLP M ON M
DPTR FM NORMAL     0    LOWEST  SLP 29.70 ON 16

[REMARKS]
