000
CXUS53 KMPX 270700
CF6RWF
PRELIMINARY LOCAL CLIMATOLOGICAL DATA (WS FORM: F-6)

                                          STATION:   REDWOOD FALLS MN
                                          MONTH:     FEBRUARY
                                          YEAR:      2015
                                          LATITUDE:   44 32 N
                                          LONGITUDE:  95  5 W

  TEMPERATURE IN F:       :PCPN:    SNOW:  WIND      :SUNSHINE: SKY     :PK WND
================================================================================
1   2   3   4   5  6A  6B    7    8   9   10  11  12  13   14  15   16   17  18
                                     12Z  AVG MX 2MIN
DY MAX MIN AVG DEP HDD CDD  WTR  SNW DPTH SPD SPD DIR MIN PSBL S-S WX    SPD DR
================================================================================

 1   M   M   M   M   M   M    M    M    M 11.7 15  20   M    M   9 1      27  20
 2   M   M   M   M   M   M    M    M    M 11.5 17 200   M    M   3        21 170
 3  16   9  13  -3  52   0    M    M    M  4.5 12 320   M    M   7 18     15 330
 4  13  -7   3 -13  62   0    M    M    M 10.5 20 290   M    M   2 1      26 310
 5  24 -10   7  -9  58   0    M    M    M 10.7 25 210   M    M   0        30 210
 6  30  12  21   4  44   0    M    M    M  8.0 16 150   M    M   2 1      18 150
 7  38  23  31  14  34   0    M    M    M  5.8 15 150   M    M   1 18     17 150
 8  32  28  30  13  35   0    M    M    M  5.9 10  30   M    M  10 168    13 360
 9  31  24  28  11  37   0    M    M    M  6.1 18 150   M    M  10        22 160
10  35  22  29  11  36   0    M    M    M 16.1 31 150   M    M  10 16     36 310
11  22   0  11  -7  54   0    M    M    M 18.7 29 340   M    M   7 8      43 330
12  17  -5   6 -12  59   0    M    M    M  9.0 18 180   M    M   2        24 180
13  31  16  24   5  41   0    M    M    M 13.9 23 320   M    M   7        32 320
14  16  -1   8 -11  57   0    M    M    M 11.9 25 350   M    M   3        37 340
15  15   4  10  -9  55   0    M    M    M 13.3 22 140   M    M  10        26 140
16  22  11  17  -3  48   0    M    M    M  9.8 22 320   M    M   8 8      27 320
17  13  -2   6 -14  59   0    M    M    M 15.4 26 300   M    M   6 8      33 330
18   4  -8  -2 -22  67   0    M    M    M 14.2 24 300   M    M   3 8      35 300
19  17  -9   4 -17  61   0    M    M    M  8.8 21 160   M    M   3        24 160
20  33  13  23   2  42   0    M    M    M 12.0 20 330   M    M   9 18     25 330
21  17   0   9 -12  56   0    M    M    M 13.6 23 320   M    M   5 8      34 340
22   1 -10  -4 -26  69   0    M    M    M 11.8 21 310   M    M   1        31 320
23  30  -9  11 -11  54   0    M    M    M 15.4 30 230   M    M   1        40 220
24  33  18  26   3  39   0    M    M    M 16.0 28 240   M    M   7        39 310
25  18  -1   9 -14  56   0    M    M    M 10.0 18 330   M    M   7 18     25 330
26   5  -9  -2 -25  67   0    M    M    M 11.4 18 340   M    M   2 8      26 350
================================================================================
SM  513  109      1242   0    M     M    296.0          M      135
================================================================================
AV 21.4  4.5                              11.4 FASTST   M    M   5    MAX(MPH)
                                 MISC ---->  # 31 150               # 43  330
================================================================================
NOTES:
# LAST OF SEVERAL OCCURRENCES

COLUMN 17 PEAK WIND IN M.P.H.

PRELIMINARY LOCAL CLIMATOLOGICAL DATA (WS FORM: F-6) , PAGE 2

                                          STATION:  REDWOOD FALLS MN
                                          MONTH:    FEBRUARY
                                          YEAR:     2015
                                          LATITUDE:   44 32 N
                                          LONGITUDE:  95  5 W

[TEMPERATURE DATA]      [PRECIPITATION DATA]       SYMBOLS USED IN COLUMN 16

AVERAGE MONTHLY: 13.0   TOTAL FOR MONTH:      M    1 = FOG OR MIST
DPTR FM NORMAL:  -6.1   DPTR FM NORMAL:       M    2 = FOG REDUCING VISIBILITY
HIGHEST:    38 ON  7    GRTST 24HR  0.05 ON  7- 8      TO 1/4 MILE OR LESS
LOWEST:    -10 ON 22, 5                            3 = THUNDER
                        SNOW, ICE PELLETS, HAIL    4 = ICE PELLETS
                        TOTAL MONTH:    M          5 = HAIL
                        GRTST 24HR    M  ON   M    6 = FREEZING RAIN OR DRIZZLE
                        GRTST DEPTH:  M  ON   M    7 = DUSTSTORM OR SANDSTORM:
                                                       VSBY 1/2 MILE OR LESS
                                                   8 = SMOKE OR HAZE
[NO. OF DAYS WITH]      [WEATHER - DAYS WITH]      9 = BLOWING SNOW
                                                   X = TORNADO
MAX 32 OR BELOW:  20    0.01 INCH OR MORE:   0
MAX 90 OR ABOVE:   0    0.10 INCH OR MORE:   0
MIN 32 OR BELOW:  24    0.50 INCH OR MORE:   0
MIN  0 OR BELOW:  13    1.00 INCH OR MORE:   0

[HDD (BASE 65) ]
TOTAL THIS MO.  1242    CLEAR  (SCALE 0-3)  12
DPTR FM NORMAL    47    PTCLDY (SCALE 4-7)   7
TOTAL FM JUL 1  5743    CLOUDY (SCALE 8-10)  7
DPTR FM NORMAL  -195

[CDD (BASE 65) ]
TOTAL THIS MO.     0
DPTR FM NORMAL     0    [PRESSURE DATA]
TOTAL FM JAN 1     0    HIGHEST SLP M ON M
DPTR FM NORMAL     0    LOWEST  SLP 29.54 ON  7

[REMARKS]
