000
CXUS55 KPIH 181200
CF6RXE

PRELIMINARY LOCAL CLIMATOLOGICAL DATA (WS FORM: F-6)

                                          STATION:   REXBURG ID
                                          MONTH:     DECEMBER
                                          YEAR:      2017
                                          LATITUDE:   43 49 N
                                          LONGITUDE: 111 48 W

  TEMPERATURE IN F:       :PCPN:    SNOW:  WIND      :SUNSHINE: SKY     :PK WND
================================================================================
1   2   3   4   5  6A  6B    7    8   9   10  11  12  13   14  15   16   17  18
                                     12Z  AVG MX 2MIN
DY MAX MIN AVG DEP HDD CDD  WTR  SNW DPTH SPD SPD DIR MIN PSBL S-S WX    SPD DR
================================================================================

 1  33  28  31   7  34   0 0.07    M    M  3.9 12 230   M    M   9 1      16 230
 2  40  25  33  10  32   0 0.00    M    M  2.5  7  90   M    M   5 1       8  90
 3  47  28  38  15  27   0 0.27    M    M  9.4 25 230   M    M   8 1      35 220
 4  30  19  25   3  40   0 0.00    M    M  9.1 15 210   M    M   5        24 330
 5  22  18  20  -2  45   0 0.00    M    M  6.1 21 210   M    M   9        28 200
 6  27   6  17  -5  48   0 0.00    M    M  2.6  8  60   M    M   2 12     10  50
 7  22   8  15  -7  50   0 0.00    M    M  3.1  8 240   M    M   9 1      10 230
 8  19   9  14  -8  51   0 0.00    M    M  2.9  9  70   M    M   8 12     11  60
 9  23   5  14  -7  51   0    T    M    M  1.6  7  70   M    M   4 12      8  90
10  32   5  19  -2  46   0 0.00    M    M  2.3  7  70   M    M   0         9  70
11  35   8  22   1  43   0 0.00    M    M  2.0  7  60   M    M   0 1       9  50
12  34   8  21   0  44   0 0.00    M    M  2.0  7  60   M    M   0         9  40
13  31  16  24   3  41   0    T    M    M  1.5  8 220   M    M   9 18     10 220
14  21  16  19  -1  46   0    T    M    M  1.8  8  50   M    M  10 12     10  60
15  26  16  21   1  44   0 0.00    M    M  0.4  5 300   M    M   5 1       6  70
16  24  21  23   3  42   0 0.09    M    M  5.1 12 230   M    M  10 1      14 220
17  22  17  20   0  45   0 0.00    M    M  4.0 12 210   M    M  10 12     15 190
================================================================================
SM  488  253       729   0  0.43    M     60.3          M      103
================================================================================
AV 28.7 14.9                               3.5 FASTST   M    M   6    MAX(MPH)
                                 MISC ---->  # 25 230               # 35  220
================================================================================
NOTES:
# LAST OF SEVERAL OCCURRENCES
PRECIPITATION SUSPECT DURING FREEZING/FROZEN EVENTS

COLUMN 17 PEAK WIND IN M.P.H.

PRELIMINARY LOCAL CLIMATOLOGICAL DATA (WS FORM: F-6) , PAGE 2

                                          STATION:  REXBURG ID
                                          MONTH:    DECEMBER
                                          YEAR:     2017
                                          LATITUDE:   43 49 N
                                          LONGITUDE: 111 48 W

[TEMPERATURE DATA]      [PRECIPITATION DATA]       SYMBOLS USED IN COLUMN 16

AVERAGE MONTHLY: 21.8   TOTAL FOR MONTH:   0.43    1 = FOG OR MIST
DPTR FM NORMAL:   0.3   DPTR FM NORMAL:   -0.02    2 = FOG REDUCING VISIBILITY
HIGHEST:    47 ON  3    GRTST 24HR  0.27 ON  3- 3      TO 1/4 MILE OR LESS
LOWEST:      5 ON 10, 9                            3 = THUNDER
                        SNOW, ICE PELLETS, HAIL    4 = ICE PELLETS
                        TOTAL MONTH:    M          5 = HAIL
                        GRTST 24HR    M  ON   M    6 = FREEZING RAIN OR DRIZZLE
                        GRTST DEPTH:  M  ON   M    7 = DUSTSTORM OR SANDSTORM:
                                                       VSBY 1/2 MILE OR LESS
                                                   8 = SMOKE OR HAZE
[NO. OF DAYS WITH]      [WEATHER - DAYS WITH]      9 = BLOWING SNOW
                                                   X = TORNADO
MAX 32 OR BELOW:  12    0.01 INCH OR MORE:   3
MAX 90 OR ABOVE:   0    0.10 INCH OR MORE:   1
MIN 32 OR BELOW:  17    0.50 INCH OR MORE:   0
MIN  0 OR BELOW:   0    1.00 INCH OR MORE:   0

[HDD (BASE 65) ]
TOTAL THIS MO.   729    CLEAR  (SCALE 0-3)   4
DPTR FM NORMAL   -11    PTCLDY (SCALE 4-7)   6
TOTAL FM JUL 1  2608    CLOUDY (SCALE 8-10)  7
DPTR FM NORMAL  -144

[CDD (BASE 65) ]
TOTAL THIS MO.     0
DPTR FM NORMAL     0    [PRESSURE DATA]
TOTAL FM JAN 1   347    HIGHEST SLP M ON M
DPTR FM NORMAL   139    LOWEST  SLP 29.59 ON  3

[REMARKS]
