000
CXUS54 KEWX 250910
CF6RYW
PRELIMINARY LOCAL CLIMATOLOGICAL DATA (WS FORM: F-6)

                                          STATION:   LAGO VISTA
                                          MONTH:     JANUARY
                                          YEAR:      2015
                                          LATITUDE:   30 30 N
                                          LONGITUDE:  97 58 W

  TEMPERATURE IN F:       :PCPN:    SNOW:  WIND      :SUNSHINE: SKY     :PK WND
================================================================================
1   2   3   4   5  6A  6B    7    8   9   10  11  12  13   14  15   16   17  18
                                     12Z  AVG MX 2MIN
DY MAX MIN AVG DEP HDD CDD  WTR  SNW DPTH SPD SPD DIR MIN PSBL S-S WX    SPD DR
================================================================================

 1  38  33  36   M  29   0    M    M    M  5.9 13  30   M    M  10 1      16  20
 2  40  37  39   M  26   0    M    M    M  5.9  9 280   M    M  10 13      M  M
 3  61  38  50   M  15   0    M    M    M  5.3 12 290   M    M   3 123    17 290
 4  52  32  42   M  23   0    M    M    M  8.9 14 350   M    M   0        23 360
 5  52  28  40   M  25   0    M    M    M  6.3 10 190   M    M   0        17 190
 6  70  40  55   M  10   0    M    M    M  6.2 13 210   M    M   0        17 250
 7  55  29  42   M  23   0    M    M    M 11.6 20  20   M    M   1 8      31 360
 8  35  20  28   M  37   0    M    M    M  5.4 12  20   M    M   4        18  20
 9  37  32  35   M  30   0    M    M    M  6.9 15  40   M    M  10        25  40
10  35  31  33   M  32   0    M    M    M  3.1  7  40   M    M  10 13      M  M
11  51  34  43   M  22   0    M    M    M  2.0  6 190   M    M  10 12      M  M
12  46  37  42   M  23   0    M    M    M  7.1 13  40   M    M  10 12     21 360
13  39  33  36   M  29   0    M    M    M  6.7 13 360   M    M  10 1      20 360
14  39  36  38   M  27   0    M    M    M  5.1  8  20   M    M  10 1       M  M
15  57  36  47   M  18   0    M    M    M  5.6 12 340   M    M   3 1       M  M
16  63  36  50   M  15   0    M    M    M  5.3  9 270   M    M   1         M  M
17  67  46  57   M   8   0    M    M    M  7.4 12  10   M    M   0        20  10
18  71  45  58   M   7   0    M    M    M  5.6 10  10   M    M   0        18  10
19  76  48  62   M   3   0    M    M    M  6.5  9 250   M    M   0        17 210
20  78  44  61   M   4   0    M    M    M  7.4 14  20   M    M   0        20  40
21  54  46  50   M  15   0    M    M    M 11.1 15  30   M    M   8 1      22  30
22  50  40  45   M  20   0    M    M    M 13.0 18  40   M    M  10        31  40
23  49  37  43   M  22   0    M    M    M  8.4 12 360   M    M   7        24 340
24  60  33  47   M  18   0 0.00  0.0    0  6.4 13 270   M    M   0        17 270
================================================================================
SM 1275  871       481   0  0.00     0.0 163.1          M      117
================================================================================
AV 53.1 36.3                               6.8 FASTST   M    M   5    MAX(MPH)
                                 MISC ---->    20   M                 31    M
================================================================================
NOTES:
# LAST OF SEVERAL OCCURRENCES

COLUMN 17 PEAK WIND IN M.P.H.

PRELIMINARY LOCAL CLIMATOLOGICAL DATA (WS FORM: F-6) , PAGE 2

                                          STATION:  LAGO VISTA
                                          MONTH:    JANUARY
                                          YEAR:     2015
                                          LATITUDE:   30 30 N
                                          LONGITUDE:  97 58 W

[TEMPERATURE DATA]      [PRECIPITATION DATA]       SYMBOLS USED IN COLUMN 16

AVERAGE MONTHLY: 44.7   TOTAL FOR MONTH:   0.00    1 = FOG OR MIST
DPTR FM NORMAL:     M   DPTR FM NORMAL:       M    2 = FOG REDUCING VISIBILITY
HIGHEST:    78 ON 20    GRTST 24HR  0.00 ON 24-24      TO 1/4 MILE OR LESS
LOWEST:     20 ON  8                               3 = THUNDER
                        SNOW, ICE PELLETS, HAIL    4 = ICE PELLETS
                        TOTAL MONTH:   0.0 INCH    5 = HAIL
                        GRTST 24HR     0.0         6 = FREEZING RAIN OR DRIZZLE
                        GRTST DEPTH:   0           7 = DUSTSTORM OR SANDSTORM:
                                                       VSBY 1/2 MILE OR LESS
                                                   8 = SMOKE OR HAZE
[NO. OF DAYS WITH]      [WEATHER - DAYS WITH]      9 = BLOWING SNOW
                                                   X = TORNADO
MAX 32 OR BELOW:   0    0.01 INCH OR MORE:   0
MAX 90 OR ABOVE:   0    0.10 INCH OR MORE:   0
MIN 32 OR BELOW:   6    0.50 INCH OR MORE:   0
MIN  0 OR BELOW:   0    1.00 INCH OR MORE:   0

[HDD (BASE 65) ]
TOTAL THIS MO.   481    CLEAR  (SCALE 0-3)  12
DPTR FM NORMAL     M    PTCLDY (SCALE 4-7)   3
TOTAL FM JUL 1  1104    CLOUDY (SCALE 8-10)  9
DPTR FM NORMAL     M

[CDD (BASE 65) ]
TOTAL THIS MO.     0
DPTR FM NORMAL     M    [PRESSURE DATA]
TOTAL FM JAN 1     0    HIGHEST SLP M ON M
DPTR FM NORMAL     M    LOWEST  SLP M ON M

[REMARKS]
