000
CXUS55 KTWC 300855
CF6SAD
PRELIMINARY LOCAL CLIMATOLOGICAL DATA (WS FORM: F-6)

                                          STATION:   SAFFORD AZ AIRPORT
                                          MONTH:     JUNE
                                          YEAR:      2015
                                          LATITUDE:   32 50 N
                                          LONGITUDE: 109 38 W

  TEMPERATURE IN F:       :PCPN:    SNOW:  WIND      :SUNSHINE: SKY     :PK WND
================================================================================
1   2   3   4   5  6A  6B    7    8   9   10  11  12  13   14  15   16   17  18
                                     12Z  AVG MX 2MIN
DY MAX MIN AVG DEP HDD CDD  WTR  SNW DPTH SPD SPD DIR MIN PSBL S-S WX    SPD DR
================================================================================

 1 104  65  85   6   0  20 0.00    M    0  7.9 29 310   M    M   3        38 320
 2 101  61  81   2   0  16 0.00  0.0    0  8.1 20 320   M    M   2        27 290
 3  99  62  81   2   0  16 0.00  0.0    0  8.0 18 300   M    M   3        23 300
 4  97  58  78  -2   0  13    T  0.0    0 10.9 33 290   M    M   1        42 290
 5  89  69  79  -1   0  14    T  0.0    0  9.6 23 140   M    M   3        33 150
 6  97  68  83   3   0  18 0.00  0.0    0  9.5 25 190   M    M   0        40 180
 7 100  65  83   3   0  18 0.00  0.0    0  8.1 20 310   M    M   0        26 310
 8 100  74  87   6   0  22 0.02  0.0    0  8.1 24 110   M    M   2        35 110
 9  92  67  80  -1   0  15 0.20  0.0    0  7.5 32 190   M    M   3 13     40 180
10  97  66  82   1   0  17 0.00  0.0    0  8.0 25 300   M    M   0        29 310
11  96  71  84   2   0  19 0.00  0.0    0 11.6 26 300   M    M   1        34 300
12  99  62  81  -1   0  16 0.00  0.0    0  6.5 15 330   M    M   0        20 310
13 101  64  83   1   0  18 0.00  0.0    0  7.9 22 310   M    M   0        27 310
14 103  67  85   3   0  20 0.00  0.0    0  7.6 24  30   M    M   0        28  30
15 106  69  88   5   0  23    T  0.0    0  7.1 41  60   M    M   0        51  90
16 102  77  90   7   0  25 0.00  0.0    0 11.8 39  40   M    M   0 3      49  40
17 108  68  88   5   0  23 0.00  0.0    0  9.0 20 290   M    M   0        27 280
18 109  69  89   5   0  24 0.00  0.0    0  9.3 25 290   M    M   0        32 290
19 109  73  91   7   0  26 0.00  0.0    0  8.8 23 310   M    M   0        26 290
20 109  67  88   4   0  23 0.00  0.0    0  9.1 22 300   M    M   0        30 340
21 107  74  91   7   0  26 0.00  0.0    0 17.4 26 290   M    M   0        37 280
22 109  77  93   9   0  28 0.00  0.0    0 16.6 26 310   M    M   0        35 320
23 108  78  93   8   0  28    T  0.0    0 10.9 31 110   M    M   0 3      42 130
24 102  74  88   3   0  23 0.08  0.0    0 10.5 45  70   M    M   0 38     61  60
25 102  68  85   0   0  20 0.05  0.0    0  6.9 24 110   M    M   1 3      29  30
26 106  71  89   4   0  24    T  0.0    0  8.1 33  70   M    M   0 3      40  60
27 103  71  87   1   0  22 0.21  0.0    0  9.9 35  30   M    M   1 3      48  30
28 100  67  84  -2   0  19 0.14  0.0    0  5.5 36  40   M    M   1 3      42  40
29 102  65  84  -2   0  19 0.00  0.0    0  5.5 20  70   M    M   0        24  80
================================================================================
SM 2957 1987         0 595  0.70     0.0 265.7          M       21
================================================================================
AV102.0 68.5                               9.2 FASTST   M    M   1    MAX(MPH)
                                 MISC ---->  # 45  70               # 61   60
================================================================================
NOTES:
# LAST OF SEVERAL OCCURRENCES

COLUMN 17 PEAK WIND IN M.P.H.

PRELIMINARY LOCAL CLIMATOLOGICAL DATA (WS FORM: F-6) , PAGE 2

                                          STATION:  SAFFORD AZ AIRPORT
                                          MONTH:    JUNE
                                          YEAR:     2015
                                          LATITUDE:   32 50 N
                                          LONGITUDE: 109 38 W

[TEMPERATURE DATA]      [PRECIPITATION DATA]       SYMBOLS USED IN COLUMN 16

AVERAGE MONTHLY: 85.2   TOTAL FOR MONTH:   0.70    1 = FOG OR MIST
DPTR FM NORMAL:   2.7   DPTR FM NORMAL:    0.29    2 = FOG REDUCING VISIBILITY
HIGHEST:   109 ON 22,20 GRTST 24HR  0.21 ON 27-27      TO 1/4 MILE OR LESS
LOWEST:     58 ON  4                               3 = THUNDER
                        SNOW, ICE PELLETS, HAIL    4 = ICE PELLETS
                        TOTAL MONTH:   0.0 INCH    5 = HAIL
                        GRTST 24HR     0.0         6 = FREEZING RAIN OR DRIZZLE
                        GRTST DEPTH:   0           7 = DUSTSTORM OR SANDSTORM:
                                                       VSBY 1/2 MILE OR LESS
                                                   8 = SMOKE OR HAZE
[NO. OF DAYS WITH]      [WEATHER - DAYS WITH]      9 = BLOWING SNOW
                                                   X = TORNADO
MAX 32 OR BELOW:   0    0.01 INCH OR MORE:   6
MAX 90 OR ABOVE:  28    0.10 INCH OR MORE:   3
MIN 32 OR BELOW:   0    0.50 INCH OR MORE:   0
MIN  0 OR BELOW:   0    1.00 INCH OR MORE:   0

[HDD (BASE 65) ]
TOTAL THIS MO.     0    CLEAR  (SCALE 0-3)  27
DPTR FM NORMAL     0    PTCLDY (SCALE 4-7)   2
TOTAL FM JUL 1  1718    CLOUDY (SCALE 8-10)  0
DPTR FM NORMAL  -548

[CDD (BASE 65) ]
TOTAL THIS MO.   595
DPTR FM NORMAL    84    [PRESSURE DATA]
TOTAL FM JAN 1   841    HIGHEST SLP M ON M
DPTR FM NORMAL   -27    LOWEST  SLP 29.55 ON 13

[REMARKS]
