000
CXUS52 KCHS 260715
CF6SAV
PRELIMINARY LOCAL CLIMATOLOGICAL DATA (WS FORM: F-6)

                                          STATION:   SAVANNAH GA
                                          MONTH:     MAY
                                          YEAR:      2015
                                          LATITUDE:   32  7 N
                                          LONGITUDE:  81 12 W

  TEMPERATURE IN F:       :PCPN:    SNOW:  WIND      :SUNSHINE: SKY     :PK WND
================================================================================
1   2   3   4   5  6A  6B    7    8   9   10  11  12  13   14  15   16   17  18
                                     12Z  AVG MX 2MIN
DY MAX MIN AVG DEP HDD CDD  WTR  SNW DPTH SPD SPD DIR MIN PSBL S-S WX    SPD DR
================================================================================

 1  74  53  64  -5   1   0 0.00  0.0    0  8.8 21 320   M    M   2        26 320
 2  78  49  64  -6   1   0 0.00  0.0    0  3.3 13 310   M    M   1        17 300
 3  81  55  68  -2   0   3 0.00  0.0    0  4.3 13 170   M    M   1        16 160
 4  81  54  68  -2   0   3 0.00  0.0    0  6.1 20 120   M    M   3 1      25 110
 5  80  57  69  -1   0   4 0.00  0.0    0  7.2 17  80   M    M   5        22  60
 6  82  60  71   0   0   6 0.00  0.0    0  7.1 12 100   M    M   7        18  50
 7  79  58  69  -2   0   4 0.66  0.0    0  9.9 26  10   M    M   7 1      36  10
 8  86  61  74   3   0   9 0.00  0.0    0  9.0 20  10   M    M   5        25  10
 9  83  64  74   2   0   9 0.00  0.0    0  6.5 22 350   M    M   6        28 360
10  90  64  77   5   0  12 0.00  0.0    0  6.3 13 260   M    M   3        17 330
11  92  68  80   8   0  15 0.05  0.0    0  7.2 33 240   M    M   3 13     39 250
12  92  70  81   9   0  16 0.26  0.0    0  7.2 20 270   M    M   4 138    24 310
13  88  67  78   5   0  13 0.00  0.0    0  4.6 15  90   M    M   5 1      26  70
14  83  62  73   0   0   8 0.00  0.0    0  8.7 21 130   M    M   7 12     23 100
15  82  68  75   2   0  10 0.00  0.0    0  7.7 15 110   M    M   6        21  90
16  82  64  73   0   0   8 0.00  0.0    0  5.8 15 100   M    M   3 1      22 120
17  85  61  73  -1   0   8 0.00  0.0    0  5.7 16 150   M    M   4 1      21 160
18  88  66  77   3   0  12 0.00  0.0    0  4.4 15 160   M    M   4 1      18 180
19  94  68  81   7   0  16 0.19  0.0    0  3.6 21  10   M    M   5 138    28 340
20  91  68  80   6   0  15 0.01  0.0    0  6.2 16 350   M    M   5 3      18 350
21  92  71  82   7   0  17 0.00  0.0    0 10.7 23 260   M    M   3        30 270
22  81  63  72  -3   0   7 0.00  0.0    0  7.2 14  60   M    M   5        21  50
23  82  59  71  -4   0   6 0.00  0.0    0  8.1 17 110   M    M   3 1      22  90
24  83  63  73  -3   0   8 0.00  0.0    0  9.9 21 110   M    M   6        25 110
25  85  74  80   4   0  15    T  0.0    0 10.6 18 110   M    M   8        23 100
================================================================================
SM 2114 1567         2 224  1.17     0.0 176.1          M      111
================================================================================
AV 84.6 62.7                               7.0 FASTST   M    M   4    MAX(MPH)
                                 MISC ---->  # 33 240               # 39  250
================================================================================
NOTES:
# LAST OF SEVERAL OCCURRENCES

COLUMN 17 PEAK WIND IN M.P.H.

PRELIMINARY LOCAL CLIMATOLOGICAL DATA (WS FORM: F-6) , PAGE 2

                                          STATION:  SAVANNAH GA
                                          MONTH:    MAY
                                          YEAR:     2015
                                          LATITUDE:   32  7 N
                                          LONGITUDE:  81 12 W

[TEMPERATURE DATA]      [PRECIPITATION DATA]       SYMBOLS USED IN COLUMN 16

AVERAGE MONTHLY: 73.6   TOTAL FOR MONTH:   1.17    1 = FOG OR MIST
DPTR FM NORMAL:   1.0   DPTR FM NORMAL:   -1.06    2 = FOG REDUCING VISIBILITY
HIGHEST:    94 ON 19    GRTST 24HR  0.66 ON  7- 7      TO 1/4 MILE OR LESS
LOWEST:     49 ON  2                               3 = THUNDER
                        SNOW, ICE PELLETS, HAIL    4 = ICE PELLETS
                        TOTAL MONTH:   0.0 INCH    5 = HAIL
                        GRTST 24HR     0.0         6 = FREEZING RAIN OR DRIZZLE
                        GRTST DEPTH:   0           7 = DUSTSTORM OR SANDSTORM:
                                                       VSBY 1/2 MILE OR LESS
                                                   8 = SMOKE OR HAZE
[NO. OF DAYS WITH]      [WEATHER - DAYS WITH]      9 = BLOWING SNOW
                                                   X = TORNADO
MAX 32 OR BELOW:   0    0.01 INCH OR MORE:   5
MAX 90 OR ABOVE:   6    0.10 INCH OR MORE:   3
MIN 32 OR BELOW:   0    0.50 INCH OR MORE:   1
MIN  0 OR BELOW:   0    1.00 INCH OR MORE:   0

[HDD (BASE 65) ]
TOTAL THIS MO.     2    CLEAR  (SCALE 0-3)   6
DPTR FM NORMAL    -4    PTCLDY (SCALE 4-7)  19
TOTAL FM JUL 1  1693    CLOUDY (SCALE 8-10)  0
DPTR FM NORMAL  -116

[CDD (BASE 65) ]
TOTAL THIS MO.   224
DPTR FM NORMAL    26    [PRESSURE DATA]
TOTAL FM JAN 1   466    HIGHEST SLP M ON M
DPTR FM NORMAL   132    LOWEST  SLP 29.77 ON  1

[REMARKS]
