000
CXUS53 KMKX 190655
CF6SBM
PRELIMINARY LOCAL CLIMATOLOGICAL DATA (WS FORM: F-6)

                                          STATION:   SHEBOYGAN WI
                                          MONTH:     JANUARY
                                          YEAR:      2018
                                          LATITUDE:   43 46 N
                                          LONGITUDE:  87 51 W

  TEMPERATURE IN F:       :PCPN:    SNOW:  WIND      :SUNSHINE: SKY     :PK WND
================================================================================
1   2   3   4   5  6A  6B    7    8   9   10  11  12  13   14  15   16   17  18
                                     12Z  AVG MX 2MIN
DY MAX MIN AVG DEP HDD CDD  WTR  SNW DPTH SPD SPD DIR MIN PSBL S-S WX    SPD DR
================================================================================

 1   4 -10  -3 -23  68   0 0.00  0.0    0 13.9 22 290   M    M   0        28 300
 2  14  -2   6 -14  59   0    T    M    0 16.1 26 240   M    M   0        34 230
 3  14   1   8 -12  57   0    T    M    0 10.8 20 250   M    M   8 1      25 330
 4   9  -4   3 -17  62   0    T    M    0  9.0 18 330   M    M   0        23 330
 5   8  -3   3 -16  62   0 0.00    M    M 10.7 20 340   M    M   0        26 330
 6  11  -5   3 -16  62   0 0.00    M    M  7.5 16 200   M    M   0        21 200
 7  31  11  21   2  44   0    T    M    M 15.0 23 220   M    M   9 1      30 220
 8  39  25  32  13  33   0    T    M    M 12.8 23 270   M    M   2 1      29 250
 9  37  22  30  11  35   0 0.00  0.0    0  6.9 17 180   M    M   5 1      22 160
10  44  32  38  19  27   0    T    M    0 12.7 24 170   M    M  10 1      29 180
11  52  24  38  19  27   0 0.12    M    0 12.8 25 210   M    M   9 1      31 200
12  24   7  16  -3  49   0    T    M    0 16.1 28 350   M    M   3        38 350
13  11   0   6 -13  59   0 0.00  0.0    0  8.7 17 340   M    M   0        23 350
14  20  -5   8 -11  57   0    T    M    0  9.2 18 180   M    M   4 1      24 180
15  24  16  20   1  45   0 0.10    M    0  7.8 18 180   M    M  10 1      24 180
16  21  -5   8 -11  57   0 0.01    M    0  9.8 18 350   M    M   4 1      22 350
17  21   2  12  -7  53   0 0.00    M    M 15.7 26 250   M    M   1 8      34 250
18  33  19  26   7  39   0 0.00    M    M 13.8 20 240   M    M   0        27 240
================================================================================
SM  417  125       895   0  0.23     0.0 209.3          M       65
================================================================================
AV 23.2  6.9                              11.6 FASTST   M    M   4    MAX(MPH)
                                 MISC ---->  # 28 350               # 38  350
================================================================================
NOTES:
# LAST OF SEVERAL OCCURRENCES

COLUMN 17 PEAK WIND IN M.P.H.

PRELIMINARY LOCAL CLIMATOLOGICAL DATA (WS FORM: F-6) , PAGE 2

                                          STATION:  SHEBOYGAN WI
                                          MONTH:    JANUARY
                                          YEAR:     2018
                                          LATITUDE:   43 46 N
                                          LONGITUDE:  87 51 W

[TEMPERATURE DATA]      [PRECIPITATION DATA]       SYMBOLS USED IN COLUMN 16

AVERAGE MONTHLY: 15.1   TOTAL FOR MONTH:   0.23    1 = FOG OR MIST
DPTR FM NORMAL:  -4.2   DPTR FM NORMAL:   -0.48    2 = FOG REDUCING VISIBILITY
HIGHEST:    52 ON 11    GRTST 24HR  0.12 ON 11-11      TO 1/4 MILE OR LESS
LOWEST:    -10 ON  1                               3 = THUNDER
                        SNOW, ICE PELLETS, HAIL    4 = ICE PELLETS
                        TOTAL MONTH:   0.0 INCH    5 = HAIL
                        GRTST 24HR     0.0         6 = FREEZING RAIN OR DRIZZLE
                        GRTST DEPTH:   0           7 = DUSTSTORM OR SANDSTORM:
                                                       VSBY 1/2 MILE OR LESS
                                                   8 = SMOKE OR HAZE
[NO. OF DAYS WITH]      [WEATHER - DAYS WITH]      9 = BLOWING SNOW
                                                   X = TORNADO
MAX 32 OR BELOW:  13    0.01 INCH OR MORE:   3
MAX 90 OR ABOVE:   0    0.10 INCH OR MORE:   2
MIN 32 OR BELOW:  18    0.50 INCH OR MORE:   0
MIN  0 OR BELOW:   8    1.00 INCH OR MORE:   0

[HDD (BASE 65) ]
TOTAL THIS MO.   895    CLEAR  (SCALE 0-3)   9
DPTR FM NORMAL    71    PTCLDY (SCALE 4-7)   5
TOTAL FM JUL 1  3713    CLOUDY (SCALE 8-10)  4
DPTR FM NORMAL   -31

[CDD (BASE 65) ]
TOTAL THIS MO.     0
DPTR FM NORMAL     0    [PRESSURE DATA]
TOTAL FM JAN 1     0    HIGHEST SLP M ON M
DPTR FM NORMAL     0    LOWEST  SLP 29.60 ON 11

[REMARKS]
