000
CXUS55 KLOX 191655
CF6SBP
PRELIMINARY LOCAL CLIMATOLOGICAL DATA (WS FORM: F-6)

                                          STATION:   SAN LUIS OBISPO AIRPORT CA
                                          MONTH:     FEBRUARY
                                          YEAR:      2018
                                          LATITUDE:   35 13 N
                                          LONGITUDE: 120 38 W

  TEMPERATURE IN F:       :PCPN:    SNOW:  WIND      :SUNSHINE: SKY     :PK WND
================================================================================
1   2   3   4   5  6A  6B    7    8   9   10  11  12  13   14  15   16   17  18
                                     12Z  AVG MX 2MIN
DY MAX MIN AVG DEP HDD CDD  WTR  SNW DPTH SPD SPD DIR MIN PSBL S-S WX    SPD DR
================================================================================

 1  83  50  67  14   0   2 0.00  0.0    0  5.3 18 340   M    M   0        22 340
 2  85  52  69  16   0   4 0.00  0.0    0  3.4 10 300   M    M   0        15 120
 3  86  45  66  13   0   1 0.00  0.0    0  2.8 13 310   M    M   0        15 310
 4  85  45  65  12   0   0 0.00  0.0    0  3.0 17 310   M    M   0        19 310
 5  87  45  66  13   0   1 0.00  0.0    0  5.4 18 320   M    M   0        23 320
 6  85  52  69  16   0   4 0.00  0.0    0  4.3 15 120   M    M   2 12     21  80
 7  79  45  62   9   3   0 0.00  0.0    0  3.5 14 300   M    M   2 128    17 140
 8  89  45  67  14   0   2 0.00  0.0    0  3.5 21 310   M    M   0 1      25 310
 9  88  50  69  16   0   4 0.00  0.0    0  5.6 22 310   M    M   0 8      26 310
10  74  43  59   6   6   0 0.00  0.0    0  6.8 24 310   M    M   0        28 320
11  69  41  55   2  10   0 0.00  0.0    0  5.8 22 310   M    M   1        25 310
12  61  39  50  -3  15   0    T    M    0  5.3 21 320   M    M   5        25 310
13  61  40  51  -2  14   0    T    M    0  2.2  9 200   M    M   8        20  30
14  70  42  56   3   9   0 0.00  0.0    0  5.4 22 310   M    M   4        27 320
15  70  42  56   3   9   0 0.00  0.0    0  6.4 22  30   M    M   0        28  40
16  77  43  60   7   5   0 0.00  0.0    0  5.6 24 310   M    M   0        28 310
17  75  41  58   5   7   0 0.00  0.0    0  4.5 16 260   M    M   0        19 150
18  64  36  50  -3  15   0 0.00  0.0    0  8.7 28 300   M    M   4        34 290
================================================================================
SM 1388  796        93  18    T      0.0  87.5          M       26
================================================================================
AV 77.1 44.2                               4.9 FASTST   M    M   1    MAX(MPH)
                                 MISC ---->    28   M                 34    M
================================================================================
NOTES:
# LAST OF SEVERAL OCCURRENCES

COLUMN 17 PEAK WIND IN M.P.H.

PRELIMINARY LOCAL CLIMATOLOGICAL DATA (WS FORM: F-6) , PAGE 2

                                          STATION:  SAN LUIS OBISPO AIRPORT CA
                                          MONTH:    FEBRUARY
                                          YEAR:     2018
                                          LATITUDE:   35 13 N
                                          LONGITUDE: 120 38 W

[TEMPERATURE DATA]      [PRECIPITATION DATA]       SYMBOLS USED IN COLUMN 16

AVERAGE MONTHLY: 60.7   TOTAL FOR MONTH:      T    1 = FOG OR MIST
DPTR FM NORMAL:   7.7   DPTR FM NORMAL:   -2.16    2 = FOG REDUCING VISIBILITY
HIGHEST:    89 ON  8    GRTST 24HR    T  ON 13-13      TO 1/4 MILE OR LESS
LOWEST:     36 ON 18                               3 = THUNDER
                        SNOW, ICE PELLETS, HAIL    4 = ICE PELLETS
                        TOTAL MONTH:   0.0 INCH    5 = HAIL
                        GRTST 24HR     0.0         6 = FREEZING RAIN OR DRIZZLE
                        GRTST DEPTH:   0           7 = DUSTSTORM OR SANDSTORM:
                                                       VSBY 1/2 MILE OR LESS
                                                   8 = SMOKE OR HAZE
[NO. OF DAYS WITH]      [WEATHER - DAYS WITH]      9 = BLOWING SNOW
                                                   X = TORNADO
MAX 32 OR BELOW:   0    0.01 INCH OR MORE:   0
MAX 90 OR ABOVE:   0    0.10 INCH OR MORE:   0
MIN 32 OR BELOW:   0    0.50 INCH OR MORE:   0
MIN  0 OR BELOW:   0    1.00 INCH OR MORE:   0

[HDD (BASE 65) ]
TOTAL THIS MO.    93    CLEAR  (SCALE 0-3)  14
DPTR FM NORMAL  -123    PTCLDY (SCALE 4-7)   3
TOTAL FM JUL 1   700    CLOUDY (SCALE 8-10)  1
DPTR FM NORMAL  -755

[CDD (BASE 65) ]
TOTAL THIS MO.    18
DPTR FM NORMAL    18    [PRESSURE DATA]
TOTAL FM JAN 1    24    HIGHEST SLP M ON M
DPTR FM NORMAL    24    LOWEST  SLP 29.77 ON 12

[REMARKS]
