000
CXUS51 KAKQ 011010
CF6SBY
PRELIMINARY LOCAL CLIMATOLOGICAL DATA (WS FORM: F-6)

                                          STATION:   SALISBURY MD
                                          MONTH:     SEPTEMBER
                                          YEAR:      2016
                                          LATITUDE:   38 20 N
                                          LONGITUDE:  75 30 W

  TEMPERATURE IN F:       :PCPN:    SNOW:  WIND      :SUNSHINE: SKY     :PK WND
================================================================================
1   2   3   4   5  6A  6B    7    8   9   10  11  12  13   14  15   16   17  18
                                     12Z  AVG MX 2MIN
DY MAX MIN AVG DEP HDD CDD  WTR  SNW DPTH SPD SPD DIR MIN PSBL S-S WX    SPD DR
================================================================================

 1  78  68  73   0   0   8 0.69  0.0    0  3.7 14 340   M    M   5 1      18 290
 2  79  63  71  -1   0   6 0.00  0.0    0  7.2 13  50   M    M   1 1      17  40
 3  73  67  70  -2   0   5 0.49  0.0    0 13.8 29  30   M    M   7 1      40  30
 4  77  63  70  -2   0   5    T  0.0    0  8.4 17  50   M    M   4        22  40
 5  77  60  69  -3   0   4 0.00  0.0    0  7.4 17 360   M    M   0        23 350
 6  86  66  76   4   0  11 0.00  0.0    0  8.9 23 320   M    M   1        30 340
 7  87  63  75   4   0  10 0.05  0.0    0  5.8 16 270   M    M   2        21 290
 8  91  71  81  10   0  16 0.00  0.0    0  6.3 15 230   M    M   1        20 220
 9  92  76  84  13   0  19 0.00  0.0    0  5.3 13 200   M    M   0        16 200
10  89  75  82  12   0  17 0.00  0.0    0  8.2 15 210   M    M   0        18 210
11  88  64  76   6   0  11 0.00  0.0    0  7.1 17 330   M    M   4 18     22 320
12  82  61  72   2   0   7 0.00  0.0    0  5.3 14  70   M    M   0        18  70
13  83  57  70   1   0   5 0.00  0.0    0  3.9 14 140   M    M   2 1      19 150
14  92  63  78   9   0  13 0.00  0.0    0  4.1 15  10   M    M   1 1      18  10
15  76  61  69   0   0   4 0.00  0.0    0  9.3 20  70   M    M   5 1      24  50
16  78  57  68   0   0   3 0.00  0.0    0  6.2 17  60   M    M   2        24  90
17  84  56  70   2   0   5 0.00  0.0    0  4.0 13 130   M    M   1        16 130
18  88  66  77   9   0  12    T  0.0    0  4.9 15 160   M    M   2 1      18 170
19  82  71  77  10   0  12 1.80  0.0    0  6.4 21 340   M    M   7 12     26  10
20  75  71  73   6   0   8 0.34  0.0    0  6.8 13  40   M    M   9 1      19  50
21  79  69  74   8   0   9 0.01  0.0    0  7.7 15  50   M    M   6 1      19  60
22  83  67  75   9   0  10 0.00  0.0    0  8.4 15  60   M    M   4        20  70
23  85  66  76  10   0  11 0.00  0.0    0  3.3  9 330   M    M   5 1      11  10
24  74  58  66   1   0   1    T  0.0    0  4.9 16  20   M    M   6 12     20  30
25  74  52  63  -2   2   0 0.00  0.0    0  3.2 12  20   M    M   2 12     17  30
26  75  50  63  -1   2   0 0.02  0.0    0  4.3 16 120   M    M   4 1      20 110
27  71  65  68   4   0   3 1.19  0.0    0  4.6 16 240   M    M   9 1      22 220
28  73  65  69   5   0   4 0.86  0.0    0 10.2 31  50   M    M   9 1      37  40
29  70  66  68   5   0   3 5.09  0.0    0 16.5 28  70   M    M  10 1      40  50
30  72  68  70   7   0   5 2.32  0.0    0 10.7 23  40   M    M  10 1      36  30
================================================================================
SM 2413 1925         4 227 12.86     0.0 206.8          M      119
================================================================================
AV 80.4 64.2                               6.9 FASTST   M    M   4    MAX(MPH)
                                 MISC ---->  # 31  50               # 40   30
================================================================================
NOTES:
# LAST OF SEVERAL OCCURRENCES

COLUMN 17 PEAK WIND IN M.P.H.

PRELIMINARY LOCAL CLIMATOLOGICAL DATA (WS FORM: F-6) , PAGE 2

                                          STATION:  SALISBURY MD
                                          MONTH:    SEPTEMBER
                                          YEAR:     2016
                                          LATITUDE:   38 20 N
                                          LONGITUDE:  75 30 W

[TEMPERATURE DATA]      [PRECIPITATION DATA]       SYMBOLS USED IN COLUMN 16

AVERAGE MONTHLY: 72.3   TOTAL FOR MONTH:  12.86    1 = FOG OR MIST
DPTR FM NORMAL:   4.1   DPTR FM NORMAL:    8.88    2 = FOG REDUCING VISIBILITY
HIGHEST:    92 ON 14, 9 GRTST 24HR  5.32 ON 28-29      TO 1/4 MILE OR LESS
LOWEST:     50 ON 26                               3 = THUNDER
                        SNOW, ICE PELLETS, HAIL    4 = ICE PELLETS
                        TOTAL MONTH:   0.0 INCH    5 = HAIL
                        GRTST 24HR     0.0         6 = FREEZING RAIN OR DRIZZLE
                        GRTST DEPTH:   0           7 = DUSTSTORM OR SANDSTORM:
                                                       VSBY 1/2 MILE OR LESS
                                                   8 = SMOKE OR HAZE
[NO. OF DAYS WITH]      [WEATHER - DAYS WITH]      9 = BLOWING SNOW
                                                   X = TORNADO
MAX 32 OR BELOW:   0    0.01 INCH OR MORE:  11
MAX 90 OR ABOVE:   3    0.10 INCH OR MORE:   8
MIN 32 OR BELOW:   0    0.50 INCH OR MORE:   6
MIN  0 OR BELOW:   0    1.00 INCH OR MORE:   4

[HDD (BASE 65) ]
TOTAL THIS MO.     4    CLEAR  (SCALE 0-3)  14
DPTR FM NORMAL   -42    PTCLDY (SCALE 4-7)  11
TOTAL FM JUL 1     4    CLOUDY (SCALE 8-10)  5
DPTR FM NORMAL   -44

[CDD (BASE 65) ]
TOTAL THIS MO.   227
DPTR FM NORMAL    85    [PRESSURE DATA]
TOTAL FM JAN 1  1416    HIGHEST SLP 30.29 ON 16
DPTR FM NORMAL   291    LOWEST  SLP 29.84 ON  1

[REMARKS]
#FINAL-09-16#
