000
CXUS53 KLMK 011115
CF6SDF
PRELIMINARY LOCAL CLIMATOLOGICAL DATA (WS FORM: F-6)

                                          STATION:   LOUISVILLE KY
                                          MONTH:     JANUARY
                                          YEAR:      2015
                                          LATITUDE:   38 10 N
                                          LONGITUDE:  85 44 W

  TEMPERATURE IN F:       :PCPN:    SNOW:  WIND      :SUNSHINE: SKY     :PK WND
================================================================================
1   2   3   4   5  6A  6B    7    8   9   10  11  12  13   14  15   16   17  18
                                     12Z  AVG MX 2MIN
DY MAX MIN AVG DEP HDD CDD  WTR  SNW DPTH SPD SPD DIR MIN PSBL S-S WX    SPD DR
================================================================================

 1  41  23  32  -3  33   0 0.00  0.0    0  9.2 21 230   M    M   9        25 240
 2  39  35  37   2  28   0 0.01  0.0    0  4.8 12 220   M    M  10 18     16 210
 3  63  38  51  16  14   0 0.29  0.0    0  9.7 28 180   M    M   9 13     42 190
 4  62  24  43   8  22   0 0.08  0.0    0 17.5 28 250   M    M  10 1      37 240
 5  27  16  22 -13  43   0    T    T    0  8.2 21 290   M    M   5        26 280
 6  35  22  29  -6  36   0 0.00  0.0    0  9.8 18 300   M    M   9        24 300
 7  22   4  13 -22  52   0    T    T    T 15.8 25 340   M    M   7        30 290
 8  28   1  15 -20  50   0 0.00  0.0    0 10.7 24 250   M    M   7        32 250
 9  28  12  20 -15  45   0    T    T    0 13.6 26 230   M    M   5        35 250
10  28   8  18 -17  47   0 0.00  0.0    0  4.5 13 320   M    M   2        17 330
11  45  19  32  -3  33   0 0.06  0.0    0  4.9 14 220   M    M   9 1      17 220
12  39  30  35   0  30   0 0.12  0.0    0  8.3 20 350   M    M  10 18     24 350
13  31  25  28  -7  37   0 0.00  0.0    0  9.6 18 360   M    M  10        23  30
14  34  26  30  -5  35   0 0.00  0.0    0  4.6 12 280   M    M   9        13 280
15  39  29  34  -1  31   0 0.00  0.0    0  6.3 13 240   M    M   6        18 230
16  49  26  38   3  27   0 0.00  0.0    0  4.3 10 220   M    M   2 18     14 230
17  57  30  44   9  21   0 0.00  0.0    0 12.8 24 210   M    M   4 18     30 220
18  53  35  44   9  21   0 0.06  0.0    0 13.7 28 230   M    M   5 1      36 230
19  58  30  44   9  21   0 0.00  0.0    0  2.0  6 360   M    M   1         8  30
20  60  32  46  11  19   0 0.00  0.0    0  4.7 14 270   M    M   6 8      17 260
21  57  32  45  10  20   0 0.00  0.0    0 10.4 24 260   M    M   4 8      30 260
22  41  31  36   1  29   0 0.00  0.0    0  4.6 13  20   M    M   8 18     15  10
23  39  33  36   1  29   0 0.12  1.0    0  5.8 12  20   M    M  10 148    14  20
24  46  26  36   1  29   0 0.00  0.0    1  8.0 17 280   M    M   5 18     20 260
25  45  36  41   6  24   0 0.08  0.0    0  6.9 20 350   M    M  10 1      24 340
26  37  26  32  -3  33   0    T    T    0 10.6 22 330   M    M   9 18     28 310
27  36  26  31  -4  34   0    T  0.1    T  6.4 14  10   M    M   8 18     16 360
28  41  20  31  -4  34   0 0.00  0.0    0  6.7 15 130   M    M   3 8      18 130
29  55  34  45   9  20   0 0.05  0.0    0 15.4 30 260   M    M  10 18     39 230
30  41  28  35  -1  30   0    T    T    0  9.3 22 340   M    M   6        28 340
31  43  21  32  -4  33   0 0.00  0.0    0  4.2 10 250   M    M   7        12 200
================================================================================
SM 1319  778       960   0  0.87     1.1 263.3          M      215
================================================================================
AV 42.5 25.1                               8.5 FASTST   M    M   7    MAX(MPH)
                                 MISC ---->  # 30 260               # 42  190
================================================================================
NOTES:
# LAST OF SEVERAL OCCURRENCES

COLUMN 17 PEAK WIND IN M.P.H.

PRELIMINARY LOCAL CLIMATOLOGICAL DATA (WS FORM: F-6) , PAGE 2

                                          STATION:  LOUISVILLE KY
                                          MONTH:    JANUARY
                                          YEAR:     2015
                                          LATITUDE:   38 10 N
                                          LONGITUDE:  85 44 W

[TEMPERATURE DATA]      [PRECIPITATION DATA]       SYMBOLS USED IN COLUMN 16

AVERAGE MONTHLY: 33.8   TOTAL FOR MONTH:   0.87    1 = FOG OR MIST
DPTR FM NORMAL:  -1.1   DPTR FM NORMAL:   -2.37    2 = FOG REDUCING VISIBILITY
HIGHEST:    63 ON  3    GRTST 24HR  0.35 ON  3- 4      TO 1/4 MILE OR LESS
LOWEST:      1 ON  8                               3 = THUNDER
                        SNOW, ICE PELLETS, HAIL    4 = ICE PELLETS
                        TOTAL MONTH:   1.1 INCHES  5 = HAIL
                        GRTST 24HR   1.0 ON 23-23  6 = FREEZING RAIN OR DRIZZLE
                        GRTST DEPTH:   1 ON 24     7 = DUSTSTORM OR SANDSTORM:
                                                       VSBY 1/2 MILE OR LESS
                                                   8 = SMOKE OR HAZE
[NO. OF DAYS WITH]      [WEATHER - DAYS WITH]      9 = BLOWING SNOW
                                                   X = TORNADO
MAX 32 OR BELOW:   6    0.01 INCH OR MORE:   9
MAX 90 OR ABOVE:   0    0.10 INCH OR MORE:   3
MIN 32 OR BELOW:  25    0.50 INCH OR MORE:   0
MIN  0 OR BELOW:   0    1.00 INCH OR MORE:   0

[HDD (BASE 65) ]
TOTAL THIS MO.   960    CLEAR  (SCALE 0-3)   4
DPTR FM NORMAL    27    PTCLDY (SCALE 4-7)  14
TOTAL FM JUL 1  2582    CLOUDY (SCALE 8-10) 13
DPTR FM NORMAL    73

[CDD (BASE 65) ]
TOTAL THIS MO.     0
DPTR FM NORMAL     0    [PRESSURE DATA]
TOTAL FM JAN 1     0    HIGHEST SLP 30.85 ON  8
DPTR FM NORMAL     0    LOWEST  SLP 29.61 ON 25

[REMARKS]
#FINAL-01-15#
