000
CXUS56 KSGX 281445
CF6SDM
PRELIMINARY LOCAL CLIMATOLOGICAL DATA (WS FORM: F-6)

                                          STATION:   SAN DIEGO/BROWN
                                          MONTH:     MAY
                                          YEAR:      2015
                                          LATITUDE:   32 34 N
                                          LONGITUDE: 116 59 W

  TEMPERATURE IN F:       :PCPN:    SNOW:  WIND      :SUNSHINE: SKY     :PK WND
================================================================================
1   2   3   4   5  6A  6B    7    8   9   10  11  12  13   14  15   16   17  18
                                     12Z  AVG MX 2MIN
DY MAX MIN AVG DEP HDD CDD  WTR  SNW DPTH SPD SPD DIR MIN PSBL S-S WX    SPD DR
================================================================================

 1  88  56  72  10   0   7 0.00  0.0    0  5.8 15 270   M    M   0 8      20 270
 2  73  52  63   1   2   0 0.00  0.0    0  5.0 16 260   M    M   1 12     21 250
 3  71  58  65   3   0   0 0.00  0.0    0  6.9 16 280   M    M   8        24 280
 4  68  56  62   0   3   0 0.00  0.0    0  8.0 18 270   M    M   8 13     25 280
 5  68  56  62   0   3   0 0.00  0.0    0  5.2 15 270   M    M   7        20 260
 6  65  56  61  -1   4   0 0.00  0.0    0  5.5 17 260   M    M  10        22 270
 7  67  52  60  -2   5   0 0.01  0.0    0  9.0 21 260   M    M   9        25 270
 8  61  50  56  -6   9   0 0.38  0.0    0  5.4 17 280   M    M  10 13     23 270
 9  66  55  61  -1   4   0 0.05  0.0    0  6.5 15 280   M    M   9 1      20 280
10  68  53  61  -1   4   0 0.00  0.0    0  4.6 16 270   M    M   2        21 260
11  72  54  63   0   2   0 0.00  0.0    0  4.0 13 280   M    M   3 18     17 270
12  70  52  61  -2   4   0 0.00  0.0    0  6.9 17 260   M    M   4 8      22 260
13  67  51  59  -4   6   0 0.00  0.0    0  7.2 15 230   M    M   4        20 220
14  68  53  61  -2   4   0 0.06  0.0    0  9.3 20 200   M    M   5 1      28 220
15  65  54  60  -3   5   0 0.61  0.0    0  6.4 18 280   M    M   8 1      22 270
16  66  52  59  -4   6   0 0.02  0.0    0  6.4 15 220   M    M   7        19 210
17  69  51  60  -3   5   0 0.00  0.0    0  6.6 16 270   M    M   5 18     22 280
18  68  55  62  -1   3   0 0.00  0.0    0  5.3 16 250   M    M   7        22 260
19  69  54  62  -1   3   0 0.00  0.0    0  5.6 15 250   M    M   4        20 260
20  68  56  62  -1   3   0 0.00  0.0    0  5.8 16 260   M    M   6        22 270
21  67  57  62  -1   3   0    T  0.0    0  7.9 17 260   M    M   9        23 240
22  68  56  62  -1   3   0 0.06  0.0    0  8.7 17 230   M    M   7 1      22 260
23  68  56  62  -1   3   0 0.06  0.0    0  6.7 15 240   M    M   8 1      21 250
24  68  57  63   0   2   0 0.00  0.0    0  6.7 14 250   M    M   8        21 260
25  65  59  62  -1   3   0    T  0.0    0  4.7 13 260   M    M  10 1      16 260
26  65  58  62  -1   3   0 0.00  0.0    0  4.2 13 270   M    M  10 1      15 270
27  69  57  63  -1   2   0 0.00  0.0    0  5.4 14 280   M    M   8 1      18 280
================================================================================
SM 1847 1476        94   7  1.25     0.0 169.7          M      177
================================================================================
AV 68.4 54.7                               6.3 FASTST   M    M   7    MAX(MPH)
                                 MISC ---->  # 21 260               # 28  220
================================================================================
NOTES:
# LAST OF SEVERAL OCCURRENCES

COLUMN 17 PEAK WIND IN M.P.H.

PRELIMINARY LOCAL CLIMATOLOGICAL DATA (WS FORM: F-6) , PAGE 2

                                          STATION:  SAN DIEGO/BROWN
                                          MONTH:    MAY
                                          YEAR:     2015
                                          LATITUDE:   32 34 N
                                          LONGITUDE: 116 59 W

[TEMPERATURE DATA]      [PRECIPITATION DATA]       SYMBOLS USED IN COLUMN 16

AVERAGE MONTHLY: 61.5   TOTAL FOR MONTH:   1.25    1 = FOG OR MIST
DPTR FM NORMAL:  -1.1   DPTR FM NORMAL:    1.05    2 = FOG REDUCING VISIBILITY
HIGHEST:    88 ON  1    GRTST 24HR  0.67 ON 14-15      TO 1/4 MILE OR LESS
LOWEST:     50 ON  8                               3 = THUNDER
                        SNOW, ICE PELLETS, HAIL    4 = ICE PELLETS
                        TOTAL MONTH:   0.0 INCH    5 = HAIL
                        GRTST 24HR     0.0         6 = FREEZING RAIN OR DRIZZLE
                        GRTST DEPTH:   0           7 = DUSTSTORM OR SANDSTORM:
                                                       VSBY 1/2 MILE OR LESS
                                                   8 = SMOKE OR HAZE
[NO. OF DAYS WITH]      [WEATHER - DAYS WITH]      9 = BLOWING SNOW
                                                   X = TORNADO
MAX 32 OR BELOW:   0    0.01 INCH OR MORE:   8
MAX 90 OR ABOVE:   0    0.10 INCH OR MORE:   2
MIN 32 OR BELOW:   0    0.50 INCH OR MORE:   1
MIN  0 OR BELOW:   0    1.00 INCH OR MORE:   0

[HDD (BASE 65) ]
TOTAL THIS MO.    94    CLEAR  (SCALE 0-3)   4
DPTR FM NORMAL    13    PTCLDY (SCALE 4-7)  15
TOTAL FM JUL 1   862    CLOUDY (SCALE 8-10)  8
DPTR FM NORMAL  -834

[CDD (BASE 65) ]
TOTAL THIS MO.     7
DPTR FM NORMAL   -20    [PRESSURE DATA]
TOTAL FM JAN 1   120    HIGHEST SLP M ON M
DPTR FM NORMAL    72    LOWEST  SLP 29.79 ON 15

[REMARKS]
