000
CXUS54 KFWD 280730
CF6SEP
PRELIMINARY LOCAL CLIMATOLOGICAL DATA (WS FORM: F-6)

                                          STATION:   STEPHENVILLE
                                          MONTH:     MARCH
                                          YEAR:      2015
                                          LATITUDE:   32 13 N
                                          LONGITUDE:  98 11 W

  TEMPERATURE IN F:       :PCPN:    SNOW:  WIND      :SUNSHINE: SKY     :PK WND
================================================================================
1   2   3   4   5  6A  6B    7    8   9   10  11  12  13   14  15   16   17  18
                                     12Z  AVG MX 2MIN
DY MAX MIN AVG DEP HDD CDD  WTR  SNW DPTH SPD SPD DIR MIN PSBL S-S WX    SPD DR
================================================================================

 1  34  31  33 -18  32   0 0.15  0.0    0  5.9 13 360   M    M  10         M  M
 2  37  33  35 -16  30   0    M  0.0    0  6.2 12 360   M    M  10        17 360
 3  57  37  47  -4  18   0 0.04  0.0    0  3.9  9 170   M    M   9         M  M
 4  54  27  41 -10  24   0 0.14    M    0 11.7 23 350   M    M  10        31  10
 5  39  23  31 -21  34   0 0.15    M    M  9.7 17 350   M    M   2        28 350
 6  54  22  38 -14  27   0 0.00  0.0    0  1.8  8 160   M    M   0         M  M
 7  58  32  45  -7  20   0 0.00  0.0    0  3.5  7 170   M    M   7         M  M
 8  53  45  49  -3  16   0 0.02  0.0    0  4.9 10 150   M    M   9         M  M
 9  50  46  48  -5  17   0 0.33  0.0    0  5.1  9  30   M    M  10         M  M
10  55  48  52  -1  13   0 0.00  0.0    0  5.4  8 350   M    M  10         M  M
11  67  46  57   4   8   0 0.00  0.0    0  4.1 10  60   M    M   4        17  10
12  72  45  59   5   6   0 0.00  0.0    0  5.1 12  20   M    M   2        17  20
13  71  49  60   6   5   0 0.00  0.0    0  5.9 17 360   M    M   6        24 360
14  71  53  62   8   3   0 0.00  0.0    0  9.0 17 360   M    M   7        24 360
15  69  48  59   5   6   0 0.00  0.0    0  4.2  9 360   M    M   6        17 360
16  80  46  63   8   2   0 0.00  0.0    0  3.6 10 200   M    M   0         M  M
17  79  57  68  13   0   3 0.23  0.0    0  4.1 10  10   M    M   5        18  10
18  66  51  59   4   6   0 0.90  0.0    0  4.1  9 340   M    M   7         M  M
19  78  53  66  10   0   1 0.01  0.0    0  4.1 10 190   M    M   6        17 190
20  67  52  60   4   5   0 0.38  0.0    0  8.1 14  10   M    M   9        21 360
21  59  51  55  -1  10   0 0.21  0.0    0  3.5 10  20   M    M   9         M  M
22  68  52  60   4   5   0 0.00  0.0    0  1.9  6 260   M    M   7         M  M
23  78  46  62   5   3   0 0.00  0.0    0  5.6 10 160   M    M   3 1       M  M
24  88  58  73  16   0   8 0.00  0.0    0  9.9 20 210   M    M   1        24 210
25  84  57  71  14   0   6 0.01  0.0    0  9.4 16 160   M    M   1        24 210
26  64  45  55  -3  10   0 0.00  0.0    0 16.5 25 330   M    M   4        40 330
27  74  41  58   0   7   0 0.00  0.0    0  3.5 13 290   M    M   0        17 290
================================================================================
SM 1726 1194       307  18  2.57     0.0 160.7          M      154
================================================================================
AV 63.9 44.2                               6.0 FASTST   M    M   6    MAX(MPH)
                                 MISC ---->    25   M                 40    M
================================================================================
NOTES:
# LAST OF SEVERAL OCCURRENCES

COLUMN 17 PEAK WIND IN M.P.H.

PRELIMINARY LOCAL CLIMATOLOGICAL DATA (WS FORM: F-6) , PAGE 2

                                          STATION:  STEPHENVILLE
                                          MONTH:    MARCH
                                          YEAR:     2015
                                          LATITUDE:   32 13 N
                                          LONGITUDE:  98 11 W

[TEMPERATURE DATA]      [PRECIPITATION DATA]       SYMBOLS USED IN COLUMN 16

AVERAGE MONTHLY: 54.1   TOTAL FOR MONTH:   2.57    1 = FOG OR MIST
DPTR FM NORMAL:  -0.1   DPTR FM NORMAL:    0.05    2 = FOG REDUCING VISIBILITY
HIGHEST:    88 ON 24    GRTST 24HR  0.90 ON 18-18      TO 1/4 MILE OR LESS
LOWEST:     22 ON  6                               3 = THUNDER
                        SNOW, ICE PELLETS, HAIL    4 = ICE PELLETS
                        TOTAL MONTH:   0.0 INCH    5 = HAIL
                        GRTST 24HR     0.0         6 = FREEZING RAIN OR DRIZZLE
                        GRTST DEPTH:   0           7 = DUSTSTORM OR SANDSTORM:
                                                       VSBY 1/2 MILE OR LESS
                                                   8 = SMOKE OR HAZE
[NO. OF DAYS WITH]      [WEATHER - DAYS WITH]      9 = BLOWING SNOW
                                                   X = TORNADO
MAX 32 OR BELOW:   0    0.01 INCH OR MORE:  12
MAX 90 OR ABOVE:   0    0.10 INCH OR MORE:   8
MIN 32 OR BELOW:   5    0.50 INCH OR MORE:   1
MIN  0 OR BELOW:   0    1.00 INCH OR MORE:   0

[HDD (BASE 65) ]
TOTAL THIS MO.   307    CLEAR  (SCALE 0-3)   8
DPTR FM NORMAL     2    PTCLDY (SCALE 4-7)  10
TOTAL FM JUL 1  2329    CLOUDY (SCALE 8-10)  9
DPTR FM NORMAL  -218

[CDD (BASE 65) ]
TOTAL THIS MO.    18
DPTR FM NORMAL     9    [PRESSURE DATA]
TOTAL FM JAN 1    18    HIGHEST SLP M ON M
DPTR FM NORMAL     6    LOWEST  SLP M ON M

[REMARKS]
