000
CXUS53 KLSX 011600
CF6SET
PRELIMINARY LOCAL CLIMATOLOGICAL DATA (WS FORM: F-6)

                                          STATION:   ST_CHARLES MO
                                          MONTH:     FEBRUARY
                                          YEAR:      2015
                                          LATITUDE:   38 55 N
                                          LONGITUDE:  90 26 W

  TEMPERATURE IN F:       :PCPN:    SNOW:  WIND      :SUNSHINE: SKY     :PK WND
================================================================================
1   2   3   4   5  6A  6B    7    8   9   10  11  12  13   14  15   16   17  18
                                     12Z  AVG MX 2MIN
DY MAX MIN AVG DEP HDD CDD  WTR  SNW DPTH SPD SPD DIR MIN PSBL S-S WX    SPD DR
================================================================================

 1  40  21  31  -1  34   0 0.49    M    0 12.1 26 340   M    M  10 18     36 340
 2  26  16  21 -11  44   0    T    M    M  9.9 25 320   M    M   5        32 310
 3  47  19  33   1  32   0 0.00  0.0    0  6.0 14 190   M    M   1        17 200
 4  38  14  26  -6  39   0    M    M    0 10.1 20 340   M    M   5 168    27 340
 5  24   6  15 -17  50   0 0.00  0.0    M  4.6 15 340   M    M   0        21 340
 6  52  16  34   1  31   0 0.00  0.0    M  6.0 16 170   M    M   0        20 170
 7  66  28  47  14  18   0 0.00  0.0    0  9.0 20 210   M    M   0        24 210
 8  64  39  52  19  13   0 0.00  0.0    0  9.5 18 360   M    M   2 18     23  20
 9  39  29  34   1  31   0    T  0.0    0 10.5 18 340   M    M  10 18     23 360
10  42  27  35   1  30   0 0.00  0.0    0  7.3 14  40   M    M   6        18 160
11  42  26  34   0  31   0 0.00  0.0    0  9.9 22 340   M    M   5 1      28 330
12  28  12  20 -14  45   0    T    M    M 12.7 32 350   M    M   4        43 360
13  40  17  29  -5  36   0 0.00  0.0    0  5.9 15 210   M    M   4        19 210
14  37  10  24 -11  41   0    M    M    0 14.0 33 340   M    M   5 1      40 360
15  18  10  14 -21  51   0    M    M    0  9.9 17  40   M    M   8 18     21  40
16  21   0  11 -24  54   0    M    M    M  8.2 15 360   M    M   6 18     18 360
17  31   2  17 -18  48   0    M    M    M  7.7 29 320   M    M   7 18     37 330
18  21   3  12 -24  53   0    T    M    M 14.7 31 310   M    M   2 8      36 300
19  14  -5   5 -31  60   0 0.00  0.0    M  7.9 13 330   M    M   2        16 320
20  26   9  18 -18  47   0    M    M    M 12.1 21 150   M    M   9 126    23 160
21  37  25  31  -6  34   0    M    M    M  4.8 14 340   M    M   8 12     18 360
22  34  11  23 -14  42   0 0.00  0.0    M 13.2 23 340   M    M   5        28 330
23  13   2   8 -29  57   0 0.00  0.0    M  6.4 15 360   M    M   0        19 360
24  38  -3  18 -20  47   0 0.00  0.0    M  8.4 22 300   M    M   2        27 290
25  39  12  26 -12  39   0 0.00  0.0    M  5.9 12  80   M    M   3 128    13  80
26  31   7  19 -19  46   0    M    M    M 13.9 21 330   M    M   7 18     26 350
27  17  -3   7 -32  58   0 0.00  0.0    M  6.1 14 330   M    M   1        18 330
28  26  12  19 -20  46   0    M    M    M  7.4 13 100   M    M  10 18     14 130
================================================================================
SM  951  362      1157   0  0.49     0.0 254.1          M      127
================================================================================
AV 34.0 12.9                               9.1 FASTST   M    M   5    MAX(MPH)
                                 MISC ---->  # 33 340               # 43  360
================================================================================
NOTES:
# LAST OF SEVERAL OCCURRENCES

COLUMN 17 PEAK WIND IN M.P.H.

PRELIMINARY LOCAL CLIMATOLOGICAL DATA (WS FORM: F-6) , PAGE 2

                                          STATION:  ST_CHARLES MO
                                          MONTH:    FEBRUARY
                                          YEAR:     2015
                                          LATITUDE:   38 55 N
                                          LONGITUDE:  90 26 W

[TEMPERATURE DATA]      [PRECIPITATION DATA]       SYMBOLS USED IN COLUMN 16

AVERAGE MONTHLY: 23.4   TOTAL FOR MONTH:   0.49    1 = FOG OR MIST
DPTR FM NORMAL: -11.5   DPTR FM NORMAL:   -1.74    2 = FOG REDUCING VISIBILITY
HIGHEST:    66 ON  7    GRTST 24HR  0.50 ON 31- 1      TO 1/4 MILE OR LESS
LOWEST:     -5 ON 19                               3 = THUNDER
                        SNOW, ICE PELLETS, HAIL    4 = ICE PELLETS
                        TOTAL MONTH:   0.0 INCH    5 = HAIL
                        GRTST 24HR     0.0         6 = FREEZING RAIN OR DRIZZLE
                        GRTST DEPTH:   0           7 = DUSTSTORM OR SANDSTORM:
                                                       VSBY 1/2 MILE OR LESS
                                                   8 = SMOKE OR HAZE
[NO. OF DAYS WITH]      [WEATHER - DAYS WITH]      9 = BLOWING SNOW
                                                   X = TORNADO
MAX 32 OR BELOW:  13    0.01 INCH OR MORE:   1
MAX 90 OR ABOVE:   0    0.10 INCH OR MORE:   1
MIN 32 OR BELOW:  27    0.50 INCH OR MORE:   0
MIN  0 OR BELOW:   4    1.00 INCH OR MORE:   0

[HDD (BASE 65) ]
TOTAL THIS MO.  1157    CLEAR  (SCALE 0-3)  11
DPTR FM NORMAL   316    PTCLDY (SCALE 4-7)  12
TOTAL FM JUL 1  4226    CLOUDY (SCALE 8-10)  5
DPTR FM NORMAL   383

[CDD (BASE 65) ]
TOTAL THIS MO.     0
DPTR FM NORMAL     0    [PRESSURE DATA]
TOTAL FM JAN 1     0    HIGHEST SLP 30.83 ON 23
DPTR FM NORMAL     0    LOWEST  SLP 29.64 ON  1

[REMARKS]
#FINAL-02-15#
