000
CXUS55 KSEW 230945
CF6SEW

PRELIMINARY LOCAL CLIMATOLOGICAL DATA (WS FORM: F-6)

                                          STATION:   SEATTLE WA WFO
                                          MONTH:     AUGUST
                                          YEAR:      2014
                                          LATITUDE:   47 41 N
                                          LONGITUDE: 122 15 W

  TEMPERATURE IN F:       :PCPN:    SNOW:  WIND      :SUNSHINE: SKY     :PK WND
================================================================================
1   2   3   4   5  6A  6B    7    8   9   10  11  12  13   14  15   16   17  18
                                     12Z  AVG MX 2MIN
DY MAX MIN AVG DEP HDD CDD  WTR  SNW DPTH SPD SPD DIR MIN PSBL S-S WX    SPD DR
================================================================================

 1  86  58  72   5   0   7    T  0.0    M   M   M   M   M    M   M         M  M
 2  82  60  71   4   0   6 0.08  0.0    M   M   M   M   M    M   M 3       M  M
 3  85  59  72   5   0   7 0.00  0.0    0   M   M   M   M    M   M         M  M
 4  87  59  73   6   0   8 0.00  0.0    0   M   M   M   M    M   M         M  M
 5  78  58  68   1   0   3 0.00  0.0    0   M   M   M   M    M   M         M  M
 6  80  59  70   3   0   5 0.00  0.0    0   M   M   M   M    M   M         M  M
 7  80  57  69   2   0   4 0.00  0.0    0   M   M   M   M    M   M         M  M
 8  79  58  69   2   0   4 0.00  0.0    0   M   M   M   M    M   M         M  M
 9  81  55  68   1   0   3 0.00  0.0    0   M   M   M   M    M   M         M  M
10  85  57  71   4   0   6 0.00  0.0    0   M   M   M   M    M   M         M  M
11  95  64  80  13   0  15 0.03  0.0    0   M   M   M   M    M   M 38      M  M
12  80  66  73   6   0   8 0.32  0.0    0   M   M   M   M    M   M         M  M
13  74  60  67   0   0   2 0.48  0.0    0   M   M   M   M    M   M         M  M
14  71  58  65  -2   0   0 0.01  0.0    0   M   M   M   M    M   M         M  M
15  73  64  69   2   0   4 0.12  0.0    0   M   M   M   M    M   M 1       M  M
16  79  64  72   5   0   7 0.00  0.0    0   M   M   M   M    M   M         M  M
17  81  62  72   5   0   7 0.00  0.0    0   M   M   M   M    M   M         M  M
18  85  59  72   5   0   7 0.00  0.0    0   M   M   M   M    M   M         M  M
19  84  63  74   8   0   9 0.00  0.0    0   M   M   M   M    M   M         M  M
20  73  58  66   0   0   1 0.00  0.0    0   M   M   M   M    M   M         M  M
21  72  54  63  -3   2   0 0.00  0.0    0   M   M   M   M    M   M         M  M
22  76  56  66   0   0   1 0.00  0.0    0   M   M   M   M    M   M         M  M
================================================================================
SM 1766 1308         2 114  1.04     0.0     M          M        M
================================================================================
AV 80.3 59.5                                 M FASTST   M    M   5    MAX(MPH)
                                 MISC ---->     M   M                  M    M
================================================================================
NOTES:
# LAST OF SEVERAL OCCURRENCES

COLUMN 17 PEAK WIND IN M.P.H.

PRELIMINARY LOCAL CLIMATOLOGICAL DATA (WS FORM: F-6) , PAGE 2

                                          STATION:  SEATTLE WA WFO
                                          MONTH:    AUGUST
                                          YEAR:     2014
                                          LATITUDE:   47 41 N
                                          LONGITUDE: 122 15 W

[TEMPERATURE DATA]      [PRECIPITATION DATA]       SYMBOLS USED IN COLUMN 16

AVERAGE MONTHLY: 69.9   TOTAL FOR MONTH:   1.04    1 = FOG OR MIST
DPTR FM NORMAL:   3.0   DPTR FM NORMAL:    0.41    2 = FOG REDUCING VISIBILITY
HIGHEST:    95 ON 11    GRTST 24HR  0.48 ON 13-13      TO 1/4 MILE OR LESS
LOWEST:     54 ON 21                               3 = THUNDER
                        SNOW, ICE PELLETS, HAIL    4 = ICE PELLETS
                        TOTAL MONTH:   0.0 INCH    5 = HAIL
                        GRTST 24HR     0.0         6 = FREEZING RAIN OR DRIZZLE
                        GRTST DEPTH:   0           7 = DUSTSTORM OR SANDSTORM:
                                                       VSBY 1/2 MILE OR LESS
                                                   8 = SMOKE OR HAZE
[NO. OF DAYS WITH]      [WEATHER - DAYS WITH]      9 = BLOWING SNOW
                                                   X = TORNADO
MAX 32 OR BELOW:   0    0.01 INCH OR MORE:   6
MAX 90 OR ABOVE:   1    0.10 INCH OR MORE:   3
MIN 32 OR BELOW:   0    0.50 INCH OR MORE:   0
MIN  0 OR BELOW:   0    1.00 INCH OR MORE:   0

[HDD (BASE 65) ]
TOTAL THIS MO.     2    CLEAR  (SCALE 0-3)   0
DPTR FM NORMAL   -18    PTCLDY (SCALE 4-7)   0
TOTAL FM JUL 1    16    CLOUDY (SCALE 8-10)  0
DPTR FM NORMAL   -41

[CDD (BASE 65) ]
TOTAL THIS MO.   114
DPTR FM NORMAL    53    [PRESSURE DATA]
TOTAL FM JAN 1   284    HIGHEST SLP M ON M
DPTR FM NORMAL   141    LOWEST  SLP M ON M

[REMARKS]
