000
CXUS56 KOTX 011500
CF6SFF
PRELIMINARY LOCAL CLIMATOLOGICAL DATA (WS FORM: F-6)

                                          STATION:   SPOKANE WA FELTS AIRPORT
                                          MONTH:     FEBRUARY
                                          YEAR:      2015
                                          LATITUDE:   47 40 N
                                          LONGITUDE: 117 20 W

  TEMPERATURE IN F:       :PCPN:    SNOW:  WIND      :SUNSHINE: SKY     :PK WND
================================================================================
1   2   3   4   5  6A  6B    7    8   9   10  11  12  13   14  15   16   17  18
                                     12Z  AVG MX 2MIN
DY MAX MIN AVG DEP HDD CDD  WTR  SNW DPTH SPD SPD DIR MIN PSBL S-S WX    SPD DR
================================================================================

 1  36  29  33   0  32   0 0.13    M    M  2.2  9  80   M    M   9 18     12  70
 2  52  32  42   9  23   0 0.11    M    M  3.1 14 250   M    M  10 18     22 260
 3   M   M   M   M   M   M 0.00    M    M  0.8  8 350   M    M  10 18     11 340
 4  45  36  41   8  24   0 0.03    M    M  0.6  6  70   M    M  10 18      7  20
 5  50  37  44  11  21   0 0.29    M    M  2.4 12 240   M    M   9 1      16 240
 6  59  44  52  19  13   0 0.16    M    M  8.5 30 230   M    M   8 1      41 220
 7  57  43  50  17  15   0 0.21    M    M  9.3 29 230   M    M   7 1      38 220
 8  58  40  49  16  16   0    T    M    M  3.7 14 220   M    M   4        21 210
 9  55  45  50  16  15   0 0.12    M    M  6.8 22 220   M    M   9 1      29 220
10  49  45  47  13  18   0 0.05    M    M  4.2 10 200   M    M  10 1      13 210
11  53  39  46  12  19   0 0.00    M    M  1.4  7 100   M    M   6 12      9  90
12  57  37  47  13  18   0 0.00    M    M  1.2  6  60   M    M   4 1       7  60
13  55  36  46  12  19   0 0.00    M    M  2.3 10  90   M    M   5 12     12 100
14  50  33  42   8  23   0 0.00    M    M  2.3 10 280   M    M   6 128    14 280
15  48  28  38   4  27   0 0.00    M    M  1.9  7  60   M    M   5 12      9 290
16  52  26  39   5  26   0 0.00    M    M  1.5  7 330   M    M   0        10 330
17  52  25  39   5  26   0 0.00    M    M  2.3  7 290   M    M   0        10 280
18  50  27  39   5  26   0 0.00    M    M  1.7  8  80   M    M   0        12  60
19  47  30  39   4  26   0 0.00    M    M  1.3  9 220   M    M   6 18     12 240
20  49  31  40   5  25   0    T    M    M  2.9 12 220   M    M   8 18     15 260
21  47  29  38   3  27   0    T    M    M  6.4 23  70   M    M   4 12     29  70
22  43  20  32  -3  33   0 0.00    M    M  1.2  8  10   M    M   0        12  20
23  46  20  33  -2  32   0 0.00    M    M  2.3  8 230   M    M   0        12 290
24  49  25  37   1  28   0 0.00    M    M  2.0  8 230   M    M   1        10 250
25  51  23  37   1  28   0 0.00    M    M  2.6 12 230   M    M   0        15 240
26  46  29  38   2  27   0 0.00    M    M  3.5  8 350   M    M   7        11 340
27  51  25  38   2  27   0 0.00    M    M  6.0 18  60   M    M   2 1      22  60
28  46  26  36  -1  29   0 0.00    M    M  6.6 20  60   M    M   0        25  70
================================================================================
SM 1353  860       643   0  1.10    M     91.0          M      140
================================================================================
AV 50.1 31.9                               3.2 FASTST   M    M   5    MAX(MPH)
                                 MISC ---->  # 30 230               # 41  220
================================================================================
NOTES:
# LAST OF SEVERAL OCCURRENCES

COLUMN 17 PEAK WIND IN M.P.H.

PRELIMINARY LOCAL CLIMATOLOGICAL DATA (WS FORM: F-6) , PAGE 2

                                          STATION:  SPOKANE WA FELTS AIRPORT
                                          MONTH:    FEBRUARY
                                          YEAR:     2015
                                          LATITUDE:   47 40 N
                                          LONGITUDE: 117 20 W

[TEMPERATURE DATA]      [PRECIPITATION DATA]       SYMBOLS USED IN COLUMN 16

AVERAGE MONTHLY: 41.0   TOTAL FOR MONTH:   1.10    1 = FOG OR MIST
DPTR FM NORMAL:   6.7   DPTR FM NORMAL:   -0.28    2 = FOG REDUCING VISIBILITY
HIGHEST:    59 ON  6    GRTST 24HR  0.35 ON  6- 7      TO 1/4 MILE OR LESS
LOWEST:     20 ON 23,22                            3 = THUNDER
                        SNOW, ICE PELLETS, HAIL    4 = ICE PELLETS
                        TOTAL MONTH:    M          5 = HAIL
                        GRTST 24HR    M  ON   M    6 = FREEZING RAIN OR DRIZZLE
                        GRTST DEPTH:  M  ON   M    7 = DUSTSTORM OR SANDSTORM:
                                                       VSBY 1/2 MILE OR LESS
                                                   8 = SMOKE OR HAZE
[NO. OF DAYS WITH]      [WEATHER - DAYS WITH]      9 = BLOWING SNOW
                                                   X = TORNADO
MAX 32 OR BELOW:   0    0.01 INCH OR MORE:   8
MAX 90 OR ABOVE:   0    0.10 INCH OR MORE:   6
MIN 32 OR BELOW:  16    0.50 INCH OR MORE:   0
MIN  0 OR BELOW:   0    1.00 INCH OR MORE:   0

[HDD (BASE 65) ]
TOTAL THIS MO.   643    CLEAR  (SCALE 0-3)   9
DPTR FM NORMAL  -216    PTCLDY (SCALE 4-7)  12
TOTAL FM JUL 1  3818    CLOUDY (SCALE 8-10)  7
DPTR FM NORMAL  -753

[CDD (BASE 65) ]
TOTAL THIS MO.     0
DPTR FM NORMAL     0    [PRESSURE DATA]
TOTAL FM JAN 1     0    HIGHEST SLP 30.57 ON 22
DPTR FM NORMAL     0    LOWEST  SLP 29.46 ON  7

[REMARKS]
#FINAL-02-15#
