000
CXUS55 KBYZ 271055
CF6SHR
PRELIMINARY LOCAL CLIMATOLOGICAL DATA (WS FORM: F-6)

                                          STATION:   SHERIDAN WY
                                          MONTH:     AUGUST
                                          YEAR:      2016
                                          LATITUDE:   44 46 N
                                          LONGITUDE: 106 58 W

  TEMPERATURE IN F:       :PCPN:    SNOW:  WIND      :SUNSHINE: SKY     :PK WND
================================================================================
1   2   3   4   5  6A  6B    7    8   9   10  11  12  13   14  15   16   17  18
                                     12Z  AVG MX 2MIN
DY MAX MIN AVG DEP HDD CDD  WTR  SNW DPTH SPD SPD DIR MIN PSBL S-S WX    SPD DR
================================================================================

 1  89  58  74   2   0   9 0.00    M    M  6.9 17 300   M    M   1 8      23 300
 2 101  57  79   7   0  14 0.00    M    M  4.7 21 250   M    M   0        33 220
 3  92  60  76   5   0  11 0.00    M    M  9.3 22 340   M    M   0        26 330
 4  82  46  64  -7   1   0 0.00    M    M  4.9 15 350   M    M   0 8      19 340
 5  93  47  70  -1   0   5 0.00    M    M  9.6 25 150   M    M   0        35 150
 6  90  64  77   6   0  12 0.00    M    M 13.5 38 320   M    M   0        48 330
 7  94  52  73   2   0   8 0.58    M    M  5.7 46 240   M    M   0 13     55 240
 8  85  58  72   1   0   7 0.02    M    M  4.2 13 330   M    M   0 3      15 340
 9  93  57  75   4   0  10 0.00    M    M  7.1 18 300   M    M   0        22 300
10  81  59  70  -1   0   5 0.00    M    M  9.2 26 310   M    M   0        35 310
11  77  54  66  -4   0   1 0.04    M    M  5.7 24 200   M    M   2        32 190
12  86  48  67  -3   0   2 0.01    M    M  4.5 29  30   M    M   2 3      35  20
13  84  53  69  -1   0   4 0.00    M    M  3.4  9 170   M    M   2        13 160
14  94  50  72   2   0   7 0.00    M    M  4.7 17 330   M    M   0        21 310
15  88  54  71   1   0   6    T    M    M  5.8 26 220   M    M   0        35 220
16  91  52  72   3   0   7 0.00    M    M  3.7 12 200   M    M   0        12 200
17  96  52  74   5   0   9 0.00    M    M  5.4 26 310   M    M   0        32 320
18  75  55  65  -4   0   0 0.33    M    M  9.3 22 310   M    M   8 1      28 310
19  65  44  55 -14  10   0 0.46    M    M 13.0 35 300   M    M   7 1      44 300
20  78  42  60  -8   5   0 0.00    M    M  3.7 16 330   M    M   0        21 330
21  92  43  68   0   0   3 0.00    M    M  3.1 12 120   M    M   0        17 130
22  95  53  74   6   0   9 0.00    M    M  7.1 28 310   M    M   0        34 310
23  78  51  65  -3   0   0 0.00    M    M  8.1 24 300   M    M   0        30 300
24  70  45  58  -9   7   0 0.00    M    M  9.9 17 340   M    M   5        23 350
25  70  43  57 -10   8   0 0.00    M    M  4.1 15 130   M    M   4        18 130
26  74  45  60  -6   5   0    T    M    M  4.3 35 320   M    M   3 3      43 320
================================================================================
SM 2213 1342        36 129  1.44    M    170.9          M       34
================================================================================
AV 85.1 51.6                               6.6 FASTST   M    M   1    MAX(MPH)
                                 MISC ---->  # 46 240               # 55  240
================================================================================
NOTES:
# LAST OF SEVERAL OCCURRENCES

COLUMN 17 PEAK WIND IN M.P.H.

PRELIMINARY LOCAL CLIMATOLOGICAL DATA (WS FORM: F-6) , PAGE 2

                                          STATION:  SHERIDAN WY
                                          MONTH:    AUGUST
                                          YEAR:     2016
                                          LATITUDE:   44 46 N
                                          LONGITUDE: 106 58 W

[TEMPERATURE DATA]      [PRECIPITATION DATA]       SYMBOLS USED IN COLUMN 16

AVERAGE MONTHLY: 68.4   TOTAL FOR MONTH:   1.44    1 = FOG OR MIST
DPTR FM NORMAL:  -1.2   DPTR FM NORMAL:    0.86    2 = FOG REDUCING VISIBILITY
HIGHEST:   101 ON  2    GRTST 24HR  0.77 ON 18-19      TO 1/4 MILE OR LESS
LOWEST:     42 ON 20                               3 = THUNDER
                        SNOW, ICE PELLETS, HAIL    4 = ICE PELLETS
                        TOTAL MONTH:    M          5 = HAIL
                        GRTST 24HR    M  ON   M    6 = FREEZING RAIN OR DRIZZLE
                        GRTST DEPTH:  M  ON   M    7 = DUSTSTORM OR SANDSTORM:
                                                       VSBY 1/2 MILE OR LESS
                                                   8 = SMOKE OR HAZE
[NO. OF DAYS WITH]      [WEATHER - DAYS WITH]      9 = BLOWING SNOW
                                                   X = TORNADO
MAX 32 OR BELOW:   0    0.01 INCH OR MORE:   6
MAX 90 OR ABOVE:  11    0.10 INCH OR MORE:   3
MIN 32 OR BELOW:   0    0.50 INCH OR MORE:   1
MIN  0 OR BELOW:   0    1.00 INCH OR MORE:   0

[HDD (BASE 65) ]
TOTAL THIS MO.    36    CLEAR  (SCALE 0-3)  21
DPTR FM NORMAL    13    PTCLDY (SCALE 4-7)   5
TOTAL FM JUL 1    42    CLOUDY (SCALE 8-10)  0
DPTR FM NORMAL    -7

[CDD (BASE 65) ]
TOTAL THIS MO.   129
DPTR FM NORMAL   -15    [PRESSURE DATA]
TOTAL FM JAN 1   492    HIGHEST SLP M ON M
DPTR FM NORMAL   116    LOWEST  SLP 29.56 ON 22

[REMARKS]
