000
CXUS56 KMFR 201000
CF6SIY
PRELIMINARY LOCAL CLIMATOLOGICAL DATA (WS FORM: F-6)

                                          STATION:   MONTAGUE CA
                                          MONTH:     NOVEMBER
                                          YEAR:      2014
                                          LATITUDE:   41 46 N
                                          LONGITUDE: 122 28 W

  TEMPERATURE IN F:       :PCPN:    SNOW:  WIND      :SUNSHINE: SKY     :PK WND
================================================================================
1   2   3   4   5  6A  6B    7    8   9   10  11  12  13   14  15   16   17  18
                                     12Z  AVG MX 2MIN
DY MAX MIN AVG DEP HDD CDD  WTR  SNW DPTH SPD SPD DIR MIN PSBL S-S WX    SPD DR
================================================================================

 1  53  36  45   0  20   0 0.00    M    M  3.9 15  20   M    M   7        17  20
 2  55  33  44  -1  21   0 0.00    M    M  2.6  8  30   M    M   3        12 350
 3  57  37  47   3  18   0 0.00    M    M  1.2  7  50   M    M   0         9 340
 4  57  40  49   5  16   0 0.01    M    M  2.3  8  10   M    M   8         8  10
 5  58  36  47   3  18   0 0.00    M    M  1.9  8 190   M    M   4 12     11 200
 6  70  38  54  11  11   0 0.00    M    M  6.4 18 170   M    M   5 128    22 180
 7  61  40  51   8  14   0 0.00    M    M  1.5 10  10   M    M   4 1      13 260
 8  61  36  49   7  16   0 0.00    M    M  1.4  6 130   M    M   4 12      8 180
 9  58  36  47   5  18   0 0.00    M    M  4.2 14 350   M    M   5 12     16 220
10  57  29  43   1  22   0 0.00    M    M  5.3 16 360   M    M   1        18 360
11  53  23  38  -3  27   0 0.00    M    M  2.2 12  40   M    M   0 12     13  40
12  47  33  40  -1  25   0 0.04    M    M  6.2 14  20   M    M   7 1      16  30
13  57  38  48   8  17   0 0.28    M    M  5.0 22 340   M    M   7 1      26 340
14  57  36  47   7  18   0    T    M    M  5.8 20 270   M    M   6        23 270
15  55  30  43   3  22   0    T    M    M  9.6 25 350   M    M   5        30 360
16  43  22  33  -6  32   0 0.00    M    M  2.8 13  40   M    M   0        17  40
17  45  16  31  -8  34   0 0.00    M    M  1.6  7 210   M    M   0 1       8 190
18  43  18  31  -8  34   0 0.00    M    M  1.6  8 240   M    M   0         9 240
19  56  34  45   7  20   0 0.04    M    M 10.4 41 180   M    M   7 18     52 170
================================================================================
SM 1043  611       403   0  0.37    M     75.9          M       73
================================================================================
AV 54.9 32.2                               4.0 FASTST   M    M   4    MAX(MPH)
                                 MISC ---->  # 41 180               # 52  170
================================================================================
NOTES:
# LAST OF SEVERAL OCCURRENCES

COLUMN 17 PEAK WIND IN M.P.H.

PRELIMINARY LOCAL CLIMATOLOGICAL DATA (WS FORM: F-6) , PAGE 2

                                          STATION:  MONTAGUE CA
                                          MONTH:    NOVEMBER
                                          YEAR:     2014
                                          LATITUDE:   41 46 N
                                          LONGITUDE: 122 28 W

[TEMPERATURE DATA]      [PRECIPITATION DATA]       SYMBOLS USED IN COLUMN 16

AVERAGE MONTHLY: 43.5   TOTAL FOR MONTH:   0.37    1 = FOG OR MIST
DPTR FM NORMAL:   1.9   DPTR FM NORMAL:   -1.37    2 = FOG REDUCING VISIBILITY
HIGHEST:    70 ON  6    GRTST 24HR  0.41 ON 31- 1      TO 1/4 MILE OR LESS
LOWEST:     16 ON 17                               3 = THUNDER
                        SNOW, ICE PELLETS, HAIL    4 = ICE PELLETS
                        TOTAL MONTH:    M          5 = HAIL
                        GRTST 24HR    M  ON   M    6 = FREEZING RAIN OR DRIZZLE
                        GRTST DEPTH:  M  ON   M    7 = DUSTSTORM OR SANDSTORM:
                                                       VSBY 1/2 MILE OR LESS
                                                   8 = SMOKE OR HAZE
[NO. OF DAYS WITH]      [WEATHER - DAYS WITH]      9 = BLOWING SNOW
                                                   X = TORNADO
MAX 32 OR BELOW:   0    0.01 INCH OR MORE:   4
MAX 90 OR ABOVE:   0    0.10 INCH OR MORE:   1
MIN 32 OR BELOW:   6    0.50 INCH OR MORE:   0
MIN  0 OR BELOW:   0    1.00 INCH OR MORE:   0

[HDD (BASE 65) ]
TOTAL THIS MO.   403    CLEAR  (SCALE 0-3)   7
DPTR FM NORMAL   -41    PTCLDY (SCALE 4-7)  12
TOTAL FM JUL 1   738    CLOUDY (SCALE 8-10)  0
DPTR FM NORMAL  -259

[CDD (BASE 65) ]
TOTAL THIS MO.     0
DPTR FM NORMAL     0    [PRESSURE DATA]
TOTAL FM JAN 1   913    HIGHEST SLP M ON M
DPTR FM NORMAL   369    LOWEST  SLP 29.77 ON  1

[REMARKS]
