000
CXUS56 KFGZ 290900
CF6SJN
PRELIMINARY LOCAL CLIMATOLOGICAL DATA (WS FORM: F-6)

                                          STATION:   SAINT JOHNS AZ AIRPORT
                                          MONTH:     APRIL
                                          YEAR:      2016
                                          LATITUDE:   34 31 N
                                          LONGITUDE: 109 23 W

  TEMPERATURE IN F:       :PCPN:    SNOW:  WIND      :SUNSHINE: SKY     :PK WND
================================================================================
1   2   3   4   5  6A  6B    7    8   9   10  11  12  13   14  15   16   17  18
                                     12Z  AVG MX 2MIN
DY MAX MIN AVG DEP HDD CDD  WTR  SNW DPTH SPD SPD DIR MIN PSBL S-S WX    SPD DR
================================================================================

 1  57  28  43  -6  22   0    T    M    M  6.2 31 350   M    M   5        35 360
 2  66  20  43  -6  22   0 0.00    M    M  4.0 12 310   M    M   0        17  30
 3  71  23  47  -2  18   0 0.00    M    M  4.6 13 300   M    M   0        24 210
 4  78  28  53   3  12   0 0.00    M    M  6.4 22 250   M    M   0        30 270
 5  74  35  55   5  10   0 0.00    M    M  8.4 24 310   M    M   0        32 320
 6  74  26  50   0  15   0 0.00    M    M  4.4 13 340   M    M   0        17 320
 7  79  34  57   6   8   0 0.00    M    M  5.8 22 180   M    M   0 8      29 180
 8  65  41  53   2  12   0 0.04    M    M  7.7 28 270   M    M   7        35 200
 9  73  35  54   3  11   0 0.00    M    M  6.9 23 250   M    M   1        30 250
10  63  34  49  -3  16   0 0.11    M    M  6.4 24 270   M    M   5        36 300
11  64  32  48  -4  17   0 0.00    M    M  5.2 24 180   M    M   5        33 190
12  63  41  52   0  13   0 0.29    M    M  8.3 23 180   M    M   6 1      30 180
13  72  35  54   1  11   0 0.00    M    M  4.4 13 240   M    M   0        17 340
14  76  35  56   3   9   0 0.00    M    M 11.0 30 250   M    M   0        40 260
15  68  35  52  -1  13   0 0.02    M    M 14.2 37 250   M    M   4        48 260
16  45  34  40 -14  25   0 0.19    M    M 14.6 25 290   M    M  10 1      30 270
17  52  33  43 -11  22   0 0.00    M    M  6.6 18 320   M    M   7        23 310
18  60  30  45  -9  20   0 0.00    M    M  5.6 21 330   M    M   1        25 310
19  69  28  49  -6  16   0 0.00    M    M  6.1 23 300   M    M   0        29 310
20  76  39  58   3   7   0 0.00  0.0    0  8.2 22 310   M    M   0 8      29 330
21  81  36  59   4   6   0 0.00    M    M  5.8 13 240   M    M   0        17 330
22  84  35  60   5   5   0 0.00    M    M  9.2 30 250   M    M   0        38 250
23  76  43  60   4   5   0 0.00    M    M 16.4 38 240   M    M   0        49 220
24  74  36  55  -1  10   0 0.00    M    M  8.8 24 250   M    M   0        30 260
25  69  34  52  -4  13   0 0.00  0.0    0 17.9 48 230   M    M   0        62 230
26  61  26  44 -13  21   0 0.00    M    M 13.7 26 290   M    M   4        42 310
27  71  36  54  -3  11   0 0.00    M    M  8.4 26 240   M    M   1        33 230
28  67  39  53  -4  12   0 0.00    M    M 19.0 40 240   M    M   2        52 250
================================================================================
SM 1928  931       382   0  0.65     0.0 244.2          M       58
================================================================================
AV 68.9 33.2                               8.7 FASTST   M    M   2    MAX(MPH)
                                 MISC ---->  # 48 230               # 62  230
================================================================================
NOTES:
# LAST OF SEVERAL OCCURRENCES

COLUMN 17 PEAK WIND IN M.P.H.

PRELIMINARY LOCAL CLIMATOLOGICAL DATA (WS FORM: F-6) , PAGE 2

                                          STATION:  SAINT JOHNS AZ AIRPORT
                                          MONTH:    APRIL
                                          YEAR:     2016
                                          LATITUDE:   34 31 N
                                          LONGITUDE: 109 23 W

[TEMPERATURE DATA]      [PRECIPITATION DATA]       SYMBOLS USED IN COLUMN 16

AVERAGE MONTHLY: 51.1   TOTAL FOR MONTH:   0.65    1 = FOG OR MIST
DPTR FM NORMAL:  -2.0   DPTR FM NORMAL:    0.17    2 = FOG REDUCING VISIBILITY
HIGHEST:    84 ON 22    GRTST 24HR  0.29 ON 12-12      TO 1/4 MILE OR LESS
LOWEST:     20 ON  2                               3 = THUNDER
                        SNOW, ICE PELLETS, HAIL    4 = ICE PELLETS
                        TOTAL MONTH:   0.0 INCH    5 = HAIL
                        GRTST 24HR     0.0         6 = FREEZING RAIN OR DRIZZLE
                        GRTST DEPTH:   0           7 = DUSTSTORM OR SANDSTORM:
                                                       VSBY 1/2 MILE OR LESS
                                                   8 = SMOKE OR HAZE
[NO. OF DAYS WITH]      [WEATHER - DAYS WITH]      9 = BLOWING SNOW
                                                   X = TORNADO
MAX 32 OR BELOW:   0    0.01 INCH OR MORE:   5
MAX 90 OR ABOVE:   0    0.10 INCH OR MORE:   3
MIN 32 OR BELOW:   9    0.50 INCH OR MORE:   0
MIN  0 OR BELOW:   0    1.00 INCH OR MORE:   0

[HDD (BASE 65) ]
TOTAL THIS MO.   382    CLEAR  (SCALE 0-3)  19
DPTR FM NORMAL    46    PTCLDY (SCALE 4-7)   8
TOTAL FM JUL 1  4574    CLOUDY (SCALE 8-10)  1
DPTR FM NORMAL    22

[CDD (BASE 65) ]
TOTAL THIS MO.     0
DPTR FM NORMAL     0    [PRESSURE DATA]
TOTAL FM JAN 1     0    HIGHEST SLP M ON M
DPTR FM NORMAL     0    LOWEST  SLP 29.50 ON M

[REMARKS]
