000
CXUS56 KFGZ 280900
CF6SJN
PRELIMINARY LOCAL CLIMATOLOGICAL DATA (WS FORM: F-6)

                                          STATION:   SAINT JOHNS AZ AIRPORT
                                          MONTH:     MARCH
                                          YEAR:      2017
                                          LATITUDE:   34 31 N
                                          LONGITUDE: 109 23 W

  TEMPERATURE IN F:       :PCPN:    SNOW:  WIND      :SUNSHINE: SKY     :PK WND
================================================================================
1   2   3   4   5  6A  6B    7    8   9   10  11  12  13   14  15   16   17  18
                                     12Z  AVG MX 2MIN
DY MAX MIN AVG DEP HDD CDD  WTR  SNW DPTH SPD SPD DIR MIN PSBL S-S WX    SPD DR
================================================================================

 1  47  24  36  -6  29   0 0.00    M    M  5.3 15 320   M    M   2        18 320
 2  57  13  35  -7  30   0 0.00    M    M  3.3 10  50   M    M   0 18     14  50
 3  63  16  40  -2  25   0 0.00    M    M  3.9 14 310   M    M   0 8      16 320
 4  67  25  46   3  19   0 0.00    M    M  7.2 28 250   M    M   0        33 250
 5  62  42  52   9  13   0    T    M    M 18.4 43 220   M    M   2        57 220
 6  54  28  41  -2  24   0 0.00    M    M 19.4 46 230   M    M   0 8      62 220
 7  63  21  42  -1  23   0 0.00    M    M  4.4 10 330   M    M   0        14  20
 8  72  21  47   4  18   0 0.00    M    M  4.1 14 340   M    M   0        18 330
 9  74  26  50   7  15   0 0.00    M    M  4.1 14 340   M    M   0        19 340
10  79  27  53   9  12   0 0.00    M    M  8.4 23 280   M    M   0        32 280
11  73  34  54  10  11   0 0.00    M    M  6.1 16 310   M    M   0        19 320
12  74  29  52   8  13   0 0.00    M    M  6.9 22 310   M    M   0        32 280
13  72  29  51   7  14   0 0.00    M    M  5.5 12 320   M    M   0        18 320
14  76  29  53   9  12   0 0.00    M    M  4.9 14 340   M    M   0        18 310
15  78  28  53   8  12   0 0.00    M    M  6.0 28 270   M    M   0        37 270
16  75  32  54   9  11   0 0.00    M    M  6.8 18 330   M    M   0 8      25 270
17  77  39  58  13   7   0 0.00    M    M  4.9 12 240   M    M   0        16  70
18  80  33  57  12   8   0 0.00    M    M  7.0 22 250   M    M   0        30 270
19  79  34  57  11   8   0 0.00    M    M  5.1 20 290   M    M   0        31 290
20  81  35  58  12   7   0 0.00    M    M  7.5 24 280   M    M   1        31 280
21  79  40  60  14   5   0 0.00    M    M  8.1 25 260   M    M   0        30 230
22  74  34  54   8  11   0 0.00    M    M  8.7 26 250   M    M   0        35 250
23  55  36  46  -1  19   0 0.06    M    M 18.2 36 240   M    M   5 1      46 240
24  63  35  49   2  16   0 0.00    M    M 12.6 25 270   M    M   1        33 260
25  70  27  49   2  16   0    T    M    M  8.9 31 210   M    M   1        43 240
26  64  33  49   2  16   0 0.00    M    M  8.1 20 310   M    M   0        25 310
27  62  32  47  -1  18   0 0.02    M    M 10.1 25 210   M    M   4        34 290
================================================================================
SM 1870  802       412   0  0.08    M    213.9          M       16
================================================================================
AV 69.3 29.7                               7.9 FASTST   M    M   1    MAX(MPH)
                                 MISC ---->  # 46 230               # 62  220
================================================================================
NOTES:
# LAST OF SEVERAL OCCURRENCES

COLUMN 17 PEAK WIND IN M.P.H.

PRELIMINARY LOCAL CLIMATOLOGICAL DATA (WS FORM: F-6) , PAGE 2

                                          STATION:  SAINT JOHNS AZ AIRPORT
                                          MONTH:    MARCH
                                          YEAR:     2017
                                          LATITUDE:   34 31 N
                                          LONGITUDE: 109 23 W

[TEMPERATURE DATA]      [PRECIPITATION DATA]       SYMBOLS USED IN COLUMN 16

AVERAGE MONTHLY: 49.5   TOTAL FOR MONTH:   0.08    1 = FOG OR MIST
DPTR FM NORMAL:   4.9   DPTR FM NORMAL:   -0.54    2 = FOG REDUCING VISIBILITY
HIGHEST:    81 ON 20    GRTST 24HR  0.06 ON 23-23      TO 1/4 MILE OR LESS
LOWEST:     13 ON  2                               3 = THUNDER
                        SNOW, ICE PELLETS, HAIL    4 = ICE PELLETS
                        TOTAL MONTH:    M          5 = HAIL
                        GRTST 24HR    M  ON   M    6 = FREEZING RAIN OR DRIZZLE
                        GRTST DEPTH:  M  ON   M    7 = DUSTSTORM OR SANDSTORM:
                                                       VSBY 1/2 MILE OR LESS
                                                   8 = SMOKE OR HAZE
[NO. OF DAYS WITH]      [WEATHER - DAYS WITH]      9 = BLOWING SNOW
                                                   X = TORNADO
MAX 32 OR BELOW:   0    0.01 INCH OR MORE:   2
MAX 90 OR ABOVE:   0    0.10 INCH OR MORE:   0
MIN 32 OR BELOW:  16    0.50 INCH OR MORE:   0
MIN  0 OR BELOW:   0    1.00 INCH OR MORE:   0

[HDD (BASE 65) ]
TOTAL THIS MO.   412    CLEAR  (SCALE 0-3)  25
DPTR FM NORMAL  -142    PTCLDY (SCALE 4-7)   2
TOTAL FM JUL 1  3530    CLOUDY (SCALE 8-10)  0
DPTR FM NORMAL  -619

[CDD (BASE 65) ]
TOTAL THIS MO.     0
DPTR FM NORMAL     0    [PRESSURE DATA]
TOTAL FM JAN 1     0    HIGHEST SLP M ON M
DPTR FM NORMAL     0    LOWEST  SLP 29.69 ON 22

[REMARKS]
