000
CXUS54 KSJT 161210
CF6SJT
PRELIMINARY LOCAL CLIMATOLOGICAL DATA (WS FORM: F-6)

                                          STATION:   SAN ANGELO
                                          MONTH:     AUGUST
                                          YEAR:      2017
                                          LATITUDE:   31 21 N
                                          LONGITUDE: 100 30 W

  TEMPERATURE IN F:       :PCPN:    SNOW:  WIND      :SUNSHINE: SKY     :PK WND
================================================================================
1   2   3   4   5  6A  6B    7    8   9   10  11  12  13   14  15   16   17  18
                                     12Z  AVG MX 2MIN
DY MAX MIN AVG DEP HDD CDD  WTR  SNW DPTH SPD SPD DIR MIN PSBL S-S WX    SPD DR
================================================================================

 1  84  72  78  -6   0  13    T  0.0    0  5.8 13  50   M    M   4        16 260
 2  85  68  77  -7   0  12 0.22  0.0    0  6.7 18  30   M    M   8 18     22  30
 3  94  64  79  -5   0  14 0.00  0.0    0  4.5 13  70   M    M   2 12     19  60
 4  97  65  81  -3   0  16 0.00  0.0    0  4.0 14 120   M    M   1        19 120
 5 101  72  87   3   0  22 0.00  0.0    0  9.9 20 210   M    M   1        24 200
 6 103  74  89   5   0  24    T  0.0    0  9.0 26 260   M    M   2 3      34 250
 7  89  71  80  -4   0  15 0.11  0.0    0  5.5 24  80   M    M   5 13     30  80
 8  87  73  80  -4   0  15 0.51  0.0    0  7.0 16  80   M    M   8 1      20  80
 9  94  67  81  -3   0  16 0.00  0.0    0  4.3 10 100   M    M   3 1      15  80
10  98  70  84   0   0  19 0.00  0.0    0  7.0 16 130   M    M   2        24 150
11  98  73  86   2   0  21 0.00  0.0    0  7.3 15 140   M    M   1        20 130
12 100  75  88   5   0  23 0.13  0.0    0  9.6 17 340   M    M   2 13     23 180
13  99  73  86   3   0  21 0.01  0.0    0  7.4 22 240   M    M   0 13     27 250
14  99  74  87   4   0  22    T  0.0    0  6.9 17  60   M    M   1        24 220
15  91  71  81  -2   0  16 0.67  0.0    0  6.9 17 110   M    M   5 13     24 170
================================================================================
SM 1419 1062         0 269  1.65     0.0 101.8          M       45
================================================================================
AV 94.6 70.8                               6.8 FASTST   M    M   3    MAX(MPH)
                                 MISC ---->  # 26 260               # 34  250
================================================================================
NOTES:
# LAST OF SEVERAL OCCURRENCES

COLUMN 17 PEAK WIND IN M.P.H.

PRELIMINARY LOCAL CLIMATOLOGICAL DATA (WS FORM: F-6) , PAGE 2

                                          STATION:  SAN ANGELO
                                          MONTH:    AUGUST
                                          YEAR:     2017
                                          LATITUDE:   31 21 N
                                          LONGITUDE: 100 30 W

[TEMPERATURE DATA]      [PRECIPITATION DATA]       SYMBOLS USED IN COLUMN 16

AVERAGE MONTHLY: 82.7   TOTAL FOR MONTH:   1.65    1 = FOG OR MIST
DPTR FM NORMAL:  -1.0   DPTR FM NORMAL:    0.78    2 = FOG REDUCING VISIBILITY
HIGHEST:   103 ON  6    GRTST 24HR  0.67 ON 15-15      TO 1/4 MILE OR LESS
LOWEST:     64 ON  3                               3 = THUNDER
                        SNOW, ICE PELLETS, HAIL    4 = ICE PELLETS
                        TOTAL MONTH:   0.0 INCH    5 = HAIL
                        GRTST 24HR     0.0         6 = FREEZING RAIN OR DRIZZLE
                        GRTST DEPTH:   0           7 = DUSTSTORM OR SANDSTORM:
                                                       VSBY 1/2 MILE OR LESS
                                                   8 = SMOKE OR HAZE
[NO. OF DAYS WITH]      [WEATHER - DAYS WITH]      9 = BLOWING SNOW
                                                   X = TORNADO
MAX 32 OR BELOW:   0    0.01 INCH OR MORE:   6
MAX 90 OR ABOVE:  11    0.10 INCH OR MORE:   5
MIN 32 OR BELOW:   0    0.50 INCH OR MORE:   2
MIN  0 OR BELOW:   0    1.00 INCH OR MORE:   0

[HDD (BASE 65) ]
TOTAL THIS MO.     0    CLEAR  (SCALE 0-3)  10
DPTR FM NORMAL     0    PTCLDY (SCALE 4-7)   5
TOTAL FM JUL 1     0    CLOUDY (SCALE 8-10)  0
DPTR FM NORMAL     0

[CDD (BASE 65) ]
TOTAL THIS MO.   269
DPTR FM NORMAL   -11    [PRESSURE DATA]
TOTAL FM JAN 1  2019    HIGHEST SLP M ON M
DPTR FM NORMAL   252    LOWEST  SLP 29.69 ON  6

[REMARKS]
