000
CXUS54 KSJT 241210
CF6SJT
PRELIMINARY LOCAL CLIMATOLOGICAL DATA (WS FORM: F-6)

                                          STATION:   SAN ANGELO
                                          MONTH:     JANUARY
                                          YEAR:      2018
                                          LATITUDE:   31 21 N
                                          LONGITUDE: 100 30 W

  TEMPERATURE IN F:       :PCPN:    SNOW:  WIND      :SUNSHINE: SKY     :PK WND
================================================================================
1   2   3   4   5  6A  6B    7    8   9   10  11  12  13   14  15   16   17  18
                                     12Z  AVG MX 2MIN
DY MAX MIN AVG DEP HDD CDD  WTR  SNW DPTH SPD SPD DIR MIN PSBL S-S WX    SPD DR
================================================================================

 1  24  16  20 -26  45   0    T    T    0  8.1 17  40   M    M  10        20  40
 2  25  18  22 -24  43   0    T    T    0  7.5 12 310   M    M   8 18     14  80
 3  57  16  37  -9  28   0 0.00  0.0    0  6.5 13 340   M    M   0        17 280
 4  60  24  42  -4  23   0 0.00  0.0    0  7.0 18 180   M    M   2        22 180
 5  66  28  47   1  18   0 0.00  0.0    0  6.5 16 220   M    M   1        22 220
 6  64  29  47   1  18   0 0.00  0.0    0  6.9 20 180   M    M   1 1      26 170
 7  67  43  55   9  10   0 0.00  0.0    0 16.6 30 190   M    M   3        38 190
 8  67  32  50   4  15   0 0.00  0.0    0  4.6 12 270   M    M   0        14 270
 9  76  32  54   8  11   0 0.00  0.0    0  8.4 20 220   M    M   0        24 200
10  75  47  61  15   4   0 0.00  0.0    0 13.8 33 260   M    M   1 8      42 260
11  58  33  46   0  19   0 0.00  0.0    0 15.5 32 340   M    M   2        43 330
12  59  19  39  -7  26   0 0.00  0.0    0  5.5 13  60   M    M   0 8      18 150
13  51  23  37  -9  28   0 0.00  0.0    0  6.5 13  30   M    M   0        17  50
14  63  23  43  -3  22   0 0.00  0.0    0  7.6 22 210   M    M   0        26 200
15  68  28  48   2  17   0 0.00  0.0    0 14.0 38  20   M    M   3 1      45  20
16  30  19  25 -21  40   0    T    T    0 11.7 26  20   M    M   9        31  40
17  41  10  26 -20  39   0 0.00  0.0    0  3.5 10  80   M    M   7        13  60
18  52  31  42  -4  23   0 0.00  0.0    0  7.3 18 200   M    M   5 8      22 200
19  67  25  46   0  19   0 0.00  0.0    0 11.9 22 220   M    M   0        29 210
20  77  39  58  12   7   0 0.00  0.0    0 12.9 23 200   M    M   1 1      29 190
21  73  46  60  13   5   0 0.00  0.0    0 15.8 23 260   M    M   1        33 290
22  60  28  44  -3  21   0 0.00  0.0    0 10.3 25 300   M    M   0        29 310
23  64  20  42  -5  23   0 0.00  0.0    0  4.3 12  50   M    M   0        20  50
================================================================================
SM 1344  629       504   0    T     T    212.7          M       54
================================================================================
AV 58.4 27.4                               9.2 FASTST   M    M   2    MAX(MPH)
                                 MISC ---->  # 38  20               # 45   20
================================================================================
NOTES:
# LAST OF SEVERAL OCCURRENCES

COLUMN 17 PEAK WIND IN M.P.H.

PRELIMINARY LOCAL CLIMATOLOGICAL DATA (WS FORM: F-6) , PAGE 2

                                          STATION:  SAN ANGELO
                                          MONTH:    JANUARY
                                          YEAR:     2018
                                          LATITUDE:   31 21 N
                                          LONGITUDE: 100 30 W

[TEMPERATURE DATA]      [PRECIPITATION DATA]       SYMBOLS USED IN COLUMN 16

AVERAGE MONTHLY: 42.9   TOTAL FOR MONTH:      T    1 = FOG OR MIST
DPTR FM NORMAL:  -3.2   DPTR FM NORMAL:   -0.66    2 = FOG REDUCING VISIBILITY
HIGHEST:    77 ON 20    GRTST 24HR    T  ON 16-16      TO 1/4 MILE OR LESS
LOWEST:     10 ON 17                               3 = THUNDER
                        SNOW, ICE PELLETS, HAIL    4 = ICE PELLETS
                        TOTAL MONTH:    T          5 = HAIL
                        GRTST 24HR    T  ON 16-16  6 = FREEZING RAIN OR DRIZZLE
                        GRTST DEPTH:   0           7 = DUSTSTORM OR SANDSTORM:
                                                       VSBY 1/2 MILE OR LESS
                                                   8 = SMOKE OR HAZE
[NO. OF DAYS WITH]      [WEATHER - DAYS WITH]      9 = BLOWING SNOW
                                                   X = TORNADO
MAX 32 OR BELOW:   3    0.01 INCH OR MORE:   0
MAX 90 OR ABOVE:   0    0.10 INCH OR MORE:   0
MIN 32 OR BELOW:  18    0.50 INCH OR MORE:   0
MIN  0 OR BELOW:   0    1.00 INCH OR MORE:   0

[HDD (BASE 65) ]
TOTAL THIS MO.   504    CLEAR  (SCALE 0-3)  18
DPTR FM NORMAL    71    PTCLDY (SCALE 4-7)   2
TOTAL FM JUL 1  1358    CLOUDY (SCALE 8-10)  3
DPTR FM NORMAL   -42

[CDD (BASE 65) ]
TOTAL THIS MO.     0
DPTR FM NORMAL     0    [PRESSURE DATA]
TOTAL FM JAN 1     0    HIGHEST SLP M ON M
DPTR FM NORMAL     0    LOWEST  SLP 29.54 ON 10

[REMARKS]
