000
CXUS56 KSLC 281227
CF6SLC
PRELIMINARY LOCAL CLIMATOLOGICAL DATA (WS FORM: F-6)

                                          STATION:   SALT LAKE CITY UT
                                          MONTH:     SEPTEMBER
                                          YEAR:      2016
                                          LATITUDE:   40 46 N
                                          LONGITUDE: 111 58 W

  TEMPERATURE IN F:       :PCPN:    SNOW:  WIND      :SUNSHINE: SKY     :PK WND
================================================================================
1   2   3   4   5  6A  6B    7    8   9   10  11  12  13   14  15   16   17  18
                                     12Z  AVG MX 2MIN
DY MAX MIN AVG DEP HDD CDD  WTR  SNW DPTH SPD SPD DIR MIN PSBL S-S WX    SPD DR
================================================================================

 1  93  72  83  11   0  18 0.01  0.0    0 14.5 33 170   M    M   4 38     42 170
 2  92  70  81   9   0  16 0.00  0.0    0 17.2 31 160   M    M   2 38     40 160
 3  87  61  74   2   0   9 0.00  0.0    0  9.3 18 330   M    M   2        21 330
 4  80  60  70  -1   0   5    T  0.0    0 10.7 26 330   M    M   3        32 330
 5  75  52  64  -7   1   0 0.00  0.0    0  7.6 18 330   M    M   2        22 340
 6  80  52  66  -4   0   1 0.00  0.0    0  5.5 16 360   M    M   2        18 350
 7  84  57  71   1   0   6 0.00  0.0    0  6.0 15 140   M    M   2        17 340
 8  83  54  69  -1   0   4 0.00  0.0    0  6.5 21 330   M    M   1        26 340
 9  77  54  66  -3   0   1 0.00  0.0    0  6.8 18 310   M    M   1        24 290
10  83  50  67  -2   0   2 0.00  0.0    0  6.9 14 350   M    M   0        17 350
11  91  55  73   5   0   8 0.00  0.0    0  8.3 25 150   M    M   3        33 150
12  83  57  70   2   0   5    T  0.0    0 13.9 38 230   M    M   5 8      53 240
13  82  51  67   0   0   2 0.17  0.0    0  7.1 37 210   M    M   5 138    45 210
14  70  54  62  -5   3   0 0.09  0.0    0 11.0 25 180   M    M   8 3      32 170
15  68  53  61  -5   4   0 0.00  0.0    0  4.7 13 340   M    M   5        15 340
16  73  49  61  -5   4   0 0.00  0.0    0  5.1 13 350   M    M   0 8      17  10
17  80  51  66   0   0   1 0.00  0.0    0  7.5 15 330   M    M   2        19 310
18  88  57  73   8   0   8 0.00  0.0    0  8.8 16 190   M    M   1        20 170
19  92  60  76  11   0  11 0.00  0.0    0  9.8 22 190   M    M   1        26 170
20  89  60  75  11   0  10 0.00  0.0    0  9.1 25 170   M    M   2        32 170
21  84  60  72   8   0   7 0.02  0.0    0 16.7 24 170   M    M   3 1      35 160
22  79  49  64   1   1   0 0.89  0.0    0 13.4 32 280   M    M   7 13     43 260
23  51  47  49 -14  16   0 0.48    M    0  8.2 15 330   M    M  10 1      18 330
24  62  47  55  -7  10   0 0.22    M    0  7.1 17 150   M    M   6        21 290
25  68  46  57  -5   8   0 0.00  0.0    0  7.7 16 330   M    M   0        21 320
26  72  49  61   0   4   0 0.00  0.0    0  5.1 12 330   M    M   0        15 310
27  77  52  65   4   0   0 0.00  0.0    0  5.1 12 290   M    M   0        15 290
================================================================================
SM 2143 1479        51 114  1.88     0.0 239.6          M       77
================================================================================
AV 79.4 54.8                               8.9 FASTST   M    M   3    MAX(MPH)
                                 MISC ---->  # 38 230               # 53  240
================================================================================
NOTES:
# LAST OF SEVERAL OCCURRENCES

COLUMN 17 PEAK WIND IN M.P.H.

PRELIMINARY LOCAL CLIMATOLOGICAL DATA (WS FORM: F-6) , PAGE 2

                                          STATION:  SALT LAKE CITY UT
                                          MONTH:    SEPTEMBER
                                          YEAR:     2016
                                          LATITUDE:   40 46 N
                                          LONGITUDE: 111 58 W

[TEMPERATURE DATA]      [PRECIPITATION DATA]       SYMBOLS USED IN COLUMN 16

AVERAGE MONTHLY: 67.1   TOTAL FOR MONTH:   1.88    1 = FOG OR MIST
DPTR FM NORMAL:   0.3   DPTR FM NORMAL:    0.81    2 = FOG REDUCING VISIBILITY
HIGHEST:    93 ON  1    GRTST 24HR  0.94 ON 22-23      TO 1/4 MILE OR LESS
LOWEST:     46 ON 25                               3 = THUNDER
                        SNOW, ICE PELLETS, HAIL    4 = ICE PELLETS
                        TOTAL MONTH:   0.0 INCH    5 = HAIL
                        GRTST 24HR     0.0         6 = FREEZING RAIN OR DRIZZLE
                        GRTST DEPTH:   0           7 = DUSTSTORM OR SANDSTORM:
                                                       VSBY 1/2 MILE OR LESS
                                                   8 = SMOKE OR HAZE
[NO. OF DAYS WITH]      [WEATHER - DAYS WITH]      9 = BLOWING SNOW
                                                   X = TORNADO
MAX 32 OR BELOW:   0    0.01 INCH OR MORE:   7
MAX 90 OR ABOVE:   4    0.10 INCH OR MORE:   4
MIN 32 OR BELOW:   0    0.50 INCH OR MORE:   1
MIN  0 OR BELOW:   0    1.00 INCH OR MORE:   0

[HDD (BASE 65) ]
TOTAL THIS MO.    51    CLEAR  (SCALE 0-3)  19
DPTR FM NORMAL   -15    PTCLDY (SCALE 4-7)   7
TOTAL FM JUL 1    52    CLOUDY (SCALE 8-10)  1
DPTR FM NORMAL   -19

[CDD (BASE 65) ]
TOTAL THIS MO.   114
DPTR FM NORMAL     1    [PRESSURE DATA]
TOTAL FM JAN 1  1591    HIGHEST SLP M ON M
DPTR FM NORMAL   442    LOWEST  SLP 29.46 ON 22

[REMARKS]
