000
CXUS56 KPQR 011200
CF6SLE
PRELIMINARY LOCAL CLIMATOLOGICAL DATA (WS FORM: F-6)

                                          STATION:   SALEM OR
                                          MONTH:     AUGUST
                                          YEAR:      2015
                                          LATITUDE:   44 55 N
                                          LONGITUDE: 123  0 W

  TEMPERATURE IN F:       :PCPN:    SNOW:  WIND      :SUNSHINE: SKY     :PK WND
================================================================================
1   2   3   4   5  6A  6B    7    8   9   10  11  12  13   14  15   16   17  18
                                     12Z  AVG MX 2MIN
DY MAX MIN AVG DEP HDD CDD  WTR  SNW DPTH SPD SPD DIR MIN PSBL S-S WX    SPD DR
================================================================================

 1 100  60  80  11   0  15 0.00  0.0    0  5.7 14  40   M    M   0        18  10
 2  82  63  73   4   0   8 0.00  0.0    0  4.2 14 300   M    M   1        17 300
 3  84  63  74   5   0   9 0.00  0.0    0  5.1 14 300   M    M   1        16 310
 4  85  58  72   3   0   7 0.00  0.0    0  8.4 17 320   M    M   0        20 320
 5  82  54  68  -1   0   3 0.00  0.0    0  7.7 17 320   M    M   0        22 320
 6  82  54  68  -1   0   3 0.00  0.0    0  8.1 17  20   M    M   0        22 320
 7  88  55  72   3   0   7 0.00  0.0    0  6.7 17 280   M    M   0        23 290
 8  81  56  69   1   0   4 0.00  0.0    0  7.4 18 280   M    M   3        26 270
 9  86  63  75   7   0  10 0.00  0.0    0  4.6 18 270   M    M   6        22 260
10  86  60  73   5   0   8 0.00  0.0    0  5.5 20 280   M    M   3        24 270
11  89  62  76   8   0  11 0.00  0.0    0  3.4 13 260   M    M   1        17  20
12  91  61  76   8   0  11 0.00  0.0    0  6.6 17 250   M    M   1        23 250
13  87  56  72   4   0   7 0.00  0.0    0  5.5 15 280   M    M   1        18 270
14  75  59  67  -1   0   2 0.00  0.0    0 10.2 22 190   M    M   8 3      28 190
15  79  62  71   3   0   6 0.00  0.0    0  5.7 15  20   M    M   6        20  20
16  86  52  69   1   0   4 0.00  0.0    0  8.5 20  10   M    M   0        24  40
17  91  54  73   5   0   8 0.00  0.0    0  6.8 17 360   M    M   0        23 360
18  97  56  77   9   0  12 0.00  0.0    0  4.5 13  30   M    M   0        26 350
19  98  61  80  13   0  15 0.00  0.0    0  5.0 20 290   M    M   0        23 290
20  82  59  71   4   0   6 0.00  0.0    0  6.9 14 320   M    M   3        18 290
21  80  53  67   0   0   2 0.00  0.0    0  5.8 13 300   M    M   2        16 360
22  88  53  71   4   0   6 0.00  0.0    0  8.0 20 340   M    M   5 8      23  20
23  88  55  72   5   0   7 0.00  0.0    0  2.0 17 300   M    M   8 8      19 310
24  84  53  69   2   0   4 0.00  0.0    0  3.9 13 320   M    M   0 8      15 320
25  85  51  68   1   0   3 0.00  0.0    0  4.9 12 350   M    M   0 8      18  40
26  89  51  70   4   0   5 0.00  0.0    0  3.4 16 280   M    M   0        20 280
27  90  51  71   5   0   6 0.00  0.0    0  3.3 13 260   M    M   0        16 270
28  82  64  73   7   0   8    T  0.0    0  5.1 13 340   M    M   5        15 360
29  75  63  69   3   0   4 0.27  0.0    0 14.3 30 190   M    M   7 13     40 170
30  73  57  65  -1   0   0 0.44    M    M 10.5 17 250   M    M   7 1      25 240
31  76  57  67   1   0   2 0.00    M    M  7.6 14 310   M    M   8        18 260
================================================================================
SM 2641 1776         0 203  0.71     0.0 195.3          M       76
================================================================================
AV 85.2 57.3                               6.3 FASTST   M    M   2    MAX(MPH)
                                 MISC ---->  # 30 190               # 40  170
================================================================================
NOTES:
# LAST OF SEVERAL OCCURRENCES

COLUMN 17 PEAK WIND IN M.P.H.

PRELIMINARY LOCAL CLIMATOLOGICAL DATA (WS FORM: F-6) , PAGE 2

                                          STATION:  SALEM OR
                                          MONTH:    AUGUST
                                          YEAR:     2015
                                          LATITUDE:   44 55 N
                                          LONGITUDE: 123  0 W

[TEMPERATURE DATA]      [PRECIPITATION DATA]       SYMBOLS USED IN COLUMN 16

AVERAGE MONTHLY: 71.2   TOTAL FOR MONTH:   0.71    1 = FOG OR MIST
DPTR FM NORMAL:   3.6   DPTR FM NORMAL:    0.26    2 = FOG REDUCING VISIBILITY
HIGHEST:   100 ON  1    GRTST 24HR  0.46 ON 29-30      TO 1/4 MILE OR LESS
LOWEST:     51 ON 27,26                            3 = THUNDER
                        SNOW, ICE PELLETS, HAIL    4 = ICE PELLETS
                        TOTAL MONTH:   0.0 INCH    5 = HAIL
                        GRTST 24HR     0.0         6 = FREEZING RAIN OR DRIZZLE
                        GRTST DEPTH:   0           7 = DUSTSTORM OR SANDSTORM:
                                                       VSBY 1/2 MILE OR LESS
                                                   8 = SMOKE OR HAZE
[NO. OF DAYS WITH]      [WEATHER - DAYS WITH]      9 = BLOWING SNOW
                                                   X = TORNADO
MAX 32 OR BELOW:   0    0.01 INCH OR MORE:   2
MAX 90 OR ABOVE:   6    0.10 INCH OR MORE:   2
MIN 32 OR BELOW:   0    0.50 INCH OR MORE:   0
MIN  0 OR BELOW:   0    1.00 INCH OR MORE:   0

[HDD (BASE 65) ]
TOTAL THIS MO.     0    CLEAR  (SCALE 0-3)  22
DPTR FM NORMAL   -26    PTCLDY (SCALE 4-7)   7
TOTAL FM JUL 1     2    CLOUDY (SCALE 8-10)  2
DPTR FM NORMAL   -54

[CDD (BASE 65) ]
TOTAL THIS MO.   203
DPTR FM NORMAL    97    [PRESSURE DATA]
TOTAL FM JAN 1   637    HIGHEST SLP 30.25 ON 15
DPTR FM NORMAL   385    LOWEST  SLP 29.54 ON 29

[REMARKS]
#FINAL-08-15#
