000
CXUS56 KPQR 201330
CF6SLE
PRELIMINARY LOCAL CLIMATOLOGICAL DATA (WS FORM: F-6)

                                          STATION:   SALEM OR
                                          MONTH:     NOVEMBER
                                          YEAR:      2014
                                          LATITUDE:   44 55 N
                                          LONGITUDE: 123  0 W

  TEMPERATURE IN F:       :PCPN:    SNOW:  WIND      :SUNSHINE: SKY     :PK WND
================================================================================
1   2   3   4   5  6A  6B    7    8   9   10  11  12  13   14  15   16   17  18
                                     12Z  AVG MX 2MIN
DY MAX MIN AVG DEP HDD CDD  WTR  SNW DPTH SPD SPD DIR MIN PSBL S-S WX    SPD DR
================================================================================

 1  54  41  48  -1  17   0 0.01    M    0  3.1 10 170   M    M   9 12     12 170
 2  53  45  49   1  16   0 0.06    M    0 11.0 17 160   M    M  10 1      25 180
 3  57  51  54   6  11   0 0.16  0.0    0 11.7 18 170   M    M   9 1      24 200
 4  61  54  58  10   7   0 0.39  0.0    0  9.7 22 170   M    M  10 1      31 170
 5  64  51  58  10   7   0 0.00  0.0    0  1.2  6 150   M    M   8 12      7 130
 6  62  43  53   5  12   0 0.26    M    0  8.2 23 180   M    M   6 12     31 180
 7  58  40  49   2  16   0 0.00  0.0    0  3.7 15 360   M    M   5 128    17  30
 8  54  38  46  -1  19   0 0.00  0.0    0  2.3  9 150   M    M   7 12     10 160
 9  59  41  50   3  15   0 0.01    M    0  8.4 21 180   M    M   8 1      27 180
10  57  40  49   2  16   0 0.00  0.0    0  6.5 17 350   M    M   5 12     21 360
11  55  32  44  -2  21   0 0.00  0.0    0  8.2 21  40   M    M   0        25  40
12  48  32  40  -6  25   0 0.00  0.0    0  9.6 17 350   M    M   3        20 350
13  38  33  36 -10  29   0 0.98    M    0  8.1 13 340   M    M  10 16     16 350
14  42  29  36 -10  29   0 0.03    M    0  5.3 12 360   M    M   6 1      13  30
15  48  23  36 -10  29   0 0.00  0.0    0  5.8 16  20   M    M   0        20  10
16  48  21  35 -10  30   0 0.00  0.0    0  3.8 10 340   M    M   0        13 360
17  48  22  35 -10  30   0 0.00  0.0    0  2.6 10  10   M    M   0        15 360
18  44  23  34 -11  31   0 0.00  0.0    0  1.7  7 230   M    M   0         8 180
19  49  32  41  -4  24   0 0.15    M    0  2.4  8 140   M    M   5 1      10  20
================================================================================
SM  999  691       384   0  2.05     0.0 113.3          M      101
================================================================================
AV 52.6 36.4                               6.0 FASTST   M    M   5    MAX(MPH)
                                 MISC ---->  # 23 180               # 31  170
================================================================================
NOTES:
# LAST OF SEVERAL OCCURRENCES

COLUMN 17 PEAK WIND IN M.P.H.

PRELIMINARY LOCAL CLIMATOLOGICAL DATA (WS FORM: F-6) , PAGE 2

                                          STATION:  SALEM OR
                                          MONTH:    NOVEMBER
                                          YEAR:     2014
                                          LATITUDE:   44 55 N
                                          LONGITUDE: 123  0 W

[TEMPERATURE DATA]      [PRECIPITATION DATA]       SYMBOLS USED IN COLUMN 16

AVERAGE MONTHLY: 44.5   TOTAL FOR MONTH:   2.05    1 = FOG OR MIST
DPTR FM NORMAL:  -2.2   DPTR FM NORMAL:   -1.79    2 = FOG REDUCING VISIBILITY
HIGHEST:    64 ON  5    GRTST 24HR  1.01 ON 13-14      TO 1/4 MILE OR LESS
LOWEST:     21 ON 16                               3 = THUNDER
                        SNOW, ICE PELLETS, HAIL    4 = ICE PELLETS
                        TOTAL MONTH:   0.0 INCH    5 = HAIL
                        GRTST 24HR     0.0         6 = FREEZING RAIN OR DRIZZLE
                        GRTST DEPTH:   0           7 = DUSTSTORM OR SANDSTORM:
                                                       VSBY 1/2 MILE OR LESS
                                                   8 = SMOKE OR HAZE
[NO. OF DAYS WITH]      [WEATHER - DAYS WITH]      9 = BLOWING SNOW
                                                   X = TORNADO
MAX 32 OR BELOW:   0    0.01 INCH OR MORE:   9
MAX 90 OR ABOVE:   0    0.10 INCH OR MORE:   5
MIN 32 OR BELOW:   8    0.50 INCH OR MORE:   1
MIN  0 OR BELOW:   0    1.00 INCH OR MORE:   0

[HDD (BASE 65) ]
TOTAL THIS MO.   384    CLEAR  (SCALE 0-3)   6
DPTR FM NORMAL    38    PTCLDY (SCALE 4-7)   8
TOTAL FM JUL 1   593    CLOUDY (SCALE 8-10)  5
DPTR FM NORMAL  -285

[CDD (BASE 65) ]
TOTAL THIS MO.     0
DPTR FM NORMAL     0    [PRESSURE DATA]
TOTAL FM JAN 1   605    HIGHEST SLP M ON M
DPTR FM NORMAL   315    LOWEST  SLP 29.83 ON  1

[REMARKS]
