000
CXUS53 KICT 260800
CF6SLN
PRELIMINARY LOCAL CLIMATOLOGICAL DATA (WS FORM: F-6)

                                          STATION:   SALINA KS
                                          MONTH:     MAY
                                          YEAR:      2015
                                          LATITUDE:   38 47 N
                                          LONGITUDE:  97 39 W

  TEMPERATURE IN F:       :PCPN:    SNOW:  WIND      :SUNSHINE: SKY     :PK WND
================================================================================
1   2   3   4   5  6A  6B    7    8   9   10  11  12  13   14  15   16   17  18
                                     12Z  AVG MX 2MIN
DY MAX MIN AVG DEP HDD CDD  WTR  SNW DPTH SPD SPD DIR MIN PSBL S-S WX    SPD DR
================================================================================

 1  79  46  63   3   2   0 0.00    M    M  9.0 18 200   M    M   1        26 190
 2  85  60  73  12   0   8 0.02    M    M 15.4 28 200   M    M   3        32 200
 3  88  63  76  15   0  11 0.00    M    M 15.7 24 200   M    M   0        34 200
 4  84  60  72  11   0   7 1.87    M    M 10.0 25 300   M    M   4 13     31 310
 5  79  59  69   7   0   4 0.02    M    M 11.5 24 140   M    M   4 8      29 150
 6  77  61  69   7   0   4 0.27    M    M 23.1 38 160   M    M   7 3      47 160
 7  79  60  70   8   0   5 0.21    M    M 11.5 33 200   M    M   7 3      41 170
 8  68  58  63   0   2   0 0.00    M    M 11.2 17  10   M    M  10        22  50
 9  72  57  65   2   0   0 0.30    M    M 11.1 22 110   M    M   8 13     28 110
10  70  47  59  -4   6   0 0.23    M    M 12.9 25 140   M    M   4 138    34 140
11  68  41  55  -9  10   0 0.00    M    M 15.3 29 300   M    M   0        37 300
12  71  36  54 -10  11   0 0.00    M    M  8.0 16 160   M    M   0        22 160
13  68  47  58  -6   7   0 0.91    M    M 12.5 21 130   M    M   5 1      25 110
14  77  58  68   3   0   3 0.29    M    M  9.3 17 270   M    M   7 1      19 270
15  79  63  71   6   0   6 0.20    M    M 11.5 26 190   M    M   4 138    34 190
16  71  60  66   1   0   1 0.89    M    M 13.8 30 200   M    M   7 13     34 200
17  83  59  71   5   0   6 0.00    M    M 13.5 25 230   M    M   1        34 310
18  69  55  62  -4   3   0 0.00    M    M 14.7 28 360   M    M   0        33 360
19  59  48  54 -12  11   0 0.40    M    M 11.5 21  50   M    M   5 1      27  40
20  58  45  52 -14  13   0 0.11    M    M 12.5 22 340   M    M  10 1      26 350
21  67  41  54 -13  11   0 0.00    M    M  4.9 12 350   M    M   0        15  20
22  61  50  56 -11   9   0 0.03    M    M  7.9 18 150   M    M   7 18     22 150
23  63  55  59  -9   6   0 0.86    M    M  9.7 38 110   M    M  10 13     45 120
24  71  57  64  -4   1   0 0.00    M    M  7.9 16 170   M    M   8 12     20 170
25  80  57  69   1   0   4 0.69    M    M 11.3 46 200   M    M   7 13     57 200
================================================================================
SM 1826 1343        92  59  7.30    M    295.7          M      119
================================================================================
AV 73.0 53.7                              11.8 FASTST   M    M   5    MAX(MPH)
                                 MISC ---->  # 46 200               # 57  200
================================================================================
NOTES:
# LAST OF SEVERAL OCCURRENCES

COLUMN 17 PEAK WIND IN M.P.H.

PRELIMINARY LOCAL CLIMATOLOGICAL DATA (WS FORM: F-6) , PAGE 2

                                          STATION:  SALINA KS
                                          MONTH:    MAY
                                          YEAR:     2015
                                          LATITUDE:   38 47 N
                                          LONGITUDE:  97 39 W

[TEMPERATURE DATA]      [PRECIPITATION DATA]       SYMBOLS USED IN COLUMN 16

AVERAGE MONTHLY: 63.4   TOTAL FOR MONTH:   7.30    1 = FOG OR MIST
DPTR FM NORMAL:  -0.9   DPTR FM NORMAL:    3.59    2 = FOG REDUCING VISIBILITY
HIGHEST:    88 ON  3    GRTST 24HR  1.87 ON  4- 4      TO 1/4 MILE OR LESS
LOWEST:     36 ON 12                               3 = THUNDER
                        SNOW, ICE PELLETS, HAIL    4 = ICE PELLETS
                        TOTAL MONTH:    M          5 = HAIL
                        GRTST 24HR    M  ON   M    6 = FREEZING RAIN OR DRIZZLE
                        GRTST DEPTH:  M  ON   M    7 = DUSTSTORM OR SANDSTORM:
                                                       VSBY 1/2 MILE OR LESS
                                                   8 = SMOKE OR HAZE
[NO. OF DAYS WITH]      [WEATHER - DAYS WITH]      9 = BLOWING SNOW
                                                   X = TORNADO
MAX 32 OR BELOW:   0    0.01 INCH OR MORE:  16
MAX 90 OR ABOVE:   0    0.10 INCH OR MORE:  13
MIN 32 OR BELOW:   0    0.50 INCH OR MORE:   5
MIN  0 OR BELOW:   0    1.00 INCH OR MORE:   1

[HDD (BASE 65) ]
TOTAL THIS MO.    92    CLEAR  (SCALE 0-3)   8
DPTR FM NORMAL     2    PTCLDY (SCALE 4-7)  13
TOTAL FM JUL 1  4653    CLOUDY (SCALE 8-10)  4
DPTR FM NORMAL  -205

[CDD (BASE 65) ]
TOTAL THIS MO.    59
DPTR FM NORMAL   -11    [PRESSURE DATA]
TOTAL FM JAN 1    71    HIGHEST SLP M ON M
DPTR FM NORMAL   -24    LOWEST  SLP 29.63 ON M

[REMARKS]
