000
CXUS56 KSGX 271445
CF6SNA
PRELIMINARY LOCAL CLIMATOLOGICAL DATA (WS FORM: F-6)

                                          STATION:   JOHN WAYNE AIRPORT CA
                                          MONTH:     FEBRUARY
                                          YEAR:      2015
                                          LATITUDE:   33 40 N
                                          LONGITUDE: 117 53 W

  TEMPERATURE IN F:       :PCPN:    SNOW:  WIND      :SUNSHINE: SKY     :PK WND
================================================================================
1   2   3   4   5  6A  6B    7    8   9   10  11  12  13   14  15   16   17  18
                                     12Z  AVG MX 2MIN
DY MAX MIN AVG DEP HDD CDD  WTR  SNW DPTH SPD SPD DIR MIN PSBL S-S WX    SPD DR
================================================================================

 1  77  52  65   8   0   0 0.00  0.0    0  1.9 10 200   M    M   3        12 200
 2  76  52  64   7   1   0 0.00  0.0    0  2.6 10 210   M    M   3 18     14 200
 3  72  57  65   8   0   0 0.00  0.0    0  2.8  9 200   M    M   7 18     13 220
 4  73  57  65   8   0   0 0.00  0.0    0  2.0  8 190   M    M   5 18     10 260
 5  77  54  66   9   0   1 0.00  0.0    0  2.5 12 220   M    M   6 128    15 220
 6  75  56  66   9   0   1 0.00  0.0    0  2.6 10 220   M    M   5 128    14 220
 7  73  55  64   7   1   0    T  0.0    0  2.1  9 220   M    M   7 128    13 210
 8  79  60  70  13   0   5 0.00  0.0    0  2.6 12 280   M    M   2 8      15 280
 9  75  59  67  10   0   2 0.00  0.0    0  3.9 10 220   M    M   4 18     15 230
10  76  54  65   8   0   0 0.00  0.0    0  2.2  9 210   M    M   1 8      14 310
11  90  54  72  15   0   7 0.00  0.0    0  4.9 15  50   M    M   2        23  80
12  90  55  73  16   0   8 0.00  0.0    0  2.2 14 210   M    M   1        18 200
13  88  55  72  15   0   7 0.00  0.0    0  2.0 10 240   M    M   1        14 240
14  85  56  71  14   0   6 0.00  0.0    0  2.5 12 220   M    M   1        15 200
15  77  56  67  10   0   2 0.00  0.0    0  3.5 12 200   M    M   1 18     14 220
16  70  56  63   6   2   0 0.00  0.0    0  4.9 15 210   M    M   6 8      18 200
17  71  59  65   8   0   0 0.00  0.0    0  3.0 10 220   M    M   5        14 200
18  72  57  65   7   0   0 0.00  0.0    0  2.7 10 220   M    M   6 8      14 230
19  72  60  66   8   0   1 0.00  0.0    0  2.9 10 210   M    M   6 8      14 220
20  71  60  66   8   0   1 0.00  0.0    0  4.8 13 200   M    M   7        15 210
21  70  62  66   8   0   1 0.00  0.0    0  5.3 15 210   M    M   9        20 190
22  69  61  65   7   0   0 0.22  0.0    0  5.7 16 210   M    M  10 18     23 190
23  67  54  61   3   4   0 0.13  0.0    0  5.2 15 210   M    M   5        21 220
24  76  50  63   5   2   0 0.00  0.0    0  2.7 12 280   M    M   1        18 230
25  72  52  62   4   3   0 0.00  0.0    0  3.3 13 200   M    M   2        15 200
26  70  53  62   4   3   0 0.00  0.0    0  4.1 13 220   M    M   4 128    16 210
================================================================================
SM 1963 1456        16  42  0.35     0.0  84.9          M      110
================================================================================
AV 75.5 56.0                               3.3 FASTST   M    M   4    MAX(MPH)
                                 MISC ---->  # 16 210               # 23   80
================================================================================
NOTES:
# LAST OF SEVERAL OCCURRENCES

COLUMN 17 PEAK WIND IN M.P.H.

PRELIMINARY LOCAL CLIMATOLOGICAL DATA (WS FORM: F-6) , PAGE 2

                                          STATION:  JOHN WAYNE AIRPORT CA
                                          MONTH:    FEBRUARY
                                          YEAR:     2015
                                          LATITUDE:   33 40 N
                                          LONGITUDE: 117 53 W

[TEMPERATURE DATA]      [PRECIPITATION DATA]       SYMBOLS USED IN COLUMN 16

AVERAGE MONTHLY: 65.8   TOTAL FOR MONTH:   0.35    1 = FOG OR MIST
DPTR FM NORMAL:   8.4   DPTR FM NORMAL:   -2.41    2 = FOG REDUCING VISIBILITY
HIGHEST:    90 ON 12,11 GRTST 24HR  0.35 ON 22-23      TO 1/4 MILE OR LESS
LOWEST:     50 ON 24                               3 = THUNDER
                        SNOW, ICE PELLETS, HAIL    4 = ICE PELLETS
                        TOTAL MONTH:   0.0 INCH    5 = HAIL
                        GRTST 24HR     0.0         6 = FREEZING RAIN OR DRIZZLE
                        GRTST DEPTH:   0           7 = DUSTSTORM OR SANDSTORM:
                                                       VSBY 1/2 MILE OR LESS
                                                   8 = SMOKE OR HAZE
[NO. OF DAYS WITH]      [WEATHER - DAYS WITH]      9 = BLOWING SNOW
                                                   X = TORNADO
MAX 32 OR BELOW:   0    0.01 INCH OR MORE:   2
MAX 90 OR ABOVE:   2    0.10 INCH OR MORE:   2
MIN 32 OR BELOW:   0    0.50 INCH OR MORE:   0
MIN  0 OR BELOW:   0    1.00 INCH OR MORE:   0

[HDD (BASE 65) ]
TOTAL THIS MO.    16    CLEAR  (SCALE 0-3)  10
DPTR FM NORMAL  -185    PTCLDY (SCALE 4-7)  14
TOTAL FM JUL 1   221    CLOUDY (SCALE 8-10)  2
DPTR FM NORMAL  -672

[CDD (BASE 65) ]
TOTAL THIS MO.    42
DPTR FM NORMAL    42    [PRESSURE DATA]
TOTAL FM JAN 1    72    HIGHEST SLP M ON M
DPTR FM NORMAL    67    LOWEST  SLP 29.82 ON 26

[REMARKS]
