000
CXAK56 PASN 291151
CF6SNP

PRELIMINARY LOCAL CLIMATOLOGICAL DATA (WS FORM: F-6)

                                          STATION:   ST PAUL
                                          MONTH:     07
                                          YEAR:      2015
                                          LATITUDE:   57 10 N
                                          LONGITUDE: 170 13 W

  TEMPERATURE IN F:       :PCPN:    SNOW:  WIND      :SUNSHINE: SKY     :PK WND
================================================================================
1   2   3   4   5  6A  6B    7     8   9   10  11  12  13   14  15   16  17  18
                                      12Z  AVG MX 2MIN
DY MAX MIN AVG DEP HDD CDD  WTR   SNW DPTH SPD SPD DIR MIN PSBL S-S WX   SPD DR
================================================================================

 1  48  44  46   0  19   0  0.00  0.0   0  8.5 13  150   M    M   M 12    15 150
 2  53  45  49   3  16   0  0.00  0.0   0 13.1 20   70   M    M   M 1     26  70
 3  53  46  50   4  15   0  0.00  0.0   0 17.9 24   70   M    M   M 12    30  50
 4  54  46  50   4  15   0  0.07  0.0   0 17.5 28   40   M    M   M 18    33  50
 5  50  46  48   2  17   0  0.24  0.0   0 16.1 25  120   M    M   M 12    34 130
 6  51  47  49   3  16   0  0.01  0.0   0 20.1 32  140   M    M   M 18    41 140
 7  51  45  48   2  17   0     T  0.0   0 15.6 21  160   M    M   M 1     25 210
 8  49  46  48   1  17   0  0.13  0.0   0 15.9 22  150   M    M   M 1     27 150
 9  50  46  48   1  17   0  0.03  0.0   0 11.8 16  140   M    M   M 1     20 140
10  51  46  49   2  16   0  0.09  0.0   0 10.4 14  110   M    M   M 1     20 100
11  49  47  48   1  17   0  0.13  0.0   0 11.2 18  110   M    M   M 1     22 110
12  52  47  50   3  15   0  0.16  0.0   0 10.6 20   40   M    M   M 1     22  40
13  55  46  51   4  14   0  0.00  0.0   0  8.1 13   50   M    M   M 12    15  40
14  54  47  51   4  14   0  0.00  0.0   0  8.2 16   70   M    M   M 1     19  80
15  52  45  49   2  16   0  0.01  0.0   0 11.7 17   30   M    M   M 1     21  40
16  51  46  49   2  16   0  0.10  0.0   0 12.7 22  340   M    M   M 1     24 340
17  52  45  49   2  16   0  0.01  0.0   0 13.2 21  250   M    M   M 1     24 250
18  53  47  50   2  15   0  0.07  0.0   0 11.9 17  200   M    M   M 1     22 220
19  53  47  50   2  15   0     T  0.0   0 17.0 22  160   M    M   M 1     27 160
20  51  47  49   1  16   0  0.29  0.0   0 13.6 22  110   M    M   M 1     27 110
21  52  47  50   2  15   0  0.03  0.0   0 14.4 22  230   M    M   M 1     28 230
22  54  46  50   2  15   0  0.09  0.0   0 13.8 23  270   M    M   M 1     28 270
23  51  47  49   1  16   0  0.09  0.0   0 11.2 16  240   M    M   M 18    21 240
24  52  47  50   2  15   0  0.03  0.0   0 10.8 20  230   M    M   M 18    27 240
25  53  48  51   3  14   0  0.02  0.0   0 16.6 25  270   M    M   M 1     34 270
26  53  47  50   2  15   0  0.18  0.0   0 14.1 22  260   M    M   M 18    26 250
27  51  48  50   2  15   0  0.05  0.0   0  9.1 15  260   M    M   M 28    20 270
28  54  47  51   3  14   0  0.00  0.0   0  5.8 10  350   M    M   M 12    12  10
================================================================================
SM 1452 1298       438   0  1.83 0.0    360.9           M        M
================================================================================
AV 51.9 46.4                             12.9 FASTST  PSBL  %   M    MAX(MPH)
                                 MISC ---->     32  140                 41 140
================================================================================
NOTES:
# LAST OF SEVERAL OCCURRENCES

COLUMN 17 PEAK WIND IN M.P.H.

PRELIMINARY LOCAL CLIMATOLOGICAL DATA (WS FORM: F-6) , PAGE 2

                                          STATION:   ST PAUL
                                          MONTH:     07
                                          YEAR:      2015
                                          LATITUDE:  57 10 N
                                          LONGITUDE: 170 13 W

[TEMPERATURE DATA]      [PRECIPITATION DATA]       SYMBOLS USED IN COLUMN 16

AVERAGE MONTHLY:49.1   TOTAL FOR MONTH: 1.83       1 = FOG
DPTR FM NORMAL:  2.0   DPTR FM NORMAL: 0.20       2 = FOG REDUCING VISIBILITY
HIGHEST:    55 ON 13    GRTST 24HR   0.29 ON 20        TO 1/4 MILE OR LESS
LOWEST:     44 ON  1                               3 = THUNDER
                        SNOW, ICE PELLETS, HAIL    4 = ICE PELLETS
                        TOTAL MONTH: 0.0         5 = HAIL
                        GRTST 24HR   0.0           6 = GLAZE OR RIME
                        GRTST DEPTH:    0          7 = BLOWING DUST OR SAND:
                                                       VSBY 1/2 MILE OR LESS
                                                   8 = SMOKE OR HAZE
[NO. OF DAYS WITH]      [WEATHER - DAYS WITH]      9 = BLOWING SNOW
                                                   X = TORNADO
MAX 32 OR BELOW:   0    0.01 INCH OR MORE:  20
MAX 70 OR ABOVE:   0    0.10 INCH OR MORE:   7
MIN 32 OR BELOW:   0    0.50 INCH OR MORE:   0
MIN  0 OR BELOW:   0    1.00 INCH OR MORE:   0

[HDD (BASE 65) ]
TOTAL THIS MO.   438    CLEAR  (SCALE 0-3)   M
DPTR FM NORMAL   -64    PTCLDY (SCALE 4-7)   M
SEASONAL TOTAL   438    CLOUDY (SCALE 8-10)  M
DPTR FM NORMAL   -64

[CDD (BASE 65) ]
TOTAL THIS MO.     0
DPTR FM NORMAL     0    [PRESSURE DATA]
SEASONAL TOTAL     0    HIGHEST SLP     M
DPTR FM NORMAL     0    LOWEST  SLP     M

[REMARKS]
