000
CXUS56 KMTR 181000
CF6SNS
PRELIMINARY LOCAL CLIMATOLOGICAL DATA (WS FORM: F-6)

                                          STATION:   SALINAS AIRPORT
                                          MONTH:     OCTOBER
                                          YEAR:      2017
                                          LATITUDE:   36 40 N
                                          LONGITUDE: 121 36 W

  TEMPERATURE IN F:       :PCPN:    SNOW:  WIND      :SUNSHINE: SKY     :PK WND
================================================================================
1   2   3   4   5  6A  6B    7    8   9   10  11  12  13   14  15   16   17  18
                                     12Z  AVG MX 2MIN
DY MAX MIN AVG DEP HDD CDD  WTR  SNW DPTH SPD SPD DIR MIN PSBL S-S WX    SPD DR
================================================================================

 1  76  49  63   0   2   0 0.00  0.0    0  7.3 20 230   M    M   2        24 230
 2  76  44  60  -3   5   0 0.00  0.0    0  6.8 18 260   M    M   0        22 240
 3  68  50  59  -4   6   0 0.00  0.0    0  8.6 21 230   M    M   3        25 260
 4  77  43  60  -3   5   0 0.00  0.0    0  6.1 20 280   M    M   0        23 270
 5  80  43  62  -1   3   0 0.00  0.0    0  5.7 18 280   M    M   0        22 270
 6  88  46  67   5   0   2 0.00  0.0    0  6.3 16 280   M    M   0        20 280
 7  80  50  65   3   0   0 0.00  0.0    0  9.1 16 270   M    M   0        20 250
 8  74  51  63   1   2   0 0.00  0.0    0  5.5 15 260   M    M   1        17 270
 9  79  46  63   1   2   0 0.00  0.0    0  6.4 16 310   M    M   0        20 280
10  76  48  62   0   3   0 0.00  0.0    0  8.9 18 290   M    M   3 18     23 120
11  67  49  58  -4   7   0 0.00  0.0    0  6.0 16 270   M    M   5 18     20 280
12  73  39  56  -6   9   0 0.00  0.0    0  4.9 18 280   M    M   0 18     22 250
13  72  40  56  -6   9   0 0.00  0.0    0  6.4 17 270   M    M   0 8      19 270
14  85  42  64   2   1   0 0.00  0.0    0  4.3 15 320   M    M   0 8      20 320
15  90  53  72  11   0   7 0.00  0.0    0 10.5 23 100   M    M   0        27 100
16  91  54  73  12   0   8    T  0.0    0  9.1 20  90   M    M   0        23 100
17  78  52  65   4   0   0 0.00  0.0    0  6.6 13 270   M    M   0 18     15 270
================================================================================
SM 1330  799        54  17    T      0.0 118.5          M       14
================================================================================
AV 78.2 47.0                               7.0 FASTST   M    M   1    MAX(MPH)
                                 MISC ---->  # 23 100               # 27  100
================================================================================
NOTES:
# LAST OF SEVERAL OCCURRENCES

COLUMN 17 PEAK WIND IN M.P.H.

PRELIMINARY LOCAL CLIMATOLOGICAL DATA (WS FORM: F-6) , PAGE 2

                                          STATION:  SALINAS AIRPORT
                                          MONTH:    OCTOBER
                                          YEAR:     2017
                                          LATITUDE:   36 40 N
                                          LONGITUDE: 121 36 W

[TEMPERATURE DATA]      [PRECIPITATION DATA]       SYMBOLS USED IN COLUMN 16

AVERAGE MONTHLY: 62.6   TOTAL FOR MONTH:      T    1 = FOG OR MIST
DPTR FM NORMAL:   0.5   DPTR FM NORMAL:   -0.25    2 = FOG REDUCING VISIBILITY
HIGHEST:    91 ON 16    GRTST 24HR    T  ON 16-16      TO 1/4 MILE OR LESS
LOWEST:     39 ON 12                               3 = THUNDER
                        SNOW, ICE PELLETS, HAIL    4 = ICE PELLETS
                        TOTAL MONTH:   0.0 INCH    5 = HAIL
                        GRTST 24HR     0.0         6 = FREEZING RAIN OR DRIZZLE
                        GRTST DEPTH:   0           7 = DUSTSTORM OR SANDSTORM:
                                                       VSBY 1/2 MILE OR LESS
                                                   8 = SMOKE OR HAZE
[NO. OF DAYS WITH]      [WEATHER - DAYS WITH]      9 = BLOWING SNOW
                                                   X = TORNADO
MAX 32 OR BELOW:   0    0.01 INCH OR MORE:   0
MAX 90 OR ABOVE:   2    0.10 INCH OR MORE:   0
MIN 32 OR BELOW:   0    0.50 INCH OR MORE:   0
MIN  0 OR BELOW:   0    1.00 INCH OR MORE:   0

[HDD (BASE 65) ]
TOTAL THIS MO.    54    CLEAR  (SCALE 0-3)  16
DPTR FM NORMAL    -7    PTCLDY (SCALE 4-7)   1
TOTAL FM JUL 1   175    CLOUDY (SCALE 8-10)  0
DPTR FM NORMAL   -81

[CDD (BASE 65) ]
TOTAL THIS MO.    17
DPTR FM NORMAL     0    [PRESSURE DATA]
TOTAL FM JAN 1   230    HIGHEST SLP M ON M
DPTR FM NORMAL   108    LOWEST  SLP 29.75 ON  3

[REMARKS]
