000
CXUS55 KPIH 211200
CF6SNT

PRELIMINARY LOCAL CLIMATOLOGICAL DATA (WS FORM: F-6)

                                          STATION:   STANLEY_ID
                                          MONTH:     JULY
                                          YEAR:      2017
                                          LATITUDE:   44 10 N
                                          LONGITUDE: 114 56 W

  TEMPERATURE IN F:       :PCPN:    SNOW:  WIND      :SUNSHINE: SKY     :PK WND
================================================================================
1   2   3   4   5  6A  6B    7    8   9   10  11  12  13   14  15   16   17  18
                                     12Z  AVG MX 2MIN
DY MAX MIN AVG DEP HDD CDD  WTR  SNW DPTH SPD SPD DIR MIN PSBL S-S WX    SPD DR
================================================================================

 1  81  36  59   5   6   0 0.00    M    M  3.5 12 250   M    M   0        16 230
 2  83  43  63   9   2   0 0.00    M    M  4.4 13 250   M    M   0        18 330
 3  84  39  62   8   3   0 0.00    M    M  4.6 15 330   M    M   0        22 320
 4  86  35  61   6   4   0 0.00    M    M  3.0 14 340   M    M   0        20 330
 5  90  42  66  11   0   1 0.00    M    M  4.0 16 270   M    M   0        24 270
 6  89  40  65  10   0   0 0.00    M    M  3.9 13 310   M    M   0        20 200
 7  90  44  67  11   0   2 0.00    M    M  4.1 16 300   M    M   0        23 330
 8  92  46  69  13   0   4 0.00    M    M  3.2 16 230   M    M   0        25 180
 9  90  53  72  16   0   7 0.00    M    M  4.7 13 270   M    M   0        21  40
10  83  47  65   9   0   0 0.00    M    M  5.5 17 330   M    M   0        26 200
11  79  41  60   3   5   0 0.00    M    M  5.5 14 320   M    M   0        20 270
12  83  35  59   2   6   0 0.00    M    M  4.5 15 320   M    M   0        23 320
13  89  38  64   7   1   0 0.00    M    M  4.4 22 200   M    M   0        32 230
14  85  42  64   6   1   0 0.18    M    M  2.9 22 230   M    M   0        33 210
15  89  43  66   8   0   1 0.01    M    M  4.3 20 260   M    M   0        31 260
16  83  44  64   6   1   0 0.00    M    M  3.5 17 280   M    M   0        29 260
17  82  39  61   3   4   0 0.00    M    M  3.9 16 200   M    M   0        23 290
18  85  39  62   4   3   0 0.00    M    M  4.1 16 180   M    M   0        22 180
19  85  36  61   3   4   0 0.00    M    M  4.5 15 170   M    M   0        21 180
20  82  33  58   0   7   0 0.00    M    M  4.2 17 200   M    M   0        26 220
================================================================================
SM 1710  815        47  15  0.19    M     82.7          M        0
================================================================================
AV 85.5 40.8                               4.1 FASTST   M    M   0    MAX(MPH)
                                 MISC ---->  # 22 200               # 33  210
================================================================================
NOTES:
# LAST OF SEVERAL OCCURRENCES
PRECIPITATION SUSPECT DURING FREEZING/FROZEN EVENTS

COLUMN 17 PEAK WIND IN M.P.H.

PRELIMINARY LOCAL CLIMATOLOGICAL DATA (WS FORM: F-6) , PAGE 2

                                          STATION:  STANLEY_ID
                                          MONTH:    JULY
                                          YEAR:     2017
                                          LATITUDE:   44 10 N
                                          LONGITUDE: 114 56 W

[TEMPERATURE DATA]      [PRECIPITATION DATA]       SYMBOLS USED IN COLUMN 16

AVERAGE MONTHLY: 63.1   TOTAL FOR MONTH:   0.19    1 = FOG OR MIST
DPTR FM NORMAL:   6.7   DPTR FM NORMAL:   -0.28    2 = FOG REDUCING VISIBILITY
HIGHEST:    92 ON  8    GRTST 24HR  0.18 ON 14-14      TO 1/4 MILE OR LESS
LOWEST:     33 ON 20                               3 = THUNDER
                        SNOW, ICE PELLETS, HAIL    4 = ICE PELLETS
                        TOTAL MONTH:    M          5 = HAIL
                        GRTST 24HR    M  ON   M    6 = FREEZING RAIN OR DRIZZLE
                        GRTST DEPTH:  M  ON   M    7 = DUSTSTORM OR SANDSTORM:
                                                       VSBY 1/2 MILE OR LESS
                                                   8 = SMOKE OR HAZE
[NO. OF DAYS WITH]      [WEATHER - DAYS WITH]      9 = BLOWING SNOW
                                                   X = TORNADO
MAX 32 OR BELOW:   0    0.01 INCH OR MORE:   2
MAX 90 OR ABOVE:   4    0.10 INCH OR MORE:   1
MIN 32 OR BELOW:   0    0.50 INCH OR MORE:   0
MIN  0 OR BELOW:   0    1.00 INCH OR MORE:   0

[HDD (BASE 65) ]
TOTAL THIS MO.    47    CLEAR  (SCALE 0-3)  20
DPTR FM NORMAL  -126    PTCLDY (SCALE 4-7)   0
TOTAL FM JUL 1    47    CLOUDY (SCALE 8-10)  0
DPTR FM NORMAL  -126

[CDD (BASE 65) ]
TOTAL THIS MO.    15
DPTR FM NORMAL    15    [PRESSURE DATA]
TOTAL FM JAN 1    17    HIGHEST SLP 29.89 ON 13
DPTR FM NORMAL    17    LOWEST  SLP 29.74 ON 10

[REMARKS]
