000
CXUS55 KPIH 301200
CF6SNT

PRELIMINARY LOCAL CLIMATOLOGICAL DATA (WS FORM: F-6)

                                          STATION:   STANLEY_ID
                                          MONTH:     JUNE
                                          YEAR:      2015
                                          LATITUDE:   44 10 N
                                          LONGITUDE: 114 56 W

  TEMPERATURE IN F:       :PCPN:    SNOW:  WIND      :SUNSHINE: SKY     :PK WND
================================================================================
1   2   3   4   5  6A  6B    7    8   9   10  11  12  13   14  15   16   17  18
                                     12Z  AVG MX 2MIN
DY MAX MIN AVG DEP HDD CDD  WTR  SNW DPTH SPD SPD DIR MIN PSBL S-S WX    SPD DR
================================================================================

 1  63  42  53   6  12   0 0.46    M    M  5.2 18 240   M    M   0        24 230
 2  61  38  50   3  15   0 0.09    M    M  3.9 15 270   M    M   0        23 280
 3  64  32  48   1  17   0 0.01    M    M  3.8 15 190   M    M   0        23 190
 4  67  31  49   2  16   0 0.06    M    M  3.3 14 340   M    M   0        18 350
 5  70  35  53   5  12   0 0.01    M    M  4.4 16 140   M    M   0        26 140
 6  74  42  58  10   7   0 0.00    M    M  4.0 12 350   M    M   0        23 350
 7  79  37  58  10   7   0 0.00    M    M  4.2 13 320   M    M   0        19 260
 8  85  43  64  16   1   0 0.08    M    M  3.9 17 140   M    M   0        24 140
 9  77  46  62  14   3   0 0.01    M    M  3.2 16 150   M    M   0        23 140
10  67  42  55   7  10   0 0.32    M    M  1.6 17 350   M    M   0        23 340
11  78  41  60  11   5   0 0.00    M    M  3.2 12 330   M    M   0        18 330
12  75  37  56   7   9   0 0.00    M    M  4.7 15 290   M    M   0        23 320
13  71  31  51   2  14   0 0.00    M    M  5.4 17 300   M    M   0        26 320
14  72  28  50   1  15   0 0.00    M    M  3.6 15 210   M    M   0        22 220
15  80  31  56   6   9   0 0.00    M    M  3.0 14 270   M    M   0        19 280
16  75  38  57   7   8   0 0.00    M    M  5.3 15 280   M    M   0        23 280
17  79  34  57   7   8   0 0.00    M    M  4.2 17 300   M    M   0        30 280
18  81  36  59   9   6   0 0.00    M    M  3.5 13 280   M    M   0        20 260
19  74  39  57   7   8   0 0.00    M    M  5.1 16 320   M    M   0        25 270
20  74  33  54   3  11   0 0.00    M    M  3.1 17 180   M    M   0        27 180
21  75  38  57   6   8   0 0.00    M    M  2.9 17 170   M    M   0        25 170
22  74  35  55   4  10   0 0.00    M    M  4.8 15 240   M    M   0        23 200
23  79  32  56   4   9   0 0.00    M    M  4.5 15 310   M    M   0        23 260
24  77  36  57   5   8   0 0.00    M    M  4.5 12 310   M    M   0        19 330
25  84  36  60   8   5   0 0.00    M    M  4.5 14 330   M    M   0        19  20
26  90  38  64  12   1   0 0.00    M    M  4.4 12 280   M    M   0        17 310
27  91  43  67  14   0   2 0.00    M    M  4.1 15 310   M    M   0        24 320
28  93  45  69  16   0   4 0.00    M    M  4.8 21 210   M    M   0        30 220
29  93  48  71  18   0   6 0.00    M    M  4.3 16 260   M    M   0        22 270
================================================================================
SM 2222 1087       234  12  1.04    M    117.4          M        0
================================================================================
AV 76.6 37.5                               4.0 FASTST   M    M   0    MAX(MPH)
                                 MISC ---->  # 21 210               # 30  280
================================================================================
NOTES:
# LAST OF SEVERAL OCCURRENCES

COLUMN 17 PEAK WIND IN M.P.H.

PRELIMINARY LOCAL CLIMATOLOGICAL DATA (WS FORM: F-6) , PAGE 2

                                          STATION:  STANLEY_ID
                                          MONTH:    JUNE
                                          YEAR:     2015
                                          LATITUDE:   44 10 N
                                          LONGITUDE: 114 56 W

[TEMPERATURE DATA]      [PRECIPITATION DATA]       SYMBOLS USED IN COLUMN 16

AVERAGE MONTHLY: 57.1   TOTAL FOR MONTH:   1.04    1 = FOG OR MIST
DPTR FM NORMAL:   7.3   DPTR FM NORMAL:   -0.31    2 = FOG REDUCING VISIBILITY
HIGHEST:    93 ON 29,28 GRTST 24HR  0.53 ON  1- 2      TO 1/4 MILE OR LESS
LOWEST:     28 ON 14                               3 = THUNDER
                        SNOW, ICE PELLETS, HAIL    4 = ICE PELLETS
                        TOTAL MONTH:    M          5 = HAIL
                        GRTST 24HR    M  ON   M    6 = FREEZING RAIN OR DRIZZLE
                        GRTST DEPTH:  M  ON   M    7 = DUSTSTORM OR SANDSTORM:
                                                       VSBY 1/2 MILE OR LESS
                                                   8 = SMOKE OR HAZE
[NO. OF DAYS WITH]      [WEATHER - DAYS WITH]      9 = BLOWING SNOW
                                                   X = TORNADO
MAX 32 OR BELOW:   0    0.01 INCH OR MORE:   8
MAX 90 OR ABOVE:   4    0.10 INCH OR MORE:   2
MIN 32 OR BELOW:   6    0.50 INCH OR MORE:   0
MIN  0 OR BELOW:   0    1.00 INCH OR MORE:   0

[HDD (BASE 65) ]
TOTAL THIS MO.   234    CLEAR  (SCALE 0-3)  29
DPTR FM NORMAL  -209    PTCLDY (SCALE 4-7)   0
TOTAL FM JUL 1  8936    CLOUDY (SCALE 8-10)  0
DPTR FM NORMAL -1849

[CDD (BASE 65) ]
TOTAL THIS MO.    12
DPTR FM NORMAL    12    [PRESSURE DATA]
TOTAL FM JAN 1    12    HIGHEST SLP M ON M
DPTR FM NORMAL    12    LOWEST  SLP 29.65 ON 10

[REMARKS]
