000
CXUS55 KCYS 231000
CF6SNY
PRELIMINARY LOCAL CLIMATOLOGICAL DATA (WS FORM: F-6)

                                          STATION:   SIDNEY NEBRASKA AIRPORT
                                          MONTH:     JULY
                                          YEAR:      2014
                                          LATITUDE:   41  5 N
                                          LONGITUDE: 102 59 W

  TEMPERATURE IN F:       :PCPN:    SNOW:  WIND      :SUNSHINE: SKY     :PK WND
================================================================================
1   2   3   4   5  6A  6B    7    8   9   10  11  12  13   14  15   16   17  18
                                     12Z  AVG MX 2MIN
DY MAX MIN AVG DEP HDD CDD  WTR  SNW DPTH SPD SPD DIR MIN PSBL S-S WX    SPD DR
================================================================================

 1  76  50  63 -10   2   0    T    M    M 13.5 28 340   M    M   4        36 320
 2  79  47  63 -10   2   0 0.00    M    M  7.0 15 150   M    M   2        20 150
 3  85  56  71  -3   0   6 0.00    M    M 11.6 20 140   M    M   0        25 140
 4  94  62  78   4   0  13    T    M    M  9.1 18 210   M    M   1 13     26 200
 5  98  58  78   4   0  13 0.00    M    M  7.2 17 210   M    M   0        22 210
 6  92  55  74   0   0   9 0.00    M    M 10.6 21  40   M    M   0        29  30
 7  90  58  74  -1   0   9 0.00    M    M 10.5 29  30   M    M   1        35  30
 8  82  53  68  -7   0   3    T  0.0    M  5.5 14 240   M    M   5 3      17 330
 9  93  56  75   0   0  10 0.02    M    M 10.0 24 180   M    M   0 3      31 190
10  97  56  77   2   0  12 0.01    M    M 11.4 24 320   M    M   2 13     30 320
11  91  63  77   2   0  12 0.04    M    M  8.1 18  10   M    M   2 3      28 110
12  84  58  71  -4   0   6    T    M    M  8.9 17 360   M    M   5 1      27  10
13  88  57  73  -3   0   8 0.03    M    M  5.8 20 190   M    M   1 13     24 200
14  82  54  68  -8   0   3 0.00    M    M 11.0 21  30   M    M   1        26  10
15  75  56  66 -10   0   1    T  0.0    0 13.2 22 180   M    M   8 1      28 140
16  63  56  60 -16   5   0 0.11    M    M  8.5 15 140   M    M   9 1      20 190
17  75  55  65 -11   0   0 0.00    M    M  6.4 15 170   M    M   5 1      19 160
18  93  54  74  -2   0   9 0.00    M    M  8.9 16  10   M    M   1 128    21 180
19  90  54  72  -4   0   7 0.00    M    M 10.2 23  90   M    M   0        29 120
20 103  57  80   4   0  15 0.00    M    M 12.0 30 220   M    M   0        37 230
21 103  63  83   7   0  18 0.00    M    M  9.7 23  20   M    M   0        29  20
22  96  60  78   2   0  13 0.00    M    M 10.2 18 340   M    M   0        26 330
================================================================================
SM 1929 1238         9 167  0.21     0.0 209.3          M       47
================================================================================
AV 87.7 56.3                               9.5 FASTST   M    M   2    MAX(MPH)
                                 MISC ---->  # 30 220               # 37  230
================================================================================
NOTES:
# LAST OF SEVERAL OCCURRENCES

COLUMN 17 PEAK WIND IN M.P.H.

PRELIMINARY LOCAL CLIMATOLOGICAL DATA (WS FORM: F-6) , PAGE 2

                                          STATION:  SIDNEY NEBRASKA AIRPORT
                                          MONTH:    JULY
                                          YEAR:     2014
                                          LATITUDE:   41  5 N
                                          LONGITUDE: 102 59 W

[TEMPERATURE DATA]      [PRECIPITATION DATA]       SYMBOLS USED IN COLUMN 16

AVERAGE MONTHLY: 72.0   TOTAL FOR MONTH:   0.21    1 = FOG OR MIST
DPTR FM NORMAL:  -3.1   DPTR FM NORMAL:   -1.93    2 = FOG REDUCING VISIBILITY
HIGHEST:   103 ON 21,20 GRTST 24HR  0.11 ON 16-16      TO 1/4 MILE OR LESS
LOWEST:     47 ON  2                               3 = THUNDER
                        SNOW, ICE PELLETS, HAIL    4 = ICE PELLETS
                        TOTAL MONTH:   0.0 INCH    5 = HAIL
                        GRTST 24HR     0.0         6 = FREEZING RAIN OR DRIZZLE
                        GRTST DEPTH:   0           7 = DUSTSTORM OR SANDSTORM:
                                                       VSBY 1/2 MILE OR LESS
                                                   8 = SMOKE OR HAZE
[NO. OF DAYS WITH]      [WEATHER - DAYS WITH]      9 = BLOWING SNOW
                                                   X = TORNADO
MAX 32 OR BELOW:   0    0.01 INCH OR MORE:   5
MAX 90 OR ABOVE:  12    0.10 INCH OR MORE:   1
MIN 32 OR BELOW:   0    0.50 INCH OR MORE:   0
MIN  0 OR BELOW:   0    1.00 INCH OR MORE:   0

[HDD (BASE 65) ]
TOTAL THIS MO.     9    CLEAR  (SCALE 0-3)  16
DPTR FM NORMAL     9    PTCLDY (SCALE 4-7)   5
TOTAL FM JUL 1     9    CLOUDY (SCALE 8-10)  1
DPTR FM NORMAL     9

[CDD (BASE 65) ]
TOTAL THIS MO.   167
DPTR FM NORMAL   -55    [PRESSURE DATA]
TOTAL FM JAN 1   251    HIGHEST SLP M ON M
DPTR FM NORMAL  -130    LOWEST  SLP 29.74 ON M

[REMARKS]
