000
CXUS55 KTBW 181000
CF6SPG
PRELIMINARY LOCAL CLIMATOLOGICAL DATA (WS FORM: F-6)

                                          STATION:   Saint Petersburg
                                          MONTH:     APRIL
                                          YEAR:      2014
                                          LATITUDE:   27 46 N
                                          LONGITUDE:  82 38 W

  TEMPERATURE IN F:       :PCPN:    SNOW:  WIND      :SUNSHINE: SKY     :PK WND
================================================================================
1   2   3   4   5  6A  6B    7    8   9   10  11  12  13   14  15   16   17  18
                                     12Z  AVG MX 2MIN
DY MAX MIN AVG DEP HDD CDD  WTR  SNW DPTH SPD SPD DIR MIN PSBL S-S WX    SPD DR
================================================================================

 1  82  62  72   2   0   7 0.00  0.0    0  4.7 12  80   M    M   0        13  90
 2  80  64  72   2   0   7 0.00  0.0    0  6.9 14 150   M    M   0        15 170
 3  79  66  73   2   0   8 0.00  0.0    0  8.3 16 240   M    M   0        20 230
 4  80  67  74   3   0   9 0.00  0.0    0  8.1 18 240   M    M   0        23 250
 5  82  67  75   4   0  10 0.00  0.0    0  5.3 13 250   M    M   0 1      16 190
 6  81  70  76   5   0  11 0.00  0.0    0  8.3 17 210   M    M   0        24 220
 7  83  71  77   6   0  12 0.00  0.0    0 14.0 23 220   M    M   2        31 220
 8  78  68  73   1   0   8 0.37  0.0    0 12.1 21 210   M    M   7 1      29 230
 9  70  62  66  -6   0   1 0.01  0.0    0 10.3 24 320   M    M   2        36 330
10  81  64  73   1   0   8 0.00  0.0    0  7.0 18 130   M    M   1        20 130
11  84  66  75   3   0  10    T  0.0    0  7.2 14 130   M    M   3        16 140
12  83  69  76   4   0  11 0.00  0.0    0  9.9 18 120   M    M   0        20 120
13  83  70  77   5   0  12 0.00  0.0    0 11.4 23 140   M    M   4        26 140
14  83  72  78   6   0  13 0.00  0.0    0 10.1 20 160   M    M   2        22 150
15  82  65  74   1   0   9 0.03  0.0    0 13.7 26 210   M    M   6 13     34 210
16  76  55  66  -7   0   1 0.00  0.0    0 16.9 28  80   M    M   3        33  90
17  79  66  73   0   0   8 0.22  0.0    0 19.5 30  90   M    M   7 1      33  90
================================================================================
SM 1366 1124         0 145  0.63     0.0 173.7          M       37
================================================================================
AV 80.4 66.1                              10.2 FASTST   M    M   2    MAX(MPH)
                                 MISC ---->  # 30  90               # 36  330
================================================================================
NOTES:
# LAST OF SEVERAL OCCURRENCES

COLUMN 17 PEAK WIND IN M.P.H.

PRELIMINARY LOCAL CLIMATOLOGICAL DATA (WS FORM: F-6) , PAGE 2

                                          STATION:  Saint Petersburg
                                          MONTH:    APRIL
                                          YEAR:     2014
                                          LATITUDE:   27 46 N
                                          LONGITUDE:  82 38 W

[TEMPERATURE DATA]      [PRECIPITATION DATA]       SYMBOLS USED IN COLUMN 16

AVERAGE MONTHLY: 73.2   TOTAL FOR MONTH:   0.63    1 = FOG OR MIST
DPTR FM NORMAL:   1.6   DPTR FM NORMAL:   -0.82    2 = FOG REDUCING VISIBILITY
HIGHEST:    84 ON 11    GRTST 24HR  0.38 ON  8- 9      TO 1/4 MILE OR LESS
LOWEST:     55 ON 16                               3 = THUNDER
                        SNOW, ICE PELLETS, HAIL    4 = ICE PELLETS
                        TOTAL MONTH:   0.0 INCH    5 = HAIL
                        GRTST 24HR     0.0         6 = FREEZING RAIN OR DRIZZLE
                        GRTST DEPTH:   0           7 = DUSTSTORM OR SANDSTORM:
                                                       VSBY 1/2 MILE OR LESS
                                                   8 = SMOKE OR HAZE
[NO. OF DAYS WITH]      [WEATHER - DAYS WITH]      9 = BLOWING SNOW
                                                   X = TORNADO
MAX 32 OR BELOW:   0    0.01 INCH OR MORE:   4
MAX 90 OR ABOVE:   0    0.10 INCH OR MORE:   2
MIN 32 OR BELOW:   0    0.50 INCH OR MORE:   0
MIN  0 OR BELOW:   0    1.00 INCH OR MORE:   0

[HDD (BASE 65) ]
TOTAL THIS MO.     0    CLEAR  (SCALE 0-3)  13
DPTR FM NORMAL     0    PTCLDY (SCALE 4-7)   4
TOTAL FM JUL 1   296    CLOUDY (SCALE 8-10)  0
DPTR FM NORMAL  -116

[CDD (BASE 65) ]
TOTAL THIS MO.   145
DPTR FM NORMAL    27    [PRESSURE DATA]
TOTAL FM JAN 1   374    HIGHEST SLP M ON M
DPTR FM NORMAL    18    LOWEST  SLP 29.73 ON  8

[REMARKS]
