000
CXUS53 KILX 250900
CF6SPI
PRELIMINARY LOCAL CLIMATOLOGICAL DATA (WS FORM: F-6)

                                          STATION:   SPRINGFIELD IL
                                          MONTH:     MARCH
                                          YEAR:      2017
                                          LATITUDE:   39 50 N
                                          LONGITUDE:  89 41 W

  TEMPERATURE IN F:       :PCPN:    SNOW:  WIND      :SUNSHINE: SKY     :PK WND
================================================================================
1   2   3   4   5  6A  6B    7    8   9   10  11  12  13   14  15   16   17  18
                                     12Z  AVG MX 2MIN
DY MAX MIN AVG DEP HDD CDD  WTR  SNW DPTH SPD SPD DIR MIN PSBL S-S WX    SPD DR
================================================================================

 1  59  36  48  12  17   0 0.28  0.0    0 16.1 33 280   M    M   6 138    43 280
 2  41  29  35  -2  30   0    T    T    0 10.2 21 330   M    M   3 8      25 320
 3  41  22  32  -5  33   0 0.00  0.0    0  7.7 17 150   M    M   1        22 140
 4  65  34  50  12  15   0 0.00  0.0    0 13.5 22 160   M    M   1        27 170
 5  61  47  54  16  11   0 0.00  0.0    0 16.9 29 190   M    M   7        36 190
 6  68  50  59  21   6   0    T  0.0    0 22.0 35 180   M    M   7 18     50 180
 7  67  44  56  17   9   0 0.50  0.0    0 15.3 43 270   M    M   0 138    52 280
 8  62  36  49  10  16   0 0.00  0.0    0 10.8 26 260   M    M   0        32 250
 9  61  35  48   8  17   0 0.01  0.0    0 10.1 20  20   M    M   2        26  20
10  42  30  36  -4  29   0 0.00  0.0    0 10.7 20 320   M    M   3 8      26 350
11  37  27  32  -8  33   0 0.00  0.0    0  6.7 16  10   M    M   7        20  10
12  41  22  32  -9  33   0 0.02  0.2    0  5.5 18 150   M    M   4 18     24 150
13  33  29  31 -10  34   0 0.36  4.4    4 10.9 17  20   M    M  10 18     21  10
14  30  17  24 -17  41   0    T    T    4 11.7 20 350   M    M   6 18     25  20
15  36  14  25 -17  40   0 0.00  0.0    2  6.4 16 330   M    M   0        24 350
16  50  22  36  -6  29   0    T  0.0    0 11.5 21 160   M    M   2        30 160
17  68  42  55  12  10   0 0.19  0.0    0 11.7 25 330   M    M   6 13     34 330
18  51  32  42  -1  23   0 0.00  0.0    0 10.8 29 320   M    M   4        39 310
19  60  28  44   1  21   0 0.00  0.0    0 10.7 22 160   M    M   2 1      28 160
20  75  46  61  17   4   0 0.00  0.0    0 10.6 21  10   M    M   2 18     26  30
21  62  39  51   7  14   0 0.00  0.0    0 11.0 23 360   M    M   1 18     30  20
22  49  29  39  -5  26   0    T  0.0    0 13.4 22  70   M    M   1        26  70
23  50  36  43  -2  22   0 0.07  0.0    0 15.0 23 160   M    M   6 1      32 150
24  80  47  64  19   1   0 0.01  0.0    0 13.1 28 190   M    M   3        35 190
================================================================================
SM 1289  793       514   0  1.44     4.6 282.3          M       84
================================================================================
AV 53.7 33.0                              11.8 FASTST   M    M   4    MAX(MPH)
                                 MISC ---->  # 43 270               # 52  280
================================================================================
NOTES:
# LAST OF SEVERAL OCCURRENCES

COLUMN 17 PEAK WIND IN M.P.H.

PRELIMINARY LOCAL CLIMATOLOGICAL DATA (WS FORM: F-6) , PAGE 2

                                          STATION:  SPRINGFIELD IL
                                          MONTH:    MARCH
                                          YEAR:     2017
                                          LATITUDE:   39 50 N
                                          LONGITUDE:  89 41 W

[TEMPERATURE DATA]      [PRECIPITATION DATA]       SYMBOLS USED IN COLUMN 16

AVERAGE MONTHLY: 43.4   TOTAL FOR MONTH:   1.44    1 = FOG OR MIST
DPTR FM NORMAL:   2.5   DPTR FM NORMAL:   -0.55    2 = FOG REDUCING VISIBILITY
HIGHEST:    80 ON 24    GRTST 24HR  0.50 ON  7- 7      TO 1/4 MILE OR LESS
LOWEST:     14 ON 15                               3 = THUNDER
                        SNOW, ICE PELLETS, HAIL    4 = ICE PELLETS
                        TOTAL MONTH:   4.6 INCHES  5 = HAIL
                        GRTST 24HR   4.4 ON   M    6 = FREEZING RAIN OR DRIZZLE
                        GRTST DEPTH:   4 ON 14,13  7 = DUSTSTORM OR SANDSTORM:
                                                       VSBY 1/2 MILE OR LESS
                                                   8 = SMOKE OR HAZE
[NO. OF DAYS WITH]      [WEATHER - DAYS WITH]      9 = BLOWING SNOW
                                                   X = TORNADO
MAX 32 OR BELOW:   1    0.01 INCH OR MORE:   8
MAX 90 OR ABOVE:   0    0.10 INCH OR MORE:   4
MIN 32 OR BELOW:  12    0.50 INCH OR MORE:   1
MIN  0 OR BELOW:   0    1.00 INCH OR MORE:   0

[HDD (BASE 65) ]
TOTAL THIS MO.   514    CLEAR  (SCALE 0-3)  13
DPTR FM NORMAL   -68    PTCLDY (SCALE 4-7)  10
TOTAL FM JUL 1  3769    CLOUDY (SCALE 8-10)  1
DPTR FM NORMAL -1084

[CDD (BASE 65) ]
TOTAL THIS MO.     0
DPTR FM NORMAL     0    [PRESSURE DATA]
TOTAL FM JAN 1     0    HIGHEST SLP M ON M
DPTR FM NORMAL     0    LOWEST  SLP 29.47 ON  1

[REMARKS]
