000
CXUS54 KLZK 281130
CF6SRC
PRELIMINARY LOCAL CLIMATOLOGICAL DATA (WS FORM: F-6)

                                          STATION:   Searcy Airport
                                          MONTH:     JUNE
                                          YEAR:      2017
                                          LATITUDE:   35 12 N
                                          LONGITUDE:  91 44 W

  TEMPERATURE IN F:       :PCPN:    SNOW:  WIND      :SUNSHINE: SKY     :PK WND
================================================================================
1   2   3   4   5  6A  6B    7    8   9   10  11  12  13   14  15   16   17  18
                                     12Z  AVG MX 2MIN
DY MAX MIN AVG DEP HDD CDD  WTR  SNW DPTH SPD SPD DIR MIN PSBL S-S WX    SPD DR
================================================================================

 1  86  64  75   1   0  10 0.06  0.0    0  2.7  9  60   M    M   1 13      M  M
 2  85  63  74  -1   0   9 0.19  0.0    0  4.5  9 120   M    M   4 1       M  M
 3  86  68  77   2   0  12 0.03  0.0    0  3.8 10 120   M    M   4         M  M
 4  84  71  78   3   0  13 0.10  0.0    0  3.2 10  40   M    M   7 13      M  M
 5  78  69  74  -1   0   9 2.17  0.0    0  3.5  7  30   M    M   7 1       M  M
 6  87  69  78   2   0  13 0.00  0.0    0  8.4 16  30   M    M   2 1      23  30
 7  82  61  72  -4   0   7 0.00  0.0    0  7.2 14  30   M    M   0        20  40
 8  79  58  69  -7   0   4 0.00  0.0    0  5.8 12  30   M    M   0 8      18  30
 9  84  54  69  -7   0   4 0.00  0.0    0  2.7  9 180   M    M   0         M  M
10  86  58  72  -5   0   7 0.00  0.0    0  5.6 14 170   M    M   0 1      20 170
11  88  63  76  -1   0  11 0.00  0.0    0  5.8 15 170   M    M   2 1      20 150
12  90  72  81   4   0  16    T  0.0    0  5.9 10 180   M    M   5 13      M  M
13  90  69  80   3   0  15 0.00  0.0    0  5.5 12 150   M    M   4 1       M  M
14  91  72  82   4   0  17 0.00  0.0    0  5.5 12 180   M    M   4        16 230
15  89  73  81   3   0  16    T  0.0    0  3.4  9 210   M    M   2 13      M  M
16  92  71  82   4   0  17 0.00  0.0    0  4.3  8 140   M    M   1 1       M  M
17  89  70  80   2   0  15 0.00  0.0    0  7.2 13 190   M    M   2        17 190
18   M   M   M   M   M   M 0.44    M    0  3.2  8 240   M    M   3 13      M  M
19  88  67  78  -1   0  13 0.12  0.0    0  3.4  8  30   M    M   3         M  M
20  91  65  78  -1   0  13 0.00  0.0    0  3.0  7 100   M    M   0         M  M
21  90  67  79   0   0  14 0.02  0.0    0  5.2 14  80   M    M   2        20  80
22  89  75  82   3   0  17 2.22  0.0    0  7.0  9 130   M    M   9 13      M  M
23  90  69  80   1   0  15 0.28  0.0    0  4.3 12 140   M    M   7 13      M  M
24  82  68  75  -5   0  10    T  0.0    0  6.2 13 340   M    M   1        16 350
25  87  63  75  -5   0  10 0.00  0.0    0  3.3  8 100   M    M   0         M  M
26  86  64  75  -5   0  10    T  0.0    0  3.7  9  60   M    M   1         M  M
27  86  62  74  -6   0   9 0.00  0.0    0  4.3  9  60   M    M   1         M  M
================================================================================
SM 2255 1725         0 306  5.63     0.0 128.6          M       72
================================================================================
AV 86.7 66.4                               4.8 FASTST   M    M   3    MAX(MPH)
                                 MISC ---->  # 16  30               # 23   30
================================================================================
NOTES:
# LAST OF SEVERAL OCCURRENCES

COLUMN 17 PEAK WIND IN M.P.H.

PRELIMINARY LOCAL CLIMATOLOGICAL DATA (WS FORM: F-6) , PAGE 2

                                          STATION:  Searcy Airport
                                          MONTH:    JUNE
                                          YEAR:     2017
                                          LATITUDE:   35 12 N
                                          LONGITUDE:  91 44 W

[TEMPERATURE DATA]      [PRECIPITATION DATA]       SYMBOLS USED IN COLUMN 16

AVERAGE MONTHLY: 76.5   TOTAL FOR MONTH:   5.63    1 = FOG OR MIST
DPTR FM NORMAL:  -0.9   DPTR FM NORMAL:    3.02    2 = FOG REDUCING VISIBILITY
HIGHEST:    92 ON 16    GRTST 24HR  2.22 ON 22-22      TO 1/4 MILE OR LESS
LOWEST:     54 ON  9                               3 = THUNDER
                        SNOW, ICE PELLETS, HAIL    4 = ICE PELLETS
                        TOTAL MONTH:   0.0 INCH    5 = HAIL
                        GRTST 24HR     0.0         6 = FREEZING RAIN OR DRIZZLE
                        GRTST DEPTH:   0           7 = DUSTSTORM OR SANDSTORM:
                                                       VSBY 1/2 MILE OR LESS
                                                   8 = SMOKE OR HAZE
[NO. OF DAYS WITH]      [WEATHER - DAYS WITH]      9 = BLOWING SNOW
                                                   X = TORNADO
MAX 32 OR BELOW:   0    0.01 INCH OR MORE:  10
MAX 90 OR ABOVE:   7    0.10 INCH OR MORE:   7
MIN 32 OR BELOW:   0    0.50 INCH OR MORE:   2
MIN  0 OR BELOW:   0    1.00 INCH OR MORE:   2

[HDD (BASE 65) ]
TOTAL THIS MO.     0    CLEAR  (SCALE 0-3)  18
DPTR FM NORMAL     0    PTCLDY (SCALE 4-7)   8
TOTAL FM JUL 1  2408    CLOUDY (SCALE 8-10)  1
DPTR FM NORMAL -1123

[CDD (BASE 65) ]
TOTAL THIS MO.   306
DPTR FM NORMAL   -30    [PRESSURE DATA]
TOTAL FM JAN 1   530    HIGHEST SLP M ON M
DPTR FM NORMAL   -36    LOWEST  SLP M ON M

[REMARKS]
