000
CXUS55 KTBW 291000
CF6SRQ
PRELIMINARY LOCAL CLIMATOLOGICAL DATA (WS FORM: F-6)

                                          STATION:   Sarasota Bradenton
                                          MONTH:     JUNE
                                          YEAR:      2015
                                          LATITUDE:   27 23 N
                                          LONGITUDE:  82 33 W

  TEMPERATURE IN F:       :PCPN:    SNOW:  WIND      :SUNSHINE: SKY     :PK WND
================================================================================
1   2   3   4   5  6A  6B    7    8   9   10  11  12  13   14  15   16   17  18
                                     12Z  AVG MX 2MIN
DY MAX MIN AVG DEP HDD CDD  WTR  SNW DPTH SPD SPD DIR MIN PSBL S-S WX    SPD DR
================================================================================

 1  87  69  78  -1   0  13    T  0.0    0  8.2 18  50   M    M   2 3      24  50
 2  76  69  73  -6   0   8 1.02  0.0    0  6.5 20 130   M    M   5 13     24 140
 3  86  69  78  -1   0  13 0.00  0.0    0  7.0 13 120   M    M   5        16 260
 4  90  69  80   0   0  15 0.00  0.0    0  5.6 12 330   M    M   1        16  80
 5  91  72  82   2   0  17 0.00  0.0    0  6.4 16 100   M    M   3 3      20  70
 6  84  72  78  -2   0  13    T  0.0    0  4.7 12 130   M    M   2 3      15 140
 7  88  70  79  -1   0  14 0.46  0.0    0  6.1 22  10   M    M   3 138    28  20
 8  88  70  79  -1   0  14    T  0.0    0  6.0 15 280   M    M   2        17 270
 9  87  72  80   0   0  15 0.15  0.0    0  7.3 18 140   M    M   3 13     21 140
10  86  71  79  -1   0  14 0.39  0.0    0  8.8 22 150   M    M   2 13     26 150
11  87  71  79  -1   0  14 0.08  0.0    0  7.5 24 190   M    M   2 3      31 180
12  92  71  82   2   0  17 0.80  0.0    0  7.1 30 140   M    M   2 13     40 120
13  92  75  84   3   0  19 0.00  0.0    0 10.4 18 110   M    M   1        22 100
14  93  75  84   3   0  19 0.00  0.0    0 10.3 22  80   M    M   2 3      29  80
15  93  74  84   3   0  19 0.28  0.0    0  7.0 23 150   M    M   3 3      29 150
16  90  72  81   0   0  16    T  0.0    0  6.2 14 290   M    M   1 3      17 290
17  92  74  83   2   0  18 0.00  0.0    0  6.3 13 250   M    M   1 3      16 270
18  90  77  84   3   0  19 0.00  0.0    0  5.3 13 300   M    M   3 3      17 250
19  91  76  84   3   0  19 0.02  0.0    0  4.1 17 310   M    M   3 13     22 300
20  92  75  84   3   0  19    T  0.0    0  4.6 15 290   M    M   2 3      18 300
21  90  73  82   1   0  17 0.34  0.0    0  6.0 35 350   M    M   1 3      50 340
22  93  75  84   3   0  19 0.02  0.0    0  6.0 20  30   M    M   2 3      26  40
23  91  74  83   1   0  18    T  0.0    0  5.9 15  50   M    M   2 3      19  30
24  91  73  82   0   0  17 0.00  0.0    0  6.2 13 260   M    M   1 3      17 240
25  90  75  83   1   0  18 0.00  0.0    0  7.3 15 120   M    M   1 3      18 120
26  90  72  81  -1   0  16 0.00  0.0    0  6.6 14 280   M    M   0        18 270
27  91  77  84   2   0  19    T  0.0    0  8.6 15 270   M    M   2        19 270
28  90  79  85   3   0  20 0.17  0.0    0  9.4 21 280   M    M   3 18     24 290
================================================================================
SM 2501 2041         0 459  3.73     0.0 191.4          M       60
================================================================================
AV 89.3 72.9                               6.8 FASTST   M    M   2    MAX(MPH)
                                 MISC ---->  # 35 350               # 50  340
================================================================================
NOTES:
# LAST OF SEVERAL OCCURRENCES

COLUMN 17 PEAK WIND IN M.P.H.

PRELIMINARY LOCAL CLIMATOLOGICAL DATA (WS FORM: F-6) , PAGE 2

                                          STATION:  Sarasota Bradenton
                                          MONTH:    JUNE
                                          YEAR:     2015
                                          LATITUDE:   27 23 N
                                          LONGITUDE:  82 33 W

[TEMPERATURE DATA]      [PRECIPITATION DATA]       SYMBOLS USED IN COLUMN 16

AVERAGE MONTHLY: 81.1   TOTAL FOR MONTH:   3.73    1 = FOG OR MIST
DPTR FM NORMAL:   0.4   DPTR FM NORMAL:   -3.09    2 = FOG REDUCING VISIBILITY
HIGHEST:    93 ON 22,15 GRTST 24HR  1.02 ON  2- 2      TO 1/4 MILE OR LESS
LOWEST:     69 ON  4, 3                            3 = THUNDER
                        SNOW, ICE PELLETS, HAIL    4 = ICE PELLETS
                        TOTAL MONTH:   0.0 INCH    5 = HAIL
                        GRTST 24HR     0.0         6 = FREEZING RAIN OR DRIZZLE
                        GRTST DEPTH:   0           7 = DUSTSTORM OR SANDSTORM:
                                                       VSBY 1/2 MILE OR LESS
                                                   8 = SMOKE OR HAZE
[NO. OF DAYS WITH]      [WEATHER - DAYS WITH]      9 = BLOWING SNOW
                                                   X = TORNADO
MAX 32 OR BELOW:   0    0.01 INCH OR MORE:  11
MAX 90 OR ABOVE:  19    0.10 INCH OR MORE:   8
MIN 32 OR BELOW:   0    0.50 INCH OR MORE:   2
MIN  0 OR BELOW:   0    1.00 INCH OR MORE:   1

[HDD (BASE 65) ]
TOTAL THIS MO.     0    CLEAR  (SCALE 0-3)  26
DPTR FM NORMAL     0    PTCLDY (SCALE 4-7)   2
TOTAL FM JUL 1   470    CLOUDY (SCALE 8-10)  0
DPTR FM NORMAL    -7

[CDD (BASE 65) ]
TOTAL THIS MO.   459
DPTR FM NORMAL    20    [PRESSURE DATA]
TOTAL FM JAN 1  1499    HIGHEST SLP M ON M
DPTR FM NORMAL   309    LOWEST  SLP 29.86 ON  3

[REMARKS]
