000
CXUS55 KEAX 270736
CF6STJ
PRELIMINARY LOCAL CLIMATOLOGICAL DATA (WS FORM: F-6)

                                          STATION:   ST. JOSEPH MO
                                          MONTH:     FEBRUARY
                                          YEAR:      2017
                                          LATITUDE:   39 46 N
                                          LONGITUDE:  94 55 W

  TEMPERATURE IN F:       :PCPN:    SNOW:  WIND      :SUNSHINE: SKY     :PK WND
================================================================================
1   2   3   4   5  6A  6B    7    8   9   10  11  12  13   14  15   16   17  18
                                     12Z  AVG MX 2MIN
DY MAX MIN AVG DEP HDD CDD  WTR  SNW DPTH SPD SPD DIR MIN PSBL S-S WX    SPD DR
================================================================================

 1  39  25  32   3  33   0 0.00    M    M 13.1 28 360   M    M   1        31 350
 2  31  17  24  -5  41   0 0.00    M    M  9.9 26 360   M    M   0        32 350
 3  34  18  26  -3  39   0 0.00    M    M  5.1 15 330   M    M   4        17 330
 4  48  20  34   5  31   0 0.00    M    M 13.4 29 210   M    M   2        36 190
 5  46  23  35   5  30   0 0.00    M    M  5.3 13 350   M    M   0        16 340
 6  57  24  41  11  24   0 0.00    M    M  2.4 15 160   M    M   5 128    19 170
 7  50  25  38   8  27   0 0.00    M    M 13.6 25 320   M    M   8 128    30 320
 8  27  13  20 -10  45   0    T    M    M 13.5 26 360   M    M   4 18     33 360
 9  35  13  24  -6  41   0 0.00    M    M  7.8 15  20   M    M   2        19 140
10  69  30  50  20  15   0 0.00    M    M 11.8 26 220   M    M   0        33 210
11  64  34  49  18  16   0 0.00    M    M  6.6 17 360   M    M   4        22 350
12  52  21  37   6  28   0 0.00    M    M 13.0 28 360   M    M   1        33 360
13  51  21  36   5  29   0    T    M    M  5.0 20 220   M    M   3        26 220
14  56  24  40   8  25   0 0.00    M    M  9.4 20 350   M    M   0        24 350
15  51  23  37   5  28   0 0.00    M    M  6.8 16 340   M    M   0        19 340
16  74  25  50  18  15   0 0.00    M    M 10.7 22 230   M    M   0        27 220
17  74  42  58  26   7   0 0.00    M    M 11.1 23 210   M    M   0        29 220
18  70  32  51  18  14   0 0.00    M    M  2.3  8 210   M    M   0 8      11 170
19  74  34  54  21  11   0 0.00    M    M  7.4 21 170   M    M   1 12     26 160
20  68  54  61  28   4   0 0.04    M    M 11.5 20 230   M    M   6 13     24 230
21  70  32  51  17  14   0 0.00    M    M  4.6 10 350   M    M   0 128    14  30
22  77  41  59  25   6   0 0.00    M    M  9.9 24 210   M    M   0        29 200
23  57  43  50  16  15   0 0.01    M    M 13.1 29 340   M    M   6 1      38 330
24  42  23  33  -2  32   0    T    M    M 16.7 28 330   M    M   9 1      34 330
25  41  16  29  -6  36   0 0.00    M    M  8.4 20 330   M    M   3        24 340
26  53  23  38   3  27   0 0.00    M    M  7.9 18 200   M    M   3        24 200
================================================================================
SM 1410  696       633   0  0.05    M    240.3          M       62
================================================================================
AV 54.2 26.8                               9.2 FASTST   M    M   2    MAX(MPH)
                                 MISC ---->  # 29 210               # 38  330
================================================================================
NOTES:
# LAST OF SEVERAL OCCURRENCES

COLUMN 17 PEAK WIND IN M.P.H.

PRELIMINARY LOCAL CLIMATOLOGICAL DATA (WS FORM: F-6) , PAGE 2

                                          STATION:  ST. JOSEPH MO
                                          MONTH:    FEBRUARY
                                          YEAR:     2017
                                          LATITUDE:   39 46 N
                                          LONGITUDE:  94 55 W

[TEMPERATURE DATA]      [PRECIPITATION DATA]       SYMBOLS USED IN COLUMN 16

AVERAGE MONTHLY: 40.5   TOTAL FOR MONTH:   0.05    1 = FOG OR MIST
DPTR FM NORMAL:   8.8   DPTR FM NORMAL:   -0.80    2 = FOG REDUCING VISIBILITY
HIGHEST:    77 ON 22    GRTST 24HR  0.04 ON 20-20      TO 1/4 MILE OR LESS
LOWEST:     13 ON  9, 8                            3 = THUNDER
                        SNOW, ICE PELLETS, HAIL    4 = ICE PELLETS
                        TOTAL MONTH:    M          5 = HAIL
                        GRTST 24HR    M  ON   M    6 = FREEZING RAIN OR DRIZZLE
                        GRTST DEPTH:  M  ON   M    7 = DUSTSTORM OR SANDSTORM:
                                                       VSBY 1/2 MILE OR LESS
                                                   8 = SMOKE OR HAZE
[NO. OF DAYS WITH]      [WEATHER - DAYS WITH]      9 = BLOWING SNOW
                                                   X = TORNADO
MAX 32 OR BELOW:   2    0.01 INCH OR MORE:   2
MAX 90 OR ABOVE:   0    0.10 INCH OR MORE:   0
MIN 32 OR BELOW:  20    0.50 INCH OR MORE:   0
MIN  0 OR BELOW:   0    1.00 INCH OR MORE:   0

[HDD (BASE 65) ]
TOTAL THIS MO.   633    CLEAR  (SCALE 0-3)  16
DPTR FM NORMAL  -233    PTCLDY (SCALE 4-7)   9
TOTAL FM JUL 1  3265    CLOUDY (SCALE 8-10)  1
DPTR FM NORMAL  -984

[CDD (BASE 65) ]
TOTAL THIS MO.     0
DPTR FM NORMAL     0    [PRESSURE DATA]
TOTAL FM JAN 1     0    HIGHEST SLP  0.00 ON M
DPTR FM NORMAL     0    LOWEST  SLP  0.00 ON M

[REMARKS]
