000
CXUS53 KLSX 241600
CF6STL
PRELIMINARY LOCAL CLIMATOLOGICAL DATA (WS FORM: F-6)

                                          STATION:   ST. LOUIS
                                          MONTH:     APRIL
                                          YEAR:      2017
                                          LATITUDE:   38 45 N
                                          LONGITUDE:  90 23 W

  TEMPERATURE IN F:       :PCPN:    SNOW:  WIND      :SUNSHINE: SKY     :PK WND
================================================================================
1   2   3   4   5  6A  6B    7    8   9   10  11  12  13   14  15   16   17  18
                                     12Z  AVG MX 2MIN
DY MAX MIN AVG DEP HDD CDD  WTR  SNW DPTH SPD SPD DIR MIN PSBL S-S WX    SPD DR
================================================================================

 1  60  41  51  -1  14   0 0.00  0.0    0  6.7 14  80   M    M   8        16  80
 2  69  47  58   5   7   0 0.01  0.0    0 10.4 20 130   M    M   8        23 130
 3  71  57  64  11   1   0 0.34  0.0    0 11.3 23 280   M    M   9 13     33 240
 4  66  55  61   8   4   0 0.02  0.0    0 10.5 22 280   M    M   9 3      28 270
 5  63  42  53  -1  12   0 2.01  0.0    0 12.9 30  80   M    M   9 138    38  80
 6  59  44  52  -2  13   0 0.03  0.0    0 15.8 28 320   M    M   6        36 320
 7  63  39  51  -3  14   0 0.00  0.0    0  8.2 15 320   M    M   3        19 320
 8  79  44  62   7   3   0 0.00  0.0    0 12.7 25 160   M    M   6        33 140
 9  84  63  74  19   0   9 0.00  0.0    0 15.2 26 180   M    M   8        36 180
10  81  58  70  15   0   5 0.03  0.0    0 12.3 23 200   M    M   7 3      32 190
11  62  48  55  -1  10   0 0.00  0.0    0  5.1 12 270   M    M   6        16 280
12  73  45  59   3   6   0 0.00  0.0    0  8.0 16 130   M    M   5        22 130
13  84  54  69  12   0   4 0.00  0.0    0  7.1 15 220   M    M   7        19 220
14  85  65  75  18   0  10 0.04  0.0    0  8.2 22 140   M    M   8 3      30 170
15  86  66  76  19   0  11 0.00  0.0    0 12.4 26 200   M    M   6        34 190
16  77  60  69  11   0   4 0.24  0.0    0  6.9 17  10   M    M   7 13     21 360
17  71  54  63   5   2   0 0.01  0.0    0  6.0 13 130   M    M   8        16 120
18  79  52  66   8   0   1 0.00  0.0    0  7.3 18 150   M    M   5        23 150
19  88  65  77  18   0  12 0.00  0.0    0  9.9 18 160   M    M   5        25 150
20  83  58  71  12   0   6 0.00  0.0    0 12.9 24 250   M    M   6        31 240
21  58  51  55  -4  10   0 0.06  0.0    0  7.3 21  60   M    M   9        26  60
22  63  47  55  -5  10   0 0.07  0.0    0 11.8 23  40   M    M   7        30  40
23  74  45  60   0   5   0 0.00  0.0    0  8.1 18  20   M    M   0        24  10
================================================================================
SM 1678 1200       111  62  2.86     0.0 227.0          M      152
================================================================================
AV 73.0 52.2                               9.9 FASTST   M    M   7    MAX(MPH)
                                 MISC ---->  # 30  80               # 38   80
================================================================================
NOTES:
# LAST OF SEVERAL OCCURRENCES

COLUMN 17 PEAK WIND IN M.P.H.

PRELIMINARY LOCAL CLIMATOLOGICAL DATA (WS FORM: F-6) , PAGE 2

                                          STATION:  ST. LOUIS
                                          MONTH:    APRIL
                                          YEAR:     2017
                                          LATITUDE:   38 45 N
                                          LONGITUDE:  90 23 W

[TEMPERATURE DATA]      [PRECIPITATION DATA]       SYMBOLS USED IN COLUMN 16

AVERAGE MONTHLY: 62.6   TOTAL FOR MONTH:   2.86    1 = FOG OR MIST
DPTR FM NORMAL:   6.4   DPTR FM NORMAL:    0.07    2 = FOG REDUCING VISIBILITY
HIGHEST:    88 ON 19    GRTST 24HR  2.01 ON  5- 5      TO 1/4 MILE OR LESS
LOWEST:     39 ON  7                               3 = THUNDER
                        SNOW, ICE PELLETS, HAIL    4 = ICE PELLETS
                        TOTAL MONTH:   0.0 INCH    5 = HAIL
                        GRTST 24HR     0.0         6 = FREEZING RAIN OR DRIZZLE
                        GRTST DEPTH:   0           7 = DUSTSTORM OR SANDSTORM:
                                                       VSBY 1/2 MILE OR LESS
                                                   8 = SMOKE OR HAZE
[NO. OF DAYS WITH]      [WEATHER - DAYS WITH]      9 = BLOWING SNOW
                                                   X = TORNADO
MAX 32 OR BELOW:   0    0.01 INCH OR MORE:  11
MAX 90 OR ABOVE:   0    0.10 INCH OR MORE:   3
MIN 32 OR BELOW:   0    0.50 INCH OR MORE:   1
MIN  0 OR BELOW:   0    1.00 INCH OR MORE:   1

[HDD (BASE 65) ]
TOTAL THIS MO.   111    CLEAR  (SCALE 0-3)   1
DPTR FM NORMAL  -120    PTCLDY (SCALE 4-7)  16
TOTAL FM JUL 1  3311    CLOUDY (SCALE 8-10)  6
DPTR FM NORMAL -1106

[CDD (BASE 65) ]
TOTAL THIS MO.    62
DPTR FM NORMAL    34    [PRESSURE DATA]
TOTAL FM JAN 1    70    HIGHEST SLP M ON M
DPTR FM NORMAL    35    LOWEST  SLP 29.38 ON  3

[REMARKS]
