000
CXUS53 KMPX 271000
CF6STP
PRELIMINARY LOCAL CLIMATOLOGICAL DATA (WS FORM: F-6)

                                          STATION:   ST PAUL MN
                                          MONTH:     MARCH
                                          YEAR:      2017
                                          LATITUDE:   44 55 N
                                          LONGITUDE:  93  4 W

  TEMPERATURE IN F:       :PCPN:    SNOW:  WIND      :SUNSHINE: SKY     :PK WND
================================================================================
1   2   3   4   5  6A  6B    7    8   9   10  11  12  13   14  15   16   17  18
                                     12Z  AVG MX 2MIN
DY MAX MIN AVG DEP HDD CDD  WTR  SNW DPTH SPD SPD DIR MIN PSBL S-S WX    SPD DR
================================================================================

 1  38  23  31   4  34   0    M    M    M 13.8 23 290   M    M   9 1      28 290
 2  31  17  24  -3  41   0    M    M    M 12.3 23 320   M    M   2        27 320
 3  31  12  22  -6  43   0    M    M    M  9.1 17 160   M    M   3 1      22 170
 4  43  25  34   6  31   0    M    M    M 15.5 25 130   M    M   2        32 120
 5  55  36  46  18  19   0    M    M    M 13.7 26 150   M    M   6        34 150
 6  61  40  51  22  14   0    M    M    M 14.3 22 250   M    M   9 13     30 230
 7  49  29  39  10  26   0    M    M    M 23.7 37 260   M    M   5 1      48 280
 8  36  24  30   0  35   0    M    M    M 22.8 43 280   M    M   4        59 290
 9  29  18  24  -6  41   0    M    M    M 12.0 23 330   M    M   2        28 330
10  18   5  12 -19  53   0    M    M    M 12.4 22 330   M    M   0        29 330
11  22   8  15 -16  50   0    M    M    M  9.0 16  10   M    M   2        20 350
12  23  12  18 -14  47   0    M    M    M  6.9 17 150   M    M   7 128    20 130
13  28  14  21 -11  44   0    M    M    M  9.1 17  20   M    M   6 18     22  10
14  29   9  19 -14  46   0    M    M    M  5.4 14 300   M    M   0        19 320
15  33  12  23 -10  42   0    M    M    M  5.4 13 240   M    M   0        17 270
16  42  20  31  -3  34   0    M    M    M 13.1 23 150   M    M   5        31 130
17  44  27  36   2  29   0    M    M    M 11.9 30 300   M    M   8 18     37 290
18  43  29  36   2  29   0    M    M    M 10.3 26 310   M    M   6        31 290
19  54  28  41   6  24   0    M    M    M  9.9 28 150   M    M   2        34 150
20  55  33  44   8  21   0    M    M    M  6.0 18 360   M    M   2        23 340
21  41  25  33  -3  32   0    M    M    M 12.4 23 320   M    M   0        28 340
22  41  20  31  -5  34   0    M    M    M 10.7 20 150   M    M   4        24 130
23  40  37  39   2  26   0    M    M    M 12.6 24 150   M    M  10 18     28 150
24  45  38  42   4  23   0    M    M    M  9.1 16  10   M    M  10 1      21  20
25  43  37  40   2  25   0    M    M    M 10.3 18  50   M    M  10 18     23  30
26  43  36  40   1  25   0    M    M    M  6.3 12 350   M    M  10 1      15 340
================================================================================
SM 1017  614       868   0    M     M    298.0          M      124
================================================================================
AV 39.1 23.6                              11.5 FASTST   M    M   5    MAX(MPH)
                                 MISC ---->  # 43 280               # 59  290
================================================================================
NOTES:
# LAST OF SEVERAL OCCURRENCES

COLUMN 17 PEAK WIND IN M.P.H.

PRELIMINARY LOCAL CLIMATOLOGICAL DATA (WS FORM: F-6) , PAGE 2

                                          STATION:  ST PAUL MN
                                          MONTH:    MARCH
                                          YEAR:     2017
                                          LATITUDE:   44 55 N
                                          LONGITUDE:  93  4 W

[TEMPERATURE DATA]      [PRECIPITATION DATA]       SYMBOLS USED IN COLUMN 16

AVERAGE MONTHLY: 31.4   TOTAL FOR MONTH:      M    1 = FOG OR MIST
DPTR FM NORMAL:  -1.1   DPTR FM NORMAL:       M    2 = FOG REDUCING VISIBILITY
HIGHEST:    61 ON  6    GRTST 24HR    M  ON   M        TO 1/4 MILE OR LESS
LOWEST:      5 ON 10                               3 = THUNDER
                        SNOW, ICE PELLETS, HAIL    4 = ICE PELLETS
                        TOTAL MONTH:    M          5 = HAIL
                        GRTST 24HR    M  ON   M    6 = FREEZING RAIN OR DRIZZLE
                        GRTST DEPTH:  M  ON   M    7 = DUSTSTORM OR SANDSTORM:
                                                       VSBY 1/2 MILE OR LESS
                                                   8 = SMOKE OR HAZE
[NO. OF DAYS WITH]      [WEATHER - DAYS WITH]      9 = BLOWING SNOW
                                                   X = TORNADO
MAX 32 OR BELOW:   8    0.01 INCH OR MORE:   0
MAX 90 OR ABOVE:   0    0.10 INCH OR MORE:   0
MIN 32 OR BELOW:  19    0.50 INCH OR MORE:   0
MIN  0 OR BELOW:   0    1.00 INCH OR MORE:   0

[HDD (BASE 65) ]
TOTAL THIS MO.   868    CLEAR  (SCALE 0-3)  10
DPTR FM NORMAL    26    PTCLDY (SCALE 4-7)  10
TOTAL FM JUL 1  5669    CLOUDY (SCALE 8-10)  6
DPTR FM NORMAL  -782

[CDD (BASE 65) ]
TOTAL THIS MO.     0
DPTR FM NORMAL     0    [PRESSURE DATA]
TOTAL FM JAN 1     0    HIGHEST SLP M ON M
DPTR FM NORMAL     0    LOWEST  SLP 29.09 ON  6

[REMARKS]
