130
CXUS56 KMTR 241000
CF6STS
PRELIMINARY LOCAL CLIMATOLOGICAL DATA (WS FORM: F-6)

                                          STATION:   SANTA ROSA AIRPORT
                                          MONTH:     MAY
                                          YEAR:      2017
                                          LATITUDE:   38 30 N
                                          LONGITUDE: 122 49 W

  TEMPERATURE IN F:       :PCPN:    SNOW:  WIND      :SUNSHINE: SKY     :PK WND
================================================================================
1   2   3   4   5  6A  6B    7    8   9   10  11  12  13   14  15   16   17  18
                                     12Z  AVG MX 2MIN
DY MAX MIN AVG DEP HDD CDD  WTR  SNW DPTH SPD SPD DIR MIN PSBL S-S WX    SPD DR
================================================================================

 1  90  49  70  12   0   5 0.00  0.0    0  7.7 21 330   M    M   0        26 330
 2  92  58  75  17   0  10 0.00  0.0    0  6.6 16 340   M    M   0        20 330
 3  90  53  72  14   0   7 0.00  0.0    0  5.1 14 180   M    M   0        17 170
 4  73  48  61   3   4   0 0.00  0.0    0  6.0 16 150   M    M   4        22 180
 5  73  51  62   3   3   0    T  0.0    0  9.4 22 350   M    M   4        28 350
 6  72  48  60   1   5   0    T  0.0    0 10.8 21 310   M    M   2        27 320
 7  77  49  63   4   2   0 0.00  0.0    0  8.3 18 340   M    M   1        25 340
 8  80  43  62   3   3   0 0.00  0.0    0  4.4 15 160   M    M   0 18     18 160
 9  83  45  64   5   1   0 0.00  0.0    0  4.8 15 140   M    M   1 18     18 150
10  60  48  54  -6  11   0 0.00  0.0    0  6.8 14 170   M    M   7 1      17 180
11  63  48  56  -4   9   0 0.00  0.0    0  5.2 14 250   M    M   7 1      20 170
12  69  39  54  -6  11   0 0.00    M    0  8.4 20 320   M    M   2 1      26 310
13  71  44  58  -2   7   0 0.00  0.0    0  9.2 20 240   M    M   1        26 320
14  70  39  55  -5  10   0 0.00  0.0    0  3.9 16 270   M    M   2        22 250
15  77  41  59  -1   6   0 0.00    M    0  5.6 21 340   M    M   1 1      26 340
16  70  42  56  -4   9   0    T    M    0  7.0 21 270   M    M   4        28 260
17  76  46  61   0   4   0 0.00  0.0    0  6.7 15 180   M    M   1        19 190
18  84  43  64   3   1   0 0.00  0.0    0  3.7 14 250   M    M   1        19 230
19  87  47  67   6   0   2 0.00  0.0    0  4.3 13 150   M    M   0        16 190
20  89  48  69   8   0   4 0.00  0.0    0  4.0 14 140   M    M   0 8      17 170
21  89  46  68   7   0   3 0.00  0.0    0  4.7 13 150   M    M   1 18     16 170
22  88  49  69   8   0   4 0.00  0.0    0  4.8 14 170   M    M   4 128    17 160
23  84  49  67   5   0   2 0.00  0.0    0  6.5 18 170   M    M   5 1      22 160
================================================================================
SM 1807 1073        86  37    T      0.0 143.9          M       48
================================================================================
AV 78.6 46.7                               6.3 FASTST   M    M   2    MAX(MPH)
                                 MISC ---->  # 22 350               # 28  350
================================================================================
NOTES:
# LAST OF SEVERAL OCCURRENCES

COLUMN 17 PEAK WIND IN M.P.H.

PRELIMINARY LOCAL CLIMATOLOGICAL DATA (WS FORM: F-6) , PAGE 2

                                          STATION:  SANTA ROSA AIRPORT
                                          MONTH:    MAY
                                          YEAR:     2017
                                          LATITUDE:   38 30 N
                                          LONGITUDE: 122 49 W

[TEMPERATURE DATA]      [PRECIPITATION DATA]       SYMBOLS USED IN COLUMN 16

AVERAGE MONTHLY: 62.6   TOTAL FOR MONTH:      T    1 = FOG OR MIST
DPTR FM NORMAL:   2.8   DPTR FM NORMAL:   -1.14    2 = FOG REDUCING VISIBILITY
HIGHEST:    92 ON  2    GRTST 24HR    T  ON 16-16      TO 1/4 MILE OR LESS
LOWEST:     39 ON 14,12                            3 = THUNDER
                        SNOW, ICE PELLETS, HAIL    4 = ICE PELLETS
                        TOTAL MONTH:   0.0 INCH    5 = HAIL
                        GRTST 24HR     0.0         6 = FREEZING RAIN OR DRIZZLE
                        GRTST DEPTH:   0           7 = DUSTSTORM OR SANDSTORM:
                                                       VSBY 1/2 MILE OR LESS
                                                   8 = SMOKE OR HAZE
[NO. OF DAYS WITH]      [WEATHER - DAYS WITH]      9 = BLOWING SNOW
                                                   X = TORNADO
MAX 32 OR BELOW:   0    0.01 INCH OR MORE:   0
MAX 90 OR ABOVE:   3    0.10 INCH OR MORE:   0
MIN 32 OR BELOW:   0    0.50 INCH OR MORE:   0
MIN  0 OR BELOW:   0    1.00 INCH OR MORE:   0

[HDD (BASE 65) ]
TOTAL THIS MO.    86    CLEAR  (SCALE 0-3)  16
DPTR FM NORMAL   -46    PTCLDY (SCALE 4-7)   7
TOTAL FM JUL 1  2663    CLOUDY (SCALE 8-10)  0
DPTR FM NORMAL  -314

[CDD (BASE 65) ]
TOTAL THIS MO.    37
DPTR FM NORMAL    24    [PRESSURE DATA]
TOTAL FM JAN 1    37    HIGHEST SLP M ON M
DPTR FM NORMAL    19    LOWEST  SLP 29.71 ON  7

[REMARKS]
