000
CXUS53 KLSX 261600
CF6SUS
PRELIMINARY LOCAL CLIMATOLOGICAL DATA (WS FORM: F-6)

                                          STATION:   SPIRIT OF ST LOUIS MO
                                          MONTH:     AUGUST
                                          YEAR:      2016
                                          LATITUDE:   38 39 N
                                          LONGITUDE:  90 38 W

  TEMPERATURE IN F:       :PCPN:    SNOW:  WIND      :SUNSHINE: SKY     :PK WND
================================================================================
1   2   3   4   5  6A  6B    7    8   9   10  11  12  13   14  15   16   17  18
                                     12Z  AVG MX 2MIN
DY MAX MIN AVG DEP HDD CDD  WTR  SNW DPTH SPD SPD DIR MIN PSBL S-S WX    SPD DR
================================================================================

 1  85  71  78   0   0  13 0.59  0.0    0  2.2  9 280   M    M   7 13     11 280
 2  85  71  78   0   0  13 0.33  0.0    0  3.5 14 260   M    M   8 13     19 260
 3  88  72  80   2   0  15 0.63  0.0    0  3.4 24 310   M    M   5 13     33 320
 4  95  70  83   5   0  18 0.00  0.0    0  2.3 12 180   M    M   2 12     16 180
 5  86  71  79   1   0  14 1.63  0.0    0  4.9 25  20   M    M   7 13     32  30
 6  86  69  78   0   0  13    T  0.0    0  4.3 12 360   M    M   6        15  10
 7  85  65  75  -3   0  10 0.00  0.0    0  2.8 10  60   M    M   4 1      14  40
 8  86  72  79   1   0  14 0.00  0.0    0  2.0 12  60   M    M   8        14  80
 9  91  69  80   2   0  15 0.00  0.0    0  1.6  8  40   M    M   4 1      10 140
10  92  72  82   4   0  17 0.00  0.0    0  1.6  8 190   M    M   4 1      11 170
11  95  73  84   7   0  19 0.00  0.0    0  4.2 10 160   M    M   2 1      13 160
12  92  74  83   6   0  18 0.57  0.0    0  5.8 30 260   M    M   6 13     41 260
13  87  71  79   2   0  14 0.09  0.0    0  5.2 13 320   M    M   7 1      17 310
14  73  66  70  -7   0   5 0.51  0.0    0  4.0 13 280   M    M   7 1      16 280
15  78  70  74  -3   0   9 0.62  0.0    0  6.4 15 240   M    M  10 18     19 220
16  86  72  79   2   0  14    T  0.0    0  3.3  8 300   M    M   8        12 340
17  87  68  78   1   0  13 0.00  0.0    0  3.1 10 190   M    M   3 1      15 170
18  89  70  80   3   0  15 0.00  0.0    0  4.2 13 220   M    M   2        16 200
19  87  72  80   4   0  15    T  0.0    0  4.3 10 150   M    M   5        16 230
20  82  67  75  -1   0  10 0.00  0.0    0  9.1 20 250   M    M   6        26 250
21  81  59  70  -6   0   5 0.00  0.0    0  5.4 14 290   M    M   2        19 280
22  83  55  69  -7   0   4 0.00  0.0    0  3.7 10 180   M    M   1        14 140
23  77  59  68  -8   0   3 0.05  0.0    0  3.9 12 190   M    M   8 1      17 160
24  94  70  82   6   0  17 0.01  0.0    0  7.7 20 230   M    M   4 1      29 220
25  93  70  82   7   0  17 0.00  0.0    0  4.3 16 250   M    M   3 3      20 260
================================================================================
SM 2163 1718         0 320  5.03     0.0 103.2          M      129
================================================================================
AV 86.5 68.7                               4.1 FASTST   M    M   5    MAX(MPH)
                                 MISC ---->  # 30 260               # 41  260
================================================================================
NOTES:
# LAST OF SEVERAL OCCURRENCES

COLUMN 17 PEAK WIND IN M.P.H.

PRELIMINARY LOCAL CLIMATOLOGICAL DATA (WS FORM: F-6) , PAGE 2

                                          STATION:  SPIRIT OF ST LOUIS MO
                                          MONTH:    AUGUST
                                          YEAR:     2016
                                          LATITUDE:   38 39 N
                                          LONGITUDE:  90 38 W

[TEMPERATURE DATA]      [PRECIPITATION DATA]       SYMBOLS USED IN COLUMN 16

AVERAGE MONTHLY: 77.6   TOTAL FOR MONTH:   5.03    1 = FOG OR MIST
DPTR FM NORMAL:   0.5   DPTR FM NORMAL:    2.41    2 = FOG REDUCING VISIBILITY
HIGHEST:    95 ON 11, 4 GRTST 24HR  1.63 ON  5- 5      TO 1/4 MILE OR LESS
LOWEST:     55 ON 22                               3 = THUNDER
                        SNOW, ICE PELLETS, HAIL    4 = ICE PELLETS
                        TOTAL MONTH:   0.0 INCH    5 = HAIL
                        GRTST 24HR     0.0         6 = FREEZING RAIN OR DRIZZLE
                        GRTST DEPTH:   0           7 = DUSTSTORM OR SANDSTORM:
                                                       VSBY 1/2 MILE OR LESS
                                                   8 = SMOKE OR HAZE
[NO. OF DAYS WITH]      [WEATHER - DAYS WITH]      9 = BLOWING SNOW
                                                   X = TORNADO
MAX 32 OR BELOW:   0    0.01 INCH OR MORE:  10
MAX 90 OR ABOVE:   7    0.10 INCH OR MORE:   7
MIN 32 OR BELOW:   0    0.50 INCH OR MORE:   6
MIN  0 OR BELOW:   0    1.00 INCH OR MORE:   1

[HDD (BASE 65) ]
TOTAL THIS MO.     0    CLEAR  (SCALE 0-3)   7
DPTR FM NORMAL     0    PTCLDY (SCALE 4-7)  17
TOTAL FM JUL 1     0    CLOUDY (SCALE 8-10)  1
DPTR FM NORMAL     0

[CDD (BASE 65) ]
TOTAL THIS MO.   320
DPTR FM NORMAL    18    [PRESSURE DATA]
TOTAL FM JAN 1  1315    HIGHEST SLP M ON M
DPTR FM NORMAL   189    LOWEST  SLP 29.69 ON 12

[REMARKS]
