000
CXUS55 KFSD 270905
CF6SUX
PRELIMINARY LOCAL CLIMATOLOGICAL DATA (WS FORM: F-6)

                                          STATION:   SIOUX CITY IA
                                          MONTH:     APRIL
                                          YEAR:      2017
                                          LATITUDE:   42 24 N
                                          LONGITUDE:  96 23 W

  TEMPERATURE IN F:       :PCPN:    SNOW:  WIND      :SUNSHINE: SKY     :PK WND
================================================================================
1   2   3   4   5  6A  6B    7    8   9   10  11  12  13   14  15   16   17  18
                                     12Z  AVG MX 2MIN
DY MAX MIN AVG DEP HDD CDD  WTR  SNW DPTH SPD SPD DIR MIN PSBL S-S WX    SPD DR
================================================================================

 1  56  30  43  -1  22   0    T  0.0    0  5.8 15 130   M    M   4 1      18 140
 2  59  43  51   7  14   0 0.05  0.0    0  7.7 18 160   M    M   9 1      23 170
 3  57  49  53   9  12   0 0.30  0.0    0  7.5 15  30   M    M  10 1      19  20
 4  62  41  52   7  13   0 0.13  0.0    0 10.3 22 360   M    M   6 1      28 360
 5  58  40  49   4  16   0 0.02  0.0    0 12.0 23 330   M    M   5        27 320
 6  57  31  44  -2  21   0 0.00  0.0    0  9.1 18 350   M    M   1        25 330
 7  67  26  47   1  18   0 0.00  0.0    0 13.8 28 180   M    M   0        34 170
 8  79  44  62  16   3   0 0.00  0.0    0 13.0 22 200   M    M   0        27 200
 9  71  48  60  13   5   0    T  0.0    0  9.9 28  10   M    M   6 1      33  10
10  51  29  40  -7  25   0 0.03    T    0 13.1 25 320   M    M   5 1      30 320
11  63  23  43  -5  22   0 0.00  0.0    0  5.9 14 230   M    M   0        20 180
12  62  40  51   3  14   0    T  0.0    0  9.0 15 140   M    M   6        19 140
13  68  44  56   7   9   0 0.00  0.0    0 10.4 17  70   M    M   4 1      23  80
14  66  51  59  10   6   0 0.11  0.0    0 11.5 23 160   M    M   8 13     30 150
15  78  54  66  17   0   1 0.29  0.0    0   M   M   M   M    M   6 3       M  M
16  70  42  56   6   9   0 0.00  0.0    0  6.1 13 310   M    M   0        18 300
17  73  40  57   7   8   0 0.00  0.0    0  7.4 15 170   M    M   1        19 170
18  74  52  63  12   2   0 0.35  0.0    0 12.5 26 180   M    M   3 13     36 180
19  52  45  49  -2  16   0 0.07  0.0    0 12.7 25 100   M    M   8 13     33 110
20  55  36  46  -6  19   0 0.00  0.0    0 13.8 32 330   M    M   8        39 320
21  58  32  45  -7  20   0 0.00  0.0    0  7.0 16  70   M    M   1 1      20  70
22  68  32  50  -2  15   0 0.00  0.0    0  3.9 12 350   M    M   0 1      16 360
23  75  36  56   3   9   0 0.00  0.0    0 13.6 28 200   M    M   0        36 200
24  75  48  62   9   3   0 0.00  0.0    0 15.8 32 180   M    M   2        38 190
25  48  38  43 -11  22   0 0.10  0.0    0 15.0 31 350   M    M   8 1      37 350
26  42  35  39 -15  26   0 0.00  0.0    0 20.8 30 330   M    M  10        37 320
================================================================================
SM 1644 1029       349   1  1.45    T    267.6          M      111
================================================================================
AV 63.2 39.6                              10.7 FASTST   M    M   4    MAX(MPH)
                                 MISC ---->  # 32 330               # 39  320
================================================================================
NOTES:
# LAST OF SEVERAL OCCURRENCES

COLUMN 17 PEAK WIND IN M.P.H.

PRELIMINARY LOCAL CLIMATOLOGICAL DATA (WS FORM: F-6) , PAGE 2

                                          STATION:  SIOUX CITY IA
                                          MONTH:    APRIL
                                          YEAR:     2017
                                          LATITUDE:   42 24 N
                                          LONGITUDE:  96 23 W

[TEMPERATURE DATA]      [PRECIPITATION DATA]       SYMBOLS USED IN COLUMN 16

AVERAGE MONTHLY: 51.4   TOTAL FOR MONTH:   1.45    1 = FOG OR MIST
DPTR FM NORMAL:   2.6   DPTR FM NORMAL:   -1.08    2 = FOG REDUCING VISIBILITY
HIGHEST:    79 ON  8    GRTST 24HR  0.35 ON 18-18      TO 1/4 MILE OR LESS
LOWEST:     23 ON 11                               3 = THUNDER
                        SNOW, ICE PELLETS, HAIL    4 = ICE PELLETS
                        TOTAL MONTH:    T          5 = HAIL
                        GRTST 24HR    T  ON 10-10  6 = FREEZING RAIN OR DRIZZLE
                        GRTST DEPTH:   0           7 = DUSTSTORM OR SANDSTORM:
                                                       VSBY 1/2 MILE OR LESS
                                                   8 = SMOKE OR HAZE
[NO. OF DAYS WITH]      [WEATHER - DAYS WITH]      9 = BLOWING SNOW
                                                   X = TORNADO
MAX 32 OR BELOW:   0    0.01 INCH OR MORE:  10
MAX 90 OR ABOVE:   0    0.10 INCH OR MORE:   6
MIN 32 OR BELOW:   7    0.50 INCH OR MORE:   0
MIN  0 OR BELOW:   0    1.00 INCH OR MORE:   0

[HDD (BASE 65) ]
TOTAL THIS MO.   349    CLEAR  (SCALE 0-3)  10
DPTR FM NORMAL   -83    PTCLDY (SCALE 4-7)  13
TOTAL FM JUL 1  5355    CLOUDY (SCALE 8-10)  3
DPTR FM NORMAL -1255

[CDD (BASE 65) ]
TOTAL THIS MO.     1
DPTR FM NORMAL    -5    [PRESSURE DATA]
TOTAL FM JAN 1     1    HIGHEST SLP M ON M
DPTR FM NORMAL    -5    LOWEST  SLP 29.48 ON  8

[REMARKS]
