000
CXUS55 KPUB 201059
CF6TAD
PRELIMINARY LOCAL CLIMATOLOGICAL DATA (WS FORM: F-6)

                                          STATION:   TRINIDAD CO
                                          MONTH:     AUGUST
                                          YEAR:      2017
                                          LATITUDE:   37 16 N
                                          LONGITUDE: 104 20 W

  TEMPERATURE IN F:       :PCPN:    SNOW:  WIND      :SUNSHINE: SKY     :PK WND
================================================================================
1   2   3   4   5  6A  6B    7    8   9   10  11  12  13   14  15   16   17  18
                                     12Z  AVG MX 2MIN
DY MAX MIN AVG DEP HDD CDD  WTR  SNW DPTH SPD SPD DIR MIN PSBL S-S WX    SPD DR
================================================================================

 1  82  58  70  -3   0   5 0.00  0.0    0  8.7 16  30   M    M   2        21  40
 2  88  56  72  -1   0   7 0.18  0.0    0 12.7 44 340   M    M   1 3      53 340
 3  73  58  66  -7   0   1    T  0.0    0  6.6 28 310   M    M   1 3      36 320
 4  86  53  70  -3   0   5 0.01  0.0    0  7.5 30 230   M    M   1 3      39 230
 5  87  56  72  -1   0   7    T  0.0    0 12.1 26 250   M    M   3        35 230
 6  79  56  68  -4   0   3 0.28  0.0    0  7.6 20 230   M    M   4 13     23 240
 7  68  56  62 -10   3   0 0.15  0.0    0  4.6 13 250   M    M   9 13     15 250
 8  80  53  67  -5   0   2 0.26  0.0    0  6.3 35  10   M    M   2 138    42  10
 9  83  54  69  -3   0   4 0.19  0.0    0  5.6 31 290   M    M   1 3      44 310
10  83  59  71  -1   0   6 0.45  0.0    0  7.3 33 230   M    M   4 13     41 230
11  75  60  68  -4   0   3 0.04  0.0    0  6.1 20 260   M    M   8 1      29 230
12  83  56  70  -2   0   5 0.01  0.0    0  7.1 17 340   M    M   1 3      22 240
13  85  58  72   0   0   7 0.00  0.0    0  6.5 14 250   M    M   0        17 120
14  89  56  73   1   0   8 0.06  0.0    0  9.9 25 250   M    M   1 3      32 250
15  87  59  73   1   0   8 0.00  0.0    0  9.6 26 250   M    M   1 3      33 100
16  80  52  66  -6   0   1 0.00  0.0    0  5.8 15 310   M    M   1        20 310
17  85  53  69  -3   0   4 0.02  0.0    0  8.1 22  20   M    M   1        29  20
18  88  56  72   1   0   7 0.00  0.0    0  8.9 21 250   M    M   0        26 260
19  87  66  77   6   0  12    T  0.0    0 11.4 37 280   M    M   0 3      58 250
================================================================================
SM 1568 1075         3  95  1.65     0.0 152.4          M       41
================================================================================
AV 82.5 56.6                               8.0 FASTST   M    M   2    MAX(MPH)
                                 MISC ---->  # 44 340               # 58  250
================================================================================
NOTES:
# LAST OF SEVERAL OCCURRENCES

COLUMN 17 PEAK WIND IN M.P.H.

PRELIMINARY LOCAL CLIMATOLOGICAL DATA (WS FORM: F-6) , PAGE 2

                                          STATION:  TRINIDAD CO
                                          MONTH:    AUGUST
                                          YEAR:     2017
                                          LATITUDE:   37 16 N
                                          LONGITUDE: 104 20 W

[TEMPERATURE DATA]      [PRECIPITATION DATA]       SYMBOLS USED IN COLUMN 16

AVERAGE MONTHLY: 69.6   TOTAL FOR MONTH:   1.65    1 = FOG OR MIST
DPTR FM NORMAL:  -2.6   DPTR FM NORMAL:    0.14    2 = FOG REDUCING VISIBILITY
HIGHEST:    89 ON 14    GRTST 24HR  0.45 ON 10-10      TO 1/4 MILE OR LESS
LOWEST:     52 ON 16                               3 = THUNDER
                        SNOW, ICE PELLETS, HAIL    4 = ICE PELLETS
                        TOTAL MONTH:   0.0 INCH    5 = HAIL
                        GRTST 24HR     0.0         6 = FREEZING RAIN OR DRIZZLE
                        GRTST DEPTH:   0           7 = DUSTSTORM OR SANDSTORM:
                                                       VSBY 1/2 MILE OR LESS
                                                   8 = SMOKE OR HAZE
[NO. OF DAYS WITH]      [WEATHER - DAYS WITH]      9 = BLOWING SNOW
                                                   X = TORNADO
MAX 32 OR BELOW:   0    0.01 INCH OR MORE:  11
MAX 90 OR ABOVE:   0    0.10 INCH OR MORE:   6
MIN 32 OR BELOW:   0    0.50 INCH OR MORE:   0
MIN  0 OR BELOW:   0    1.00 INCH OR MORE:   0

[HDD (BASE 65) ]
TOTAL THIS MO.     3    CLEAR  (SCALE 0-3)  14
DPTR FM NORMAL     3    PTCLDY (SCALE 4-7)   4
TOTAL FM JUL 1     3    CLOUDY (SCALE 8-10)  1
DPTR FM NORMAL     0

[CDD (BASE 65) ]
TOTAL THIS MO.    95
DPTR FM NORMAL   -44    [PRESSURE DATA]
TOTAL FM JAN 1   623    HIGHEST SLP M ON M
DPTR FM NORMAL    49    LOWEST  SLP 29.79 ON 14

[REMARKS]
