000
CXUS54 KBMX 011216
CF6TCL
PRELIMINARY LOCAL CLIMATOLOGICAL DATA (WS FORM: F-6)

                                          STATION:   TUSCALOOSA
                                          MONTH:     OCTOBER
                                          YEAR:      2014
                                          LATITUDE:   33 13 N
                                          LONGITUDE:  87 37 W

  TEMPERATURE IN F:       :PCPN:    SNOW:  WIND      :SUNSHINE: SKY     :PK WND
================================================================================
1   2   3   4   5  6A  6B    7    8   9   10  11  12  13   14  15   16   17  18
                                     12Z  AVG MX 2MIN
DY MAX MIN AVG DEP HDD CDD  WTR  SNW DPTH SPD SPD DIR MIN PSBL S-S WX    SPD DR
================================================================================

 1  89  59  74   4   0   9 0.00  0.0    0  2.0 12 210   M    M   0        17 200
 2  88  63  76   7   0  11 0.07  0.0    0  6.5 15 190   M    M   4 3      20 190
 3  80  60  70   1   0   5 0.70  0.0    0  6.6 23 330   M    M   6 3      31 320
 4  69  45  57 -12   8   0 0.00  0.0    0  7.9 21 290   M    M   0        27 290
 5  76  42  59  -9   6   0 0.00  0.0    0  4.5 16 190   M    M   1        19 190
 6  82  56  69   1   0   4 0.00  0.0    0  5.7 20 200   M    M   2        26 200
 7  88  61  75   7   0  10 0.00  0.0    0  5.8 16 190   M    M   3        21 190
 8  89  64  77  10   0  12 0.00  0.0    0  2.3  9 310   M    M   2        12 310
 9  90  64  77  10   0  12 0.00  0.0    0  2.4 13 200   M    M   0        16 200
10  86  66  76  10   0  11 0.05  0.0    0  5.5 14 170   M    M   4        19 170
11  88  68  78  12   0  13 0.01  0.0    0  4.4 15 200   M    M   3        20 200
12  89  66  78  12   0  13 0.00  0.0    0  7.6 18 200   M    M   4        23 210
13  87  68  78  13   0  13 2.35  0.0    0  9.9 39 180   M    M   6 3      50 190
14  70  60  65   0   0   0 0.10  0.0    0  8.4 20 270   M    M   9        27 260
15  73  53  63  -2   2   0 0.00  0.0    0  5.3 22 260   M    M   4        28 260
16  75  48  62  -2   3   0 0.00  0.0    0  2.9 14 270   M    M   0        19 270
17  83  48  66   2   0   1 0.00  0.0    0  3.1 16 250   M    M   0        21 250
18  77  54  66   2   0   1 0.00  0.0    0  5.4 15 320   M    M   0        19 360
19  73  45  59  -4   6   0 0.00  0.0    0  3.8 12  30   M    M   0        14  60
20  75  45  60  -3   5   0 0.00  0.0    0  1.1  9 210   M    M   0        13 330
21  81  47  64   1   1   0 0.00  0.0    0  3.1 13 310   M    M   1        17 300
22  71  45  58  -4   7   0 0.00  0.0    0  6.7 18  60   M    M   0        23  50
23  71  40  56  -6   9   0 0.00  0.0    0  3.4  9  10   M    M   0        11  10
24  77  48  63   1   2   0 0.00  0.0    0  3.5 13  10   M    M   0        16  10
25  80  45  63   1   2   0 0.00  0.0    0  1.2 10 310   M    M   0        18 290
26  85  54  70   9   0   5 0.00  0.0    0  1.2  9 260   M    M   2        12 240
27  85  54  70   9   0   5 0.00  0.0    0  3.6 13 180   M    M   1        16 210
28  78  57  68   7   0   3 0.00  0.0    0  2.3  9 180   M    M   3 1      13 180
29  71  47  59  -1   6   0 0.27    M    0  4.2 14 350   M    M   5 3      19 360
30  70  41  56  -4   9   0 0.00  0.0    0  2.3 14  20   M    M   0        17  10
31  70  40  55  -5  10   0 0.01  0.0    0  7.3 26 350   M    M   3 3      36 360
================================================================================
SM 2466 1653        76 128  3.56     0.0 139.9          M       63
================================================================================
AV 79.5 53.3                               4.5 FASTST   M    M   2    MAX(MPH)
                                 MISC ---->  # 39 180               # 50  190
================================================================================
NOTES:
# LAST OF SEVERAL OCCURRENCES

COLUMN 17 PEAK WIND IN M.P.H.

PRELIMINARY LOCAL CLIMATOLOGICAL DATA (WS FORM: F-6) , PAGE 2

                                          STATION:  TUSCALOOSA
                                          MONTH:    OCTOBER
                                          YEAR:     2014
                                          LATITUDE:   33 13 N
                                          LONGITUDE:  87 37 W

[TEMPERATURE DATA]      [PRECIPITATION DATA]       SYMBOLS USED IN COLUMN 16

AVERAGE MONTHLY: 66.4   TOTAL FOR MONTH:   3.56    1 = FOG OR MIST
DPTR FM NORMAL:   1.9   DPTR FM NORMAL:    0.05    2 = FOG REDUCING VISIBILITY
HIGHEST:    90 ON  9    GRTST 24HR  2.45 ON 13-14      TO 1/4 MILE OR LESS
LOWEST:     40 ON 31,23                            3 = THUNDER
                        SNOW, ICE PELLETS, HAIL    4 = ICE PELLETS
                        TOTAL MONTH:   0.0 INCH    5 = HAIL
                        GRTST 24HR     0.0         6 = FREEZING RAIN OR DRIZZLE
                        GRTST DEPTH:   0           7 = DUSTSTORM OR SANDSTORM:
                                                       VSBY 1/2 MILE OR LESS
                                                   8 = SMOKE OR HAZE
[NO. OF DAYS WITH]      [WEATHER - DAYS WITH]      9 = BLOWING SNOW
                                                   X = TORNADO
MAX 32 OR BELOW:   0    0.01 INCH OR MORE:   8
MAX 90 OR ABOVE:   1    0.10 INCH OR MORE:   4
MIN 32 OR BELOW:   0    0.50 INCH OR MORE:   2
MIN  0 OR BELOW:   0    1.00 INCH OR MORE:   1

[HDD (BASE 65) ]
TOTAL THIS MO.    76    CLEAR  (SCALE 0-3)  22
DPTR FM NORMAL   -34    PTCLDY (SCALE 4-7)   8
TOTAL FM JUL 1    76    CLOUDY (SCALE 8-10)  1
DPTR FM NORMAL   -41

[CDD (BASE 65) ]
TOTAL THIS MO.   128
DPTR FM NORMAL    34    [PRESSURE DATA]
TOTAL FM JAN 1  2239    HIGHEST SLP 30.22 ON 31
DPTR FM NORMAL    88    LOWEST  SLP 29.69 ON 14

[REMARKS]
#FINAL-10-14#
