000
CXUS54 KEPZ 281200
CF6TCS
PRELIMINARY LOCAL CLIMATOLOGICAL DATA (WS FORM: F-6)

                                          STATION:   TRUTH OR CONSEQUENCES
                                          MONTH:     JULY
                                          YEAR:      2015
                                          LATITUDE:   33 13 N
                                          LONGITUDE: 107 16 W

  TEMPERATURE IN F:       :PCPN:    SNOW:  WIND      :SUNSHINE: SKY     :PK WND
================================================================================
1   2   3   4   5  6A  6B    7    8   9   10  11  12  13   14  15   16   17  18
                                     12Z  AVG MX 2MIN
DY MAX MIN AVG DEP HDD CDD  WTR  SNW DPTH SPD SPD DIR MIN PSBL S-S WX    SPD DR
================================================================================

 1  96  67  82   2   0  17 0.00  0.0    0  6.5 17 150   M    M   1        22 150
 2  99  73  86   6   0  21 0.00  0.0    0  9.6 31  30   M    M   1        40 360
 3  91  68  80   0   0  15 0.08  0.0    0  5.4 24  90   M    M   3        30  80
 4  92  68  80   0   0  15 0.04  0.0    0  6.7 20  10   M    M   3        26  20
 5  90  67  79  -1   0  14 0.01  0.0    0  6.1 28 320   M    M   4        36 310
 6  93  70  82   2   0  17    T  0.0    0  8.9 25 290   M    M   3        32 290
 7  85  66  76  -4   0  11 0.01  0.0    M 10.5 23 320   M    M   3        32 330
 8  86  62  74  -6   0   9 0.01  0.0    0  7.7 26 220   M    M   2        34 220
 9  86  64  75  -5   0  10 0.00  0.0    0  6.5 25 190   M    M   3        32 180
10  82  62  72  -8   0   7 0.01  0.0    0  4.9 26 280   M    M   1        32 280
11  90  61  76  -4   0  11 0.00  0.0    0  6.1 21 180   M    M   0        26 170
12  96  68  82   2   0  17 0.00  0.0    0  7.8 17  20   M    M   1        25  10
13  96  67  82   2   0  17    T  0.0    0  7.4 26 290   M    M   2        38 290
14  93  67  80   0   0  15 0.00  0.0    0  8.1 20 320   M    M   2        26 320
15  91  70  81   1   0  16    T  0.0    0  6.3 21 300   M    M   3        28 310
16  93  71  82   2   0  17 0.00  0.0    0  9.2 31 310   M    M   4        42 320
17  90  67  79  -1   0  14    T  0.0    0  9.5 26 290   M    M   3        33 290
18  95  64  80   0   0  15 0.00  0.0    0  8.8 23 300   M    M   1        31 310
19  92  70  81   1   0  16    T  0.0    0 10.3 26 310   M    M   2        35 300
20  93  68  81   1   0  16 0.00  0.0    0  8.6 23 290   M    M   1        28 290
21  92  68  80   0   0  15 0.06  0.0    0  7.9 24 180   M    M   2        29 180
22  91  66  79  -1   0  14 0.00  0.0    0  6.1 26 310   M    M   2        36 310
23  96  68  82   3   0  17    T  0.0    0  7.7 18 300   M    M   1        22 300
24  97  70  84   5   0  19 0.00  0.0    0  8.6 20 320   M    M   0        26 310
25  99  71  85   6   0  20 0.00  0.0    0  7.6 21 330   M    M   1        33 320
26  98  72  85   6   0  20 0.00  0.0    0  9.3 23 180   M    M   1        29 190
27  96  70  83   4   0  18 0.00  0.0    0  5.9 24 280   M    M   1 8      29 280
================================================================================
SM 2498 1825         0 413  0.22     0.0 208.0          M       51
================================================================================
AV 92.5 67.6                               7.7 FASTST   M    M   2    MAX(MPH)
                                 MISC ---->  # 31  30               # 42  320
================================================================================
NOTES:
# LAST OF SEVERAL OCCURRENCES

COLUMN 17 PEAK WIND IN M.P.H.

PRELIMINARY LOCAL CLIMATOLOGICAL DATA (WS FORM: F-6) , PAGE 2

                                          STATION:  TRUTH OR CONSEQUENCES
                                          MONTH:    JULY
                                          YEAR:     2015
                                          LATITUDE:   33 13 N
                                          LONGITUDE: 107 16 W

[TEMPERATURE DATA]      [PRECIPITATION DATA]       SYMBOLS USED IN COLUMN 16

AVERAGE MONTHLY: 80.1   TOTAL FOR MONTH:   0.22    1 = FOG OR MIST
DPTR FM NORMAL:   0.2   DPTR FM NORMAL:   -1.56    2 = FOG REDUCING VISIBILITY
HIGHEST:    99 ON 25, 2 GRTST 24HR  0.08 ON  3- 3      TO 1/4 MILE OR LESS
LOWEST:     61 ON 11                               3 = THUNDER
                        SNOW, ICE PELLETS, HAIL    4 = ICE PELLETS
                        TOTAL MONTH:   0.0 INCH    5 = HAIL
                        GRTST 24HR     0.0         6 = FREEZING RAIN OR DRIZZLE
                        GRTST DEPTH:   0           7 = DUSTSTORM OR SANDSTORM:
                                                       VSBY 1/2 MILE OR LESS
                                                   8 = SMOKE OR HAZE
[NO. OF DAYS WITH]      [WEATHER - DAYS WITH]      9 = BLOWING SNOW
                                                   X = TORNADO
MAX 32 OR BELOW:   0    0.01 INCH OR MORE:   7
MAX 90 OR ABOVE:  23    0.10 INCH OR MORE:   0
MIN 32 OR BELOW:   0    0.50 INCH OR MORE:   0
MIN  0 OR BELOW:   0    1.00 INCH OR MORE:   0

[HDD (BASE 65) ]
TOTAL THIS MO.     0    CLEAR  (SCALE 0-3)  24
DPTR FM NORMAL     0    PTCLDY (SCALE 4-7)   3
TOTAL FM JUL 1     0    CLOUDY (SCALE 8-10)  0
DPTR FM NORMAL     0

[CDD (BASE 65) ]
TOTAL THIS MO.   413
DPTR FM NORMAL    14    [PRESSURE DATA]
TOTAL FM JAN 1   971    HIGHEST SLP M ON M
DPTR FM NORMAL     1    LOWEST  SLP 29.61 ON  2

[REMARKS]
