000
CXUS54 KEPZ 301200
CF6TCS
PRELIMINARY LOCAL CLIMATOLOGICAL DATA (WS FORM: F-6)

                                          STATION:   TRUTH OR CONSEQUENCES
                                          MONTH:     AUGUST
                                          YEAR:      2016
                                          LATITUDE:   33 13 N
                                          LONGITUDE: 107 16 W

  TEMPERATURE IN F:       :PCPN:    SNOW:  WIND      :SUNSHINE: SKY     :PK WND
================================================================================
1   2   3   4   5  6A  6B    7    8   9   10  11  12  13   14  15   16   17  18
                                     12Z  AVG MX 2MIN
DY MAX MIN AVG DEP HDD CDD  WTR  SNW DPTH SPD SPD DIR MIN PSBL S-S WX    SPD DR
================================================================================

 1  94  68  81   2   0  16 0.12  0.0    0  7.6 29 200   M    M   1 1      36 200
 2  90  67  79   0   0  14    T  0.0    0  5.2 20 230   M    M   2        27 240
 3  90  68  79   0   0  14 0.00  0.0    0  8.8 17 210   M    M   1        23 190
 4  90  71  81   3   0  16    T  0.0    0  9.2 23 270   M    M   2        29 180
 5   M   M   M   M   M   M 0.48    M    0  7.4 21 200   M    M   2        37 110
 6  95   0  48 -30  17   0    M  0.0    M  9.2 29 310   M    M   4        38 240
 7  93  65  79   1   0  14    T  0.0    0  7.0 26 150   M    M   1 8      33 150
 8  93  68  81   3   0  16    T  0.0    0  7.6 23 210   M    M   1        29 220
 9  91  66  79   1   0  14    T  0.0    0  7.6 22 190   M    M   1        28 180
10  84  66  75  -3   0  10 0.17  0.0    0  6.3 21 200   M    M   7 1      28 220
11  90  65  78   0   0  13 0.00  0.0    0  3.8 25 290   M    M   2        31 300
12  96  69  83   5   0  18 0.00  0.0    0  8.3 21 280   M    M   1        26 240
13  87  62  75  -3   0  10 0.22  0.0    0  9.5 25  30   M    M   4        37 330
14  87  63  75  -2   0  10 0.00  0.0    0  6.4 20 140   M    M   1        25 110
15  91  62  77   0   0  12 0.00  0.0    0  5.9 14 180   M    M   0        17 180
16  91  67  79   2   0  14 0.00  0.0    0  8.0 25 320   M    M   0        32 320
17  91  63  77   0   0  12 0.00  0.0    0  5.2 14 200   M    M   0        18 210
18  91  66  79   2   0  14    T  0.0    0  7.0 29 330   M    M   3        37 330
19  91  64  78   1   0  13    T  0.0    0  6.7 24 190   M    M   1        35 250
20  85  62  74  -3   0   9 0.01  0.0    0 10.9 26  20   M    M   2        34  10
21  83  60  72  -5   0   7 0.54  0.0    0  6.0 22  20   M    M   5 1      29  20
22  80  62  71  -5   0   6 0.05  0.0    0  5.7 23 270   M    M   4        30 270
23  89  60  75  -1   0  10 0.00  0.0    0  7.8 20 260   M    M   1        24 310
24  85  59  72  -4   0   7    T  0.0    0  6.1 17 350   M    M   3 3      25  40
25  88  61  75  -1   0  10 0.00  0.0    0  6.5 16 220   M    M   0        21 210
26  81  62  72  -4   0   7    T  0.0    0  7.1 22 290   M    M   3        28 290
27  84  61  73  -3   0   8    T  0.0    0  6.5 28 290   M    M   2 3      34 280
28  81  60  71  -5   0   6 0.00  0.0    0  6.8 20 330   M    M   2 3      24 330
29  87  60  74  -1   0   9 0.01  0.0    0  6.1 21 120   M    M   3        27 130
================================================================================
SM 2478 1727        17 309  1.60     0.0 206.2          M       59
================================================================================
AV 88.5 61.7                               7.1 FASTST   M    M   2    MAX(MPH)
                                 MISC ---->  # 29 200               # 38  240
================================================================================
NOTES:
# LAST OF SEVERAL OCCURRENCES

COLUMN 17 PEAK WIND IN M.P.H.

PRELIMINARY LOCAL CLIMATOLOGICAL DATA (WS FORM: F-6) , PAGE 2

                                          STATION:  TRUTH OR CONSEQUENCES
                                          MONTH:    AUGUST
                                          YEAR:     2016
                                          LATITUDE:   33 13 N
                                          LONGITUDE: 107 16 W

[TEMPERATURE DATA]      [PRECIPITATION DATA]       SYMBOLS USED IN COLUMN 16

AVERAGE MONTHLY: 75.1   TOTAL FOR MONTH:   1.60    1 = FOG OR MIST
DPTR FM NORMAL:  -2.2   DPTR FM NORMAL:   -0.54    2 = FOG REDUCING VISIBILITY
HIGHEST:    96 ON 12    GRTST 24HR  0.59 ON 21-22      TO 1/4 MILE OR LESS
LOWEST:      0 ON  6                               3 = THUNDER
                        SNOW, ICE PELLETS, HAIL    4 = ICE PELLETS
                        TOTAL MONTH:   0.0 INCH    5 = HAIL
                        GRTST 24HR     0.0         6 = FREEZING RAIN OR DRIZZLE
                        GRTST DEPTH:   0           7 = DUSTSTORM OR SANDSTORM:
                                                       VSBY 1/2 MILE OR LESS
                                                   8 = SMOKE OR HAZE
[NO. OF DAYS WITH]      [WEATHER - DAYS WITH]      9 = BLOWING SNOW
                                                   X = TORNADO
MAX 32 OR BELOW:   0    0.01 INCH OR MORE:   8
MAX 90 OR ABOVE:  15    0.10 INCH OR MORE:   5
MIN 32 OR BELOW:   1    0.50 INCH OR MORE:   1
MIN  0 OR BELOW:   1    1.00 INCH OR MORE:   0

[HDD (BASE 65) ]
TOTAL THIS MO.    17    CLEAR  (SCALE 0-3)  23
DPTR FM NORMAL    17    PTCLDY (SCALE 4-7)   6
TOTAL FM JUL 1    17    CLOUDY (SCALE 8-10)  0
DPTR FM NORMAL    17

[CDD (BASE 65) ]
TOTAL THIS MO.   309
DPTR FM NORMAL   -46    [PRESSURE DATA]
TOTAL FM JAN 1  1557    HIGHEST SLP M ON M
DPTR FM NORMAL   178    LOWEST  SLP 29.62 ON  8

[REMARKS]
