000
CXUS54 KFWD 220730
CF6TKI
PRELIMINARY LOCAL CLIMATOLOGICAL DATA (WS FORM: F-6)

                                          STATION:   MCKINNEY
                                          MONTH:     AUGUST
                                          YEAR:      2014
                                          LATITUDE:   33 10 N
                                          LONGITUDE:  96 35 W

  TEMPERATURE IN F:       :PCPN:    SNOW:  WIND      :SUNSHINE: SKY     :PK WND
================================================================================
1   2   3   4   5  6A  6B    7    8   9   10  11  12  13   14  15   16   17  18
                                     12Z  AVG MX 2MIN
DY MAX MIN AVG DEP HDD CDD  WTR  SNW DPTH SPD SPD DIR MIN PSBL S-S WX    SPD DR
================================================================================

 1  79  68  74 -11   0   9 0.02  0.0    0  6.4 14  30   M    M   8 1      18  20
 2  87  64  76  -9   0  11 0.00  0.0    0  4.2 14  50   M    M   2 1      18  10
 3  89  68  79  -6   0  14 0.00  0.0    0  4.5 14  80   M    M   2 1      18  30
 4  90  68  79  -6   0  14 0.00  0.0    0  4.1 13  70   M    M   1 18     17  60
 5  93  68  81  -4   0  16 0.00  0.0    0  4.1  M   M   M    M   2 138     M  M
 6  95  76  86   1   0  21 0.00  0.0    0  9.2 17 140   M    M   1        21 140
 7  97  76  87   2   0  22 0.00  0.0    0  9.4 17 160   M    M   1        21 160
 8 101  79  90   5   0  25 0.00  0.0    0  9.3 21 320   M    M   1 3      26 320
 9 100  75  88   3   0  23 0.00  0.0    0  9.2 25  20   M    M   1 3      32  10
10  98  74  86   1   0  21 0.00  0.0    0  5.8 14 250   M    M   1        20 240
11  94  76  85   0   0  20 0.00  0.0    0  5.8 17  10   M    M   0        21 350
12  92  67  80  -5   0  15 0.00  0.0    0  7.8 20 350   M    M   1        26 350
13  92  62  77  -8   0  12 0.00  0.0    0  3.5 12  50   M    M   0        16 360
14  92  65  79  -6   0  14 0.00  0.0    0  4.8 15 180   M    M   0         M  M
15  96  68  82  -3   0  17 0.00  0.0    0  8.3 17 140   M    M   0        23 130
16 101  77  89   5   0  24 0.04  0.0    0  9.8 25 190   M    M   2 13     32 190
17  83  72  78  -6   0  13 0.81  0.0    0  5.4 21 270   M    M   2 138    26 270
18  93  71  82  -2   0  17 0.00  0.0    0  6.2 20 210   M    M   0        24 200
19  93  76  85   1   0  20 0.00  0.0    0  9.5 26 170   M    M   0        35 150
20  95  77  86   2   0  21    T  0.0    0 14.0 23 160   M    M   1        29 160
21  97  76  87   3   0  22 0.00  0.0    0 12.4 22 180   M    M   3        27 170
================================================================================
SM 1957 1503         0 371  0.87     0.0 153.7          M       29
================================================================================
AV 93.2 71.6                               7.3 FASTST   M    M   1    MAX(MPH)
                                 MISC ---->  # 26 170               # 35  150
================================================================================
NOTES:
# LAST OF SEVERAL OCCURRENCES

COLUMN 17 PEAK WIND IN M.P.H.

PRELIMINARY LOCAL CLIMATOLOGICAL DATA (WS FORM: F-6) , PAGE 2

                                          STATION:  MCKINNEY
                                          MONTH:    AUGUST
                                          YEAR:     2014
                                          LATITUDE:   33 10 N
                                          LONGITUDE:  96 35 W

[TEMPERATURE DATA]      [PRECIPITATION DATA]       SYMBOLS USED IN COLUMN 16

AVERAGE MONTHLY: 82.4   TOTAL FOR MONTH:   0.87    1 = FOG OR MIST
DPTR FM NORMAL:  -2.3   DPTR FM NORMAL:   -0.21    2 = FOG REDUCING VISIBILITY
HIGHEST:   101 ON 16, 8 GRTST 24HR  0.85 ON 16-17      TO 1/4 MILE OR LESS
LOWEST:     62 ON 13                               3 = THUNDER
                        SNOW, ICE PELLETS, HAIL    4 = ICE PELLETS
                        TOTAL MONTH:   0.0 INCH    5 = HAIL
                        GRTST 24HR     0.0         6 = FREEZING RAIN OR DRIZZLE
                        GRTST DEPTH:   0           7 = DUSTSTORM OR SANDSTORM:
                                                       VSBY 1/2 MILE OR LESS
                                                   8 = SMOKE OR HAZE
[NO. OF DAYS WITH]      [WEATHER - DAYS WITH]      9 = BLOWING SNOW
                                                   X = TORNADO
MAX 32 OR BELOW:   0    0.01 INCH OR MORE:   3
MAX 90 OR ABOVE:  17    0.10 INCH OR MORE:   1
MIN 32 OR BELOW:   0    0.50 INCH OR MORE:   1
MIN  0 OR BELOW:   0    1.00 INCH OR MORE:   0

[HDD (BASE 65) ]
TOTAL THIS MO.     0    CLEAR  (SCALE 0-3)  20
DPTR FM NORMAL     0    PTCLDY (SCALE 4-7)   1
TOTAL FM JUL 1     0    CLOUDY (SCALE 8-10)  0
DPTR FM NORMAL     0

[CDD (BASE 65) ]
TOTAL THIS MO.   371
DPTR FM NORMAL   -43    [PRESSURE DATA]
TOTAL FM JAN 1  1704    HIGHEST SLP M ON M
DPTR FM NORMAL   -30    LOWEST  SLP 29.75 ON  7

[REMARKS]
