000
CXUS52 KTAE 010800
CF6TLH
PRELIMINARY LOCAL CLIMATOLOGICAL DATA (WS FORM: F-6)

                                          STATION:   TALLAHASSEE
                                          MONTH:     FEBRUARY
                                          YEAR:      2015
                                          LATITUDE:   30 22 N
                                          LONGITUDE:  84 22 W

  TEMPERATURE IN F:       :PCPN:    SNOW:  WIND      :SUNSHINE: SKY     :PK WND
================================================================================
1   2   3   4   5  6A  6B    7    8   9   10  11  12  13   14  15   16   17  18
                                     12Z  AVG MX 2MIN
DY MAX MIN AVG DEP HDD CDD  WTR  SNW DPTH SPD SPD DIR MIN PSBL S-S WX    SPD DR
================================================================================

 1  70  41  56   4   9   0 0.67  0.0    0  9.2 23 170   M    M   6 18     31 180
 2  66  39  53   1  12   0 0.30  0.0    0 11.2 29 310   M    M   6 1      35 320
 3  54  34  44  -9  21   0 0.00  0.0    0  4.7 12  60   M    M   5 8      14  60
 4  53  47  50  -3  15   0 0.99  0.0    0  4.8 10 100   M    M  10 1      13  40
 5  65  49  57   4   8   0 0.12  0.0    0  9.8 20 340   M    M   4 18     23 340
 6  62  34  48  -5  17   0 0.00  0.0    0  4.9 15  90   M    M   2        18 100
 7  68  30  49  -4  16   0 0.00  0.0    0  2.3 12 190   M    M   2        13 190
 8  73  35  54   1  11   0 0.00  0.0    0  3.1 13 180   M    M   2 12     20 230
 9  71  49  60   6   5   0 0.02  0.0    0  3.4 15 190   M    M   8 123    18 180
10  57  39  48  -6  17   0 0.00  0.0    0  8.6 22 340   M    M   3        26 340
11  68  34  51  -3  14   0 0.00  0.0    0  3.0 12 190   M    M   0        13 170
12  71  39  55   1  10   0 0.00  0.0    0  8.5 22 310   M    M   0 1      27 310
13  54  31  43 -11  22   0 0.00  0.0    0  6.4 18 340   M    M   1        25 350
14  68  27  48  -6  17   0 0.00  0.0    0  6.6 21 260   M    M   0        27 310
15  68  41  55   0  10   0 0.00  0.0    0  5.8 14 350   M    M   5 18     19  10
16  71  49  60   5   5   0 0.00  0.0    0  9.8 20 180   M    M   7        25 180
17  69  41  55   0  10   0 0.40  0.0    0 11.0 22 210   M    M  10 1      30 230
18  58  31  45 -10  20   0 0.00  0.0    0 10.1 26 280   M    M   1        33 280
19  45  25  35 -21  30   0 0.00  0.0    0  9.6 21 300   M    M   1        27 300
20  54  22  38 -18  27   0 0.00  0.0    0  3.2 10  40   M    M   2        14  20
21  69  33  51  -5  14   0 0.00  0.0    0  8.9 24 170   M    M   4        32 180
22  76  47  62   6   3   0 0.00  0.0    0  4.7 16 190   M    M   7 12     22 180
23  72  57  65   9   0   0 0.00  0.0    0  5.4 14 350   M    M   9 12     17 350
24  57  49  53  -4  12   0    T  0.0    0  5.9 15 340   M    M  10 1      18 340
25  65  47  56  -1   9   0 1.89  0.0    0  6.6 37 300   M    M  10 138    46 290
26  57  45  51  -6  14   0 0.00  0.0    0  9.0 21 290   M    M   9 1      25 280
27  58  41  50  -7  15   0 0.00  0.0    0  7.4 13  20   M    M   7        18 340
28  52  48  50  -7  15   0 0.04  0.0    0  9.1 17  70   M    M   9 18     23  70
================================================================================
SM 1771 1104       378   0  4.43     0.0 193.0          M      140
================================================================================
AV 63.2 39.4                               6.9 FASTST   M    M   5    MAX(MPH)
                                 MISC ---->  # 37 300               # 46  290
================================================================================
NOTES:
# LAST OF SEVERAL OCCURRENCES

COLUMN 17 PEAK WIND IN M.P.H.

PRELIMINARY LOCAL CLIMATOLOGICAL DATA (WS FORM: F-6) , PAGE 2

                                          STATION:  TALLAHASSEE
                                          MONTH:    FEBRUARY
                                          YEAR:     2015
                                          LATITUDE:   30 22 N
                                          LONGITUDE:  84 22 W

[TEMPERATURE DATA]      [PRECIPITATION DATA]       SYMBOLS USED IN COLUMN 16

AVERAGE MONTHLY: 51.3   TOTAL FOR MONTH:   4.43    1 = FOG OR MIST
DPTR FM NORMAL:  -3.4   DPTR FM NORMAL:   -0.42    2 = FOG REDUCING VISIBILITY
HIGHEST:    76 ON 22    GRTST 24HR  1.89 ON 25-25      TO 1/4 MILE OR LESS
LOWEST:     22 ON 20                               3 = THUNDER
                        SNOW, ICE PELLETS, HAIL    4 = ICE PELLETS
                        TOTAL MONTH:   0.0 INCH    5 = HAIL
                        GRTST 24HR     0.0         6 = FREEZING RAIN OR DRIZZLE
                        GRTST DEPTH:   0           7 = DUSTSTORM OR SANDSTORM:
                                                       VSBY 1/2 MILE OR LESS
                                                   8 = SMOKE OR HAZE
[NO. OF DAYS WITH]      [WEATHER - DAYS WITH]      9 = BLOWING SNOW
                                                   X = TORNADO
MAX 32 OR BELOW:   0    0.01 INCH OR MORE:   8
MAX 90 OR ABOVE:   0    0.10 INCH OR MORE:   6
MIN 32 OR BELOW:   6    0.50 INCH OR MORE:   3
MIN  0 OR BELOW:   0    1.00 INCH OR MORE:   1

[HDD (BASE 65) ]
TOTAL THIS MO.   378    CLEAR  (SCALE 0-3)  11
DPTR FM NORMAL    81    PTCLDY (SCALE 4-7)  10
TOTAL FM JUL 1  1366    CLOUDY (SCALE 8-10)  7
DPTR FM NORMAL    23

[CDD (BASE 65) ]
TOTAL THIS MO.     0
DPTR FM NORMAL    -9    [PRESSURE DATA]
TOTAL FM JAN 1     7    HIGHEST SLP M ON M
DPTR FM NORMAL    -7    LOWEST  SLP 29.60 ON 25

[REMARKS]
#FINAL-02-15#
