000
CXUS54 KBMX 261216
CF6TOI
PRELIMINARY LOCAL CLIMATOLOGICAL DATA (WS FORM: F-6)

                                          STATION:   TROY
                                          MONTH:     DECEMBER
                                          YEAR:      2014
                                          LATITUDE:   31 51 N
                                          LONGITUDE:  86  1 W

  TEMPERATURE IN F:       :PCPN:    SNOW:  WIND      :SUNSHINE: SKY     :PK WND
================================================================================
1   2   3   4   5  6A  6B    7    8   9   10  11  12  13   14  15   16   17  18
                                     12Z  AVG MX 2MIN
DY MAX MIN AVG DEP HDD CDD  WTR  SNW DPTH SPD SPD DIR MIN PSBL S-S WX    SPD DR
================================================================================

 1  76  42  59   8   6   0 0.00  0.0    0  1.2 12 190   M    M   3 12     14 200
 2  76  40  58   7   7   0 0.00  0.0    0  0.9  6 280   M    M   3 1       9 350
 3  77  50  64  13   1   0 0.00  0.0    0  1.1  8  10   M    M   2 1      14 340
 4  78  49  64  14   1   0 0.00  0.0    0  2.3 12 170   M    M   1        15 170
 5  76  48  62  12   3   0 0.00  0.0    0  4.0 13 140   M    M   2        19 150
 6  70  52  61  11   4   0 0.03  0.0    0  8.6 24 330   M    M   9 1      30 330
 7  64  45  55   5  10   0 0.00  0.0    0  6.6 16  20   M    M   1        21  30
 8  52  33  43  -6  22   0    T    M    0  5.8 12  50   M    M   8        16 100
 9  62  30  46  -3  19   0 0.00  0.0    0  6.2 20 310   M    M   0        27 300
10  55  31  43  -6  22   0 0.00  0.0    0  6.5 16 330   M    M   0        23 300
11  57  28  43  -6  22   0 0.00  0.0    0  4.2 14 310   M    M   0 1      19 330
12  63  27  45  -4  20   0 0.00  0.0    0  2.6 13 320   M    M   0        15 330
13  64  26  45  -3  20   0 0.00  0.0    0  3.5 16 330   M    M   0        20  10
14  62  30  46  -2  19   0 0.00  0.0    0  3.1 12 330   M    M   0 1      15 300
15  71  28  50   2  15   0 0.00  0.0    0  4.0 13 190   M    M   1 18     16 180
16  66  37  52   4  13   0 0.05  0.0    0  8.4 17 310   M    M   3 1      24 220
17  61  30  46  -2  19   0 0.00  0.0    0  4.0 13 340   M    M   0        16 310
18  62  35  49   1  16   0 0.00  0.0    0  2.1  9 340   M    M   4 1      10 350
19  57  40  49   2  16   0 0.16  0.0    0  2.6 10 350   M    M   4 1      14 360
20  53  46  50   3  15   0 0.41  0.0    0  5.2 10  10   M    M  10 1      14  40
21  58  51  55   8  10   0 0.00  0.0    0  5.8 12  50   M    M  10 1      15  50
22  57  50  54   7  11   0 0.02  0.0    0  5.5 10 110   M    M  10 1      13 110
23  65  57  61  14   4   0 1.32  0.0    0  9.3 36 320   M    M  10 13     47 320
24  65  46  56   9   9   0 1.32  0.0    0  6.9 17 270   M    M   7 13     25 270
25  58  32  45  -2  20   0 0.00  0.0    0  2.2 10 330   M    M   0        14 330
================================================================================
SM 1605  983       324   0  3.31     0.0 112.6          M       88
================================================================================
AV 64.2 39.3                               4.5 FASTST   M    M   4    MAX(MPH)
                                 MISC ---->  # 36 320               # 47  320
================================================================================
NOTES:
# LAST OF SEVERAL OCCURRENCES

COLUMN 17 PEAK WIND IN M.P.H.

PRELIMINARY LOCAL CLIMATOLOGICAL DATA (WS FORM: F-6) , PAGE 2

                                          STATION:  TROY
                                          MONTH:    DECEMBER
                                          YEAR:     2014
                                          LATITUDE:   31 51 N
                                          LONGITUDE:  86  1 W

[TEMPERATURE DATA]      [PRECIPITATION DATA]       SYMBOLS USED IN COLUMN 16

AVERAGE MONTHLY: 51.8   TOTAL FOR MONTH:   3.31    1 = FOG OR MIST
DPTR FM NORMAL:   3.2   DPTR FM NORMAL:   -0.85    2 = FOG REDUCING VISIBILITY
HIGHEST:    78 ON  4    GRTST 24HR  2.64 ON 23-24      TO 1/4 MILE OR LESS
LOWEST:     26 ON 13                               3 = THUNDER
                        SNOW, ICE PELLETS, HAIL    4 = ICE PELLETS
                        TOTAL MONTH:   0.0 INCH    5 = HAIL
                        GRTST 24HR     0.0         6 = FREEZING RAIN OR DRIZZLE
                        GRTST DEPTH:   0           7 = DUSTSTORM OR SANDSTORM:
                                                       VSBY 1/2 MILE OR LESS
                                                   8 = SMOKE OR HAZE
[NO. OF DAYS WITH]      [WEATHER - DAYS WITH]      9 = BLOWING SNOW
                                                   X = TORNADO
MAX 32 OR BELOW:   0    0.01 INCH OR MORE:   7
MAX 90 OR ABOVE:   0    0.10 INCH OR MORE:   4
MIN 32 OR BELOW:   9    0.50 INCH OR MORE:   2
MIN  0 OR BELOW:   0    1.00 INCH OR MORE:   2

[HDD (BASE 65) ]
TOTAL THIS MO.   324    CLEAR  (SCALE 0-3)  15
DPTR FM NORMAL   -87    PTCLDY (SCALE 4-7)   5
TOTAL FM JUL 1   842    CLOUDY (SCALE 8-10)  5
DPTR FM NORMAL    38

[CDD (BASE 65) ]
TOTAL THIS MO.     0
DPTR FM NORMAL     0    [PRESSURE DATA]
TOTAL FM JAN 1  2216    HIGHEST SLP M ON M
DPTR FM NORMAL   149    LOWEST  SLP 29.56 ON 24

[REMARKS]
