000
CXUS51 KCLE 231004
CF6TOL
PRELIMINARY LOCAL CLIMATOLOGICAL DATA (WS FORM: F-6)

                                          STATION:   TOLEDO OH
                                          MONTH:     NOVEMBER
                                          YEAR:      2014
                                          LATITUDE:   41 35 N
                                          LONGITUDE:  83 48 W

  TEMPERATURE IN F:       :PCPN:    SNOW:  WIND      :SUNSHINE: SKY     :PK WND
================================================================================
1   2   3   4   5  6A  6B    7    8   9   10  11  12  13   14  15   16   17  18
                                     12Z  AVG MX 2MIN
DY MAX MIN AVG DEP HDD CDD  WTR  SNW DPTH SPD SPD DIR MIN PSBL S-S WX    SPD DR
================================================================================

 1  40  27  34 -13  31   0    T    T    0 12.8 24 360   M    M   4 1      32  10
 2  47  22  35 -12  30   0 0.00  0.0    0  3.6 13 250   M    M   0 8      16 250
 3  60  31  46   0  19   0 0.00  0.0    0 10.4 25 240   M    M   7        31 250
 4  55  44  50   4  15   0 0.08  0.0    0 12.7 26 260   M    M   8 1      33 260
 5  58  39  49   3  16   0 0.00  0.0    0  9.2 18 240   M    M   0        22 250
 6  48  39  44  -1  21   0 0.21  0.0    0  8.0 23 350   M    M   8 1      31 340
 7  46  33  40  -5  25   0 0.00  0.0    0  9.0 21 340   M    M   5        31 340
 8  45  36  41  -4  24   0    T  0.0    0 10.4 22 280   M    M   9        29 280
 9  45  33  39  -5  26   0 0.00  0.0    0  7.8 18 230   M    M   6        24 210
10  60  42  51   7  14   0 0.00  0.0    0  6.9 21 190   M    M   2        25 180
11  64  38  51   7  14   0 0.04  0.0    0 13.0 25 240   M    M   4 1      32 240
12  37  30  34  -9  31   0 0.01  0.0    0 10.9 22 280   M    M   9        31 290
13  35  23  29 -14  36   0    T    T    0 10.6 20 260   M    M   8 18     25 310
14  33  19  26 -16  39   0    T    T    0  8.8 16 260   M    M   6 1      22 280
15  32  17  25 -17  40   0 0.00  0.0    0  4.5 16 250   M    M   3 18     21 250
16  33  27  30 -11  35   0 0.17  1.7    0  3.5 12 240   M    M  10 18     15 230
17  30  13  22 -19  43   0 0.01  0.4    2 13.4 28 260   M    M   8 18     36 260
18  18   9  14 -26  51   0    T    T    2 19.6 33 260   M    M   3        43 260
19  33  12  23 -17  42   0 0.05  0.5    1 14.5 30 260   M    M   8 128    37 270
20  27  16  22 -18  43   0 0.00  0.0    2 15.9 30 250   M    M   7 8      37 250
21  26  15  21 -18  44   0    T    T    2  5.0 12 180   M    M   4        16 250
22  51  18  35  -4  30   0 0.22  0.0    1  8.4 16 220   M    M   9 16     24 210
================================================================================
SM  923  583       669   0  0.79     2.6 218.9          M      128
================================================================================
AV 42.0 26.5                               9.9 FASTST   M    M   6    MAX(MPH)
                                 MISC ---->  # 33 260               # 43  260
================================================================================
NOTES:
# LAST OF SEVERAL OCCURRENCES

COLUMN 17 PEAK WIND IN M.P.H.

PRELIMINARY LOCAL CLIMATOLOGICAL DATA (WS FORM: F-6) , PAGE 2

                                          STATION:  TOLEDO OH
                                          MONTH:    NOVEMBER
                                          YEAR:     2014
                                          LATITUDE:   41 35 N
                                          LONGITUDE:  83 48 W

[TEMPERATURE DATA]      [PRECIPITATION DATA]       SYMBOLS USED IN COLUMN 16

AVERAGE MONTHLY: 34.2   TOTAL FOR MONTH:   0.79    1 = FOG OR MIST
DPTR FM NORMAL:  -8.9   DPTR FM NORMAL:   -1.28    2 = FOG REDUCING VISIBILITY
HIGHEST:    64 ON 11    GRTST 24HR  0.35 ON 31- 1      TO 1/4 MILE OR LESS
LOWEST:      9 ON 18                               3 = THUNDER
                        SNOW, ICE PELLETS, HAIL    4 = ICE PELLETS
                        TOTAL MONTH:   2.6 INCHES  5 = HAIL
                        GRTST 24HR   1.7 ON   M    6 = FREEZING RAIN OR DRIZZLE
                        GRTST DEPTH:   2 ON 21,20  7 = DUSTSTORM OR SANDSTORM:
                                                       VSBY 1/2 MILE OR LESS
                                                   8 = SMOKE OR HAZE
[NO. OF DAYS WITH]      [WEATHER - DAYS WITH]      9 = BLOWING SNOW
                                                   X = TORNADO
MAX 32 OR BELOW:   5    0.01 INCH OR MORE:   8
MAX 90 OR ABOVE:   0    0.10 INCH OR MORE:   3
MIN 32 OR BELOW:  14    0.50 INCH OR MORE:   0
MIN  0 OR BELOW:   0    1.00 INCH OR MORE:   0

[HDD (BASE 65) ]
TOTAL THIS MO.   669    CLEAR  (SCALE 0-3)   4
DPTR FM NORMAL   188    PTCLDY (SCALE 4-7)  12
TOTAL FM JUL 1  1220    CLOUDY (SCALE 8-10)  6
DPTR FM NORMAL   213

[CDD (BASE 65) ]
TOTAL THIS MO.     0
DPTR FM NORMAL     0    [PRESSURE DATA]
TOTAL FM JAN 1   654    HIGHEST SLP M ON M
DPTR FM NORMAL  -139    LOWEST  SLP 29.56 ON 17

[REMARKS]
