548
CXUS53 KTOP 230800
CF6TOP
PRELIMINARY LOCAL CLIMATOLOGICAL DATA (WS FORM: F-6)

                                          STATION:   Topeka KS
                                          MONTH:     SEPTEMBER
                                          YEAR:      2017
                                          LATITUDE:   39  4 N
                                          LONGITUDE:  95 38 W

  TEMPERATURE IN F:       :PCPN:    SNOW:  WIND      :SUNSHINE: SKY     :PK WND
================================================================================
1   2   3   4   5  6A  6B    7    8   9   10  11  12  13   14  15   16   17  18
                                     12Z  AVG MX 2MIN
DY MAX MIN AVG DEP HDD CDD  WTR  SNW DPTH SPD SPD DIR MIN PSBL S-S WX    SPD DR
================================================================================

 1  81  58  70  -4   0   5    T  0.0    0  4.2 10 130   M    M   2 12     13 130
 2  87  62  75   1   0  10 0.00  0.0    0  5.2 14 220   M    M   3 1      23 230
 3  90  63  77   3   0  12 0.00  0.0    0  4.2 12 160   M    M   0 12     15 130
 4  87  65  76   3   0  11 0.00  0.0    0  8.0 17  10   M    M   0        22 350
 5  77  51  64  -9   1   0 0.00  0.0    0  8.4 22 340   M    M   1        29 340
 6  76  48  62 -10   3   0 0.00  0.0    0  4.0 14 340   M    M   2 1      19 350
 7  82  46  64  -8   1   0 0.00  0.0    0  2.9 10 180   M    M   0 1      14 120
 8  89  55  72   0   0   7 0.00  0.0    0  5.7 15 160   M    M   0 1      19 170
 9  85  56  71   0   0   6 0.00  0.0    0  4.6 15 140   M    M   0        19 140
10  85  59  72   1   0   7 0.00  0.0    0  4.0 15 150   M    M   0 1      20 150
11  83  56  70   0   0   5 0.00  0.0    0  2.2 10 110   M    M   0 1      15  80
12  81  54  68  -2   0   3 0.00  0.0    0  3.2 15  30   M    M   0 12     20  30
13  86  54  70   0   0   5 0.00  0.0    0  1.9  9 150   M    M   0 1      14 100
14  92  61  77   8   0  12    T  0.0    0  7.0 20 160   M    M   0        24 170
15  86  66  76   7   0  11    T  0.0    0 10.2 23 140   M    M   0        28 130
16  87  68  78  10   0  13 0.04  0.0    0  7.8 22 300   M    M   2 13     29 320
17  72  59  66  -2   0   1 1.04  0.0    0  6.4 20 300   M    M   7 13     26 300
18  80  66  73   6   0   8 0.14  0.0    0  6.6 13 200   M    M   5 13     16 140
19  91  66  79  12   0  14 0.00  0.0    0 12.5 26 160   M    M   1        36 140
20  90  74  82  16   0  17 0.00  0.0    0  8.3 21 180   M    M   4        29 180
21  92  73  83  17   0  18 0.00  0.0    0 12.3 24 160   M    M   1        32 150
22  92  73  83  17   0  18 0.00  0.0    0 10.9 23 150   M    M   0        30 150
================================================================================
SM 1871 1333         5 183  1.22     0.0 140.5          M       28
================================================================================
AV 85.1 60.6                               6.4 FASTST   M    M   1    MAX(MPH)
                                 MISC ---->  # 26 160               # 36  140
================================================================================
NOTES:
# LAST OF SEVERAL OCCURRENCES

COLUMN 17 PEAK WIND IN M.P.H.

PRELIMINARY LOCAL CLIMATOLOGICAL DATA (WS FORM: F-6) , PAGE 2

                                          STATION:  Topeka KS
                                          MONTH:    SEPTEMBER
                                          YEAR:     2017
                                          LATITUDE:   39  4 N
                                          LONGITUDE:  95 38 W

[TEMPERATURE DATA]      [PRECIPITATION DATA]       SYMBOLS USED IN COLUMN 16

AVERAGE MONTHLY: 72.8   TOTAL FOR MONTH:   1.22    1 = FOG OR MIST
DPTR FM NORMAL:   2.7   DPTR FM NORMAL:   -1.48    2 = FOG REDUCING VISIBILITY
HIGHEST:    92 ON 22,21 GRTST 24HR  1.04 ON 17-17      TO 1/4 MILE OR LESS
LOWEST:     46 ON  7                               3 = THUNDER
                        SNOW, ICE PELLETS, HAIL    4 = ICE PELLETS
                        TOTAL MONTH:   0.0 INCH    5 = HAIL
                        GRTST 24HR     0.0         6 = FREEZING RAIN OR DRIZZLE
                        GRTST DEPTH:   0           7 = DUSTSTORM OR SANDSTORM:
                                                       VSBY 1/2 MILE OR LESS
                                                   8 = SMOKE OR HAZE
[NO. OF DAYS WITH]      [WEATHER - DAYS WITH]      9 = BLOWING SNOW
                                                   X = TORNADO
MAX 32 OR BELOW:   0    0.01 INCH OR MORE:   3
MAX 90 OR ABOVE:   6    0.10 INCH OR MORE:   2
MIN 32 OR BELOW:   0    0.50 INCH OR MORE:   1
MIN  0 OR BELOW:   0    1.00 INCH OR MORE:   1

[HDD (BASE 65) ]
TOTAL THIS MO.     5    CLEAR  (SCALE 0-3)  19
DPTR FM NORMAL   -25    PTCLDY (SCALE 4-7)   3
TOTAL FM JUL 1     5    CLOUDY (SCALE 8-10)  0
DPTR FM NORMAL   -27

[CDD (BASE 65) ]
TOTAL THIS MO.   183
DPTR FM NORMAL    42    [PRESSURE DATA]
TOTAL FM JAN 1  1373    HIGHEST SLP M ON M
DPTR FM NORMAL     4    LOWEST  SLP 29.62 ON 19

[REMARKS]
