000
CXUS55 KCYS 171000
CF6TOR
PRELIMINARY LOCAL CLIMATOLOGICAL DATA (WS FORM: F-6)

                                          STATION:   TORRINGTON WY AIRPORT
                                          MONTH:     DECEMBER
                                          YEAR:      2017
                                          LATITUDE:   42  3 N
                                          LONGITUDE: 104  9 W

  TEMPERATURE IN F:       :PCPN:    SNOW:  WIND      :SUNSHINE: SKY     :PK WND
================================================================================
1   2   3   4   5  6A  6B    7    8   9   10  11  12  13   14  15   16   17  18
                                     12Z  AVG MX 2MIN
DY MAX MIN AVG DEP HDD CDD  WTR  SNW DPTH SPD SPD DIR MIN PSBL S-S WX    SPD DR
================================================================================

 1  56  25  41  12  24   0 0.00    M    M  6.7 21 300   M    M   2        26 330
 2  62  23  43  14  22   0 0.00    M    M  6.6 14 310   M    M   0        18 300
 3  62  29  46  17  19   0 0.00    M    M  6.8 22 340   M    M   1        32 330
 4  46  13  30   2  35   0    T    M    M 16.8 36 330   M    M   5        47 330
 5  42  11  27  -1  38   0 0.00    M    M 12.7 25 300   M    M   3        35 300
 6  35  19  27  -1  38   0    T    M    M 17.2 39 320   M    M   7        52 340
 7  43  14  29   1  36   0    T    M    M 15.6 30 310   M    M   6        39 300
 8  51  28  40  12  25   0 0.00    M    M 22.6 40 320   M    M   1        52 330
 9  58  23  41  14  24   0 0.00    M    M 12.2 29 320   M    M   0        39 310
10  60  24  42  15  23   0 0.00    M    M 10.7 20 290   M    M   0        25 290
11  52  24  38  11  27   0 0.00    M    M 12.4 31 330   M    M   0        38 330
12  65  19  42  15  23   0 0.00    M    M  9.6 18 270   M    M   0        24 270
13  51  36  44  17  21   0 0.00    M    M 13.6 25 330   M    M   3        35 330
14  38  11  25  -2  40   0    T    M    M 12.0 38 330   M    M   6 18     49 330
15  57   9  33   6  32   0 0.00    M    M  9.3 29 280   M    M   0        37 270
16  50  30  40  14  25   0 0.00    M    M 10.0 20 300   M    M   4        26 310
================================================================================
SM  828  338       452   0    T     M    194.8          M       38
================================================================================
AV 51.8 21.1                              12.2 FASTST   M    M   2    MAX(MPH)
                                 MISC ---->  # 40 320               # 52  340
================================================================================
NOTES:
# LAST OF SEVERAL OCCURRENCES

COLUMN 17 PEAK WIND IN M.P.H.

PRELIMINARY LOCAL CLIMATOLOGICAL DATA (WS FORM: F-6) , PAGE 2

                                          STATION:  TORRINGTON WY AIRPORT
                                          MONTH:    DECEMBER
                                          YEAR:     2017
                                          LATITUDE:   42  3 N
                                          LONGITUDE: 104  9 W

[TEMPERATURE DATA]      [PRECIPITATION DATA]       SYMBOLS USED IN COLUMN 16

AVERAGE MONTHLY: 36.4   TOTAL FOR MONTH:      T    1 = FOG OR MIST
DPTR FM NORMAL:   8.8   DPTR FM NORMAL:   -0.21    2 = FOG REDUCING VISIBILITY
HIGHEST:    65 ON 12    GRTST 24HR    T  ON 14-14      TO 1/4 MILE OR LESS
LOWEST:      9 ON 15                               3 = THUNDER
                        SNOW, ICE PELLETS, HAIL    4 = ICE PELLETS
                        TOTAL MONTH:    M          5 = HAIL
                        GRTST 24HR    M  ON   M    6 = FREEZING RAIN OR DRIZZLE
                        GRTST DEPTH:  M  ON   M    7 = DUSTSTORM OR SANDSTORM:
                                                       VSBY 1/2 MILE OR LESS
                                                   8 = SMOKE OR HAZE
[NO. OF DAYS WITH]      [WEATHER - DAYS WITH]      9 = BLOWING SNOW
                                                   X = TORNADO
MAX 32 OR BELOW:   0    0.01 INCH OR MORE:   0
MAX 90 OR ABOVE:   0    0.10 INCH OR MORE:   0
MIN 32 OR BELOW:  15    0.50 INCH OR MORE:   0
MIN  0 OR BELOW:   0    1.00 INCH OR MORE:   0

[HDD (BASE 65) ]
TOTAL THIS MO.   452    CLEAR  (SCALE 0-3)  11
DPTR FM NORMAL  -145    PTCLDY (SCALE 4-7)   5
TOTAL FM JUL 1  1852    CLOUDY (SCALE 8-10)  0
DPTR FM NORMAL  -328

[CDD (BASE 65) ]
TOTAL THIS MO.     0
DPTR FM NORMAL     0    [PRESSURE DATA]
TOTAL FM JAN 1   777    HIGHEST SLP M ON M
DPTR FM NORMAL    99    LOWEST  SLP 29.43 ON  3

[REMARKS]
