000
CXUS55 KCYS 281000
CF6TOR
PRELIMINARY LOCAL CLIMATOLOGICAL DATA (WS FORM: F-6)

                                          STATION:   TORRINGTON WY AIRPORT
                                          MONTH:     AUGUST
                                          YEAR:      2014
                                          LATITUDE:   42  3 N
                                          LONGITUDE: 104  9 W

  TEMPERATURE IN F:       :PCPN:    SNOW:  WIND      :SUNSHINE: SKY     :PK WND
================================================================================
1   2   3   4   5  6A  6B    7    8   9   10  11  12  13   14  15   16   17  18
                                     12Z  AVG MX 2MIN
DY MAX MIN AVG DEP HDD CDD  WTR  SNW DPTH SPD SPD DIR MIN PSBL S-S WX    SPD DR
================================================================================

 1  90  50  70  -4   0   5 0.00    M    M  5.0 16 170   M    M   0        21 140
 2  93  54  74   0   0   9    T    M    M  6.9 20  50   M    M   1        30  40
 3  93  53  73  -1   0   8 0.00    M    M  7.4 18 120   M    M   0        24 130
 4  94  60  77   3   0  12    T    M    M  7.8 28 190   M    M   0 3      32 190
 5  84  61  73  -1   0   8 0.41    M    M  6.5 26 320   M    M   4 13     35 310
 6  84  58  71  -3   0   6 0.01    M    M  7.0 28 280   M    M   2 3      38 280
 7  89  54  72  -2   0   7 0.15    M    M  5.2 29 280   M    M   0 123    37 290
 8  86  55  71  -2   0   6 0.00    M    M  5.2 15  90   M    M   1        20  80
 9  89  56  73   0   0   8    T    M    M  9.3 21 340   M    M   1        26 340
10  85  54  70  -3   0   5 0.00    M    M  7.2 16 100   M    M   0        21 110
11  90  53  72  -1   0   7 0.00    M    M  7.1 16 110   M    M   1        27 110
12  92  56  74   1   0   9 0.00    M    M  9.2 16 110   M    M   0        19 110
13  98  58  78   6   0  13 0.00    M    M  8.4 21  30   M    M   0        26 230
14  88  59  74   2   0   9 0.02    M    M  5.0 17 290   M    M   4 3      23 290
15  92  58  75   3   0  10 0.00    M    M  6.9 17 310   M    M   0        25 290
16  92  55  74   2   0   9 0.00    M    M  6.1 15 100   M    M   0        19 100
17  96  55  76   4   0  11 0.00    M    M  9.6 26 330   M    M   0        31 330
18  90  56  73   2   0   8    T    M    M  7.1 17 120   M    M   0        22 110
19  94  56  75   4   0  10 0.00    M    M  9.9 26 220   M    M   0 8      36 230
20  91  63  77   6   0  12    T    M    M  8.9 28 240   M    M   2        35 240
21  89  54  72   1   0   7 0.03    M    M  5.2 24 240   M    M   1        31 230
22  77  57  67  -3   0   2 0.05    M    M  8.4 22 120   M    M   3 1      28 110
23  83  57  70   0   0   5    T    M    M 11.0 25 260   M    M   3        34 280
24  84  50  67  -3   0   2 0.00    M    M 12.2 26 290   M    M   1        36 290
25  76  49  63  -7   2   0    T    M    M  6.7 18  40   M    M   2 3      25  50
26  87  54  71   2   0   6 0.04    M    M  8.1 28 190   M    M   2 3      37 190
27  70  57  64  -5   1   0 1.61    M    M  5.3 21 240   M    M   6 123    25 240
================================================================================
SM 2376 1502         3 194  2.32    M    202.6          M       34
================================================================================
AV 88.0 55.6                               7.5 FASTST   M    M   1    MAX(MPH)
                                 MISC ---->  # 29 280               # 38  280
================================================================================
NOTES:
# LAST OF SEVERAL OCCURRENCES

COLUMN 17 PEAK WIND IN M.P.H.

PRELIMINARY LOCAL CLIMATOLOGICAL DATA (WS FORM: F-6) , PAGE 2

                                          STATION:  TORRINGTON WY AIRPORT
                                          MONTH:    AUGUST
                                          YEAR:     2014
                                          LATITUDE:   42  3 N
                                          LONGITUDE: 104  9 W

[TEMPERATURE DATA]      [PRECIPITATION DATA]       SYMBOLS USED IN COLUMN 16

AVERAGE MONTHLY: 71.8   TOTAL FOR MONTH:   2.32    1 = FOG OR MIST
DPTR FM NORMAL:  -0.2   DPTR FM NORMAL:    1.17    2 = FOG REDUCING VISIBILITY
HIGHEST:    98 ON 13    GRTST 24HR  1.61 ON 27-27      TO 1/4 MILE OR LESS
LOWEST:     49 ON 25                               3 = THUNDER
                        SNOW, ICE PELLETS, HAIL    4 = ICE PELLETS
                        TOTAL MONTH:    M          5 = HAIL
                        GRTST 24HR    M  ON   M    6 = FREEZING RAIN OR DRIZZLE
                        GRTST DEPTH:  M  ON   M    7 = DUSTSTORM OR SANDSTORM:
                                                       VSBY 1/2 MILE OR LESS
                                                   8 = SMOKE OR HAZE
[NO. OF DAYS WITH]      [WEATHER - DAYS WITH]      9 = BLOWING SNOW
                                                   X = TORNADO
MAX 32 OR BELOW:   0    0.01 INCH OR MORE:   8
MAX 90 OR ABOVE:  13    0.10 INCH OR MORE:   3
MIN 32 OR BELOW:   0    0.50 INCH OR MORE:   1
MIN  0 OR BELOW:   0    1.00 INCH OR MORE:   1

[HDD (BASE 65) ]
TOTAL THIS MO.     3    CLEAR  (SCALE 0-3)  23
DPTR FM NORMAL    -3    PTCLDY (SCALE 4-7)   4
TOTAL FM JUL 1    10    CLOUDY (SCALE 8-10)  0
DPTR FM NORMAL    -2

[CDD (BASE 65) ]
TOTAL THIS MO.   194
DPTR FM NORMAL    -5    [PRESSURE DATA]
TOTAL FM JAN 1   530    HIGHEST SLP M ON M
DPTR FM NORMAL   -85    LOWEST  SLP 29.67 ON 19

[REMARKS]
