000
CXUS55 KCYS 211000
CF6TOR
PRELIMINARY LOCAL CLIMATOLOGICAL DATA (WS FORM: F-6)

                                          STATION:   TORRINGTON WY AIRPORT
                                          MONTH:     DECEMBER
                                          YEAR:      2014
                                          LATITUDE:   42  3 N
                                          LONGITUDE: 104  9 W

  TEMPERATURE IN F:       :PCPN:    SNOW:  WIND      :SUNSHINE: SKY     :PK WND
================================================================================
1   2   3   4   5  6A  6B    7    8   9   10  11  12  13   14  15   16   17  18
                                     12Z  AVG MX 2MIN
DY MAX MIN AVG DEP HDD CDD  WTR  SNW DPTH SPD SPD DIR MIN PSBL S-S WX    SPD DR
================================================================================

 1  45  15  30   1  35   0 0.00    M    M 11.6 25 190   M    M   3        30 170
 2  51  20  36   7  29   0 0.00    M    M 12.6 33  10   M    M   0        38 360
 3  43  16  30   1  35   0 0.00    M    M 10.6 25 170   M    M   1        32 160
 4  58  23  41  13  24   0 0.00    M    M  5.6 17 250   M    M   0        24 250
 5  54  24  39  11  26   0 0.00    M    M  5.6 12 110   M    M   1        13 100
 6  47  25  36   8  29   0 0.00    M    M  8.7 14 150   M    M   1        21 210
 7  58  24  41  13  24   0 0.00    M    M  8.8 21 320   M    M   0        27 320
 8  48  17  33   5  32   0 0.00    M    M  4.7 10 100   M    M   0 18     11 300
 9  59  20  40  13  25   0 0.00    M    M  4.5 13 120   M    M   0        15 120
10  60  20  40  13  25   0 0.00    M    M  3.2 12 310   M    M   0        14 320
11  61  18  40  13  25   0 0.00    M    M  3.9  8 120   M    M   0         9 130
12  63  19  41  14  24   0 0.00    M    M  5.4 13 100   M    M   0        16 110
13  37  23  30   3  35   0 0.00    M    M  3.8 12 310   M    M   5 12     14 100
14  37  22  30   3  35   0    T    M    0 15.4 25 340   M    M   7 1      36 340
15  31  12  22  -5  43   0    T    M    M 16.5 32 320   M    M   7 1      42 330
16  19   3  11 -15  54   0 0.00    M    M  5.7 15 110   M    M   7 128    19 110
17  25  12  19  -7  46   0 0.00    M    M  4.3 10 140   M    M   7 12     12 110
18  32   5  19  -7  46   0 0.00    M    M  1.6  7 160   M    M   3 128     7 160
19   M   M   M   M   M   M 0.00    M    M  5.0 22 270   M    M   0 8      29 260
20   M   M   M   M   M   M 0.00    M    M  7.7 18 280   M    M   2        27 280
================================================================================
SM  828  318       592   0    T     M    145.2          M       44
================================================================================
AV 46.0 17.7                               7.3 FASTST   M    M   2    MAX(MPH)
                                 MISC ---->  # 33  10               # 42  330
================================================================================
NOTES:
# LAST OF SEVERAL OCCURRENCES

COLUMN 17 PEAK WIND IN M.P.H.

PRELIMINARY LOCAL CLIMATOLOGICAL DATA (WS FORM: F-6) , PAGE 2

                                          STATION:  TORRINGTON WY AIRPORT
                                          MONTH:    DECEMBER
                                          YEAR:     2014
                                          LATITUDE:   42  3 N
                                          LONGITUDE: 104  9 W

[TEMPERATURE DATA]      [PRECIPITATION DATA]       SYMBOLS USED IN COLUMN 16

AVERAGE MONTHLY: 31.8   TOTAL FOR MONTH:      T    1 = FOG OR MIST
DPTR FM NORMAL:   4.5   DPTR FM NORMAL:   -0.26    2 = FOG REDUCING VISIBILITY
HIGHEST:    63 ON 12    GRTST 24HR    T  ON 15-15      TO 1/4 MILE OR LESS
LOWEST:      3 ON 16                               3 = THUNDER
                        SNOW, ICE PELLETS, HAIL    4 = ICE PELLETS
                        TOTAL MONTH:    M          5 = HAIL
                        GRTST 24HR    M  ON   M    6 = FREEZING RAIN OR DRIZZLE
                        GRTST DEPTH:   0           7 = DUSTSTORM OR SANDSTORM:
                                                       VSBY 1/2 MILE OR LESS
                                                   8 = SMOKE OR HAZE
[NO. OF DAYS WITH]      [WEATHER - DAYS WITH]      9 = BLOWING SNOW
                                                   X = TORNADO
MAX 32 OR BELOW:   4    0.01 INCH OR MORE:   0
MAX 90 OR ABOVE:   0    0.10 INCH OR MORE:   0
MIN 32 OR BELOW:  18    0.50 INCH OR MORE:   0
MIN  0 OR BELOW:   0    1.00 INCH OR MORE:   0

[HDD (BASE 65) ]
TOTAL THIS MO.   592    CLEAR  (SCALE 0-3)  13
DPTR FM NORMAL  -160    PTCLDY (SCALE 4-7)   7
TOTAL FM JUL 1  2124    CLOUDY (SCALE 8-10)  0
DPTR FM NORMAL  -211

[CDD (BASE 65) ]
TOTAL THIS MO.     0
DPTR FM NORMAL     0    [PRESSURE DATA]
TOTAL FM JAN 1   587    HIGHEST SLP M ON M
DPTR FM NORMAL   -91    LOWEST  SLP 29.61 ON 14

[REMARKS]
