000
CXUS55 KTBW 261000
CF6TPA
PRELIMINARY LOCAL CLIMATOLOGICAL DATA (WS FORM: F-6)

                                          STATION:   Tampa
                                          MONTH:     JULY
                                          YEAR:      2017
                                          LATITUDE:   27 58 N
                                          LONGITUDE:  82 32 W

  TEMPERATURE IN F:       :PCPN:    SNOW:  WIND      :SUNSHINE: SKY     :PK WND
================================================================================
1   2   3   4   5  6A  6B    7    8   9   10  11  12  13   14  15   16   17  18
                                     12Z  AVG MX 2MIN
DY MAX MIN AVG DEP HDD CDD  WTR  SNW DPTH SPD SPD DIR MIN PSBL S-S WX    SPD DR
================================================================================

 1  87  77  82  -1   0  17 0.00  0.0    0  4.0 15 280   M    M   6 3      19 290
 2  92  79  86   3   0  21 0.01  0.0    0  3.9 14 270   M    M   6 3      20 270
 3  92  80  86   3   0  21    T  0.0    0  4.3 15 320   M    M   5 3      24 270
 4  94  78  86   3   0  21 0.00  0.0    0  4.5 14  20   M    M   5 3      21  20
 5  94  74  84   1   0  19 1.03  0.0    0  5.5 21  80   M    M   4 138    32  70
 6  93  77  85   2   0  20 0.14  0.0    0  5.3 21 200   M    M   3 38     28 200
 7  92  80  86   3   0  21    T  0.0    0  5.8 20 350   M    M   5 3      25 360
 8  90  79  85   2   0  20 0.36  0.0    0  4.4 14 230   M    M   6 38     18 230
 9  91  78  85   2   0  20 0.15  0.0    0  5.9 15  80   M    M   5 3      24  80
10  94  73  84   1   0  19 0.47  0.0    0  6.1 24 130   M    M   5 13     40 150
11  91  75  83   0   0  18 0.47  0.0    0  4.8 24 270   M    M   6 13     30 270
12  93  76  85   2   0  20 0.10  0.0    0  5.7 21  30   M    M   6 3      30  30
13  92  76  84   1   0  19 0.00  0.0    0  6.9 14  40   M    M   7 3      23  40
14  92  80  86   3   0  21 0.15  0.0    0  4.0 15 150   M    M   7 138    21 140
15  91  78  85   2   0  20    T  0.0    0  5.5 14 160   M    M   5 3      19 130
16  91  79  85   2   0  20 0.00  0.0    0  3.6 12 320   M    M   7 3      18 250
17  90  78  84   1   0  19 0.00  0.0    0  4.4 20 260   M    M   6 3      25 260
18  88  76  82  -1   0  17 1.27  0.0    0  4.4 21 240   M    M   6 138    30 230
19  93  78  86   3   0  21 0.01  0.0    0  3.7 15 120   M    M   6 3      22 100
20  90  78  84   1   0  19 0.21  0.0    0  4.2 13 100   M    M   5 13     18 110
21  89  77  83   0   0  18 0.39  0.0    0  4.0 15 280   M    M   6 13     20 280
22  85  79  82  -1   0  17 0.23  0.0    0  4.3 13 200   M    M   8 13     20 200
23  82  75  79  -4   0  14 0.39  0.0    0  2.9 13 290   M    M   9 13     16 300
24  91  79  85   2   0  20 0.00  0.0    0  6.3 15 190   M    M   6        20 210
25  94  79  87   4   0  22 0.00  0.0    0  5.2 16 270   M    M   4 3      26 270
================================================================================
SM 2271 1938         0 484  5.38     0.0 119.6          M      144
================================================================================
AV 90.8 77.5                               4.8 FASTST   M    M   6    MAX(MPH)
                                 MISC ---->  # 24 130               # 40  150
================================================================================
NOTES:
# LAST OF SEVERAL OCCURRENCES

COLUMN 17 PEAK WIND IN M.P.H.

PRELIMINARY LOCAL CLIMATOLOGICAL DATA (WS FORM: F-6) , PAGE 2

                                          STATION:  Tampa
                                          MONTH:    JULY
                                          YEAR:     2017
                                          LATITUDE:   27 58 N
                                          LONGITUDE:  82 32 W

[TEMPERATURE DATA]      [PRECIPITATION DATA]       SYMBOLS USED IN COLUMN 16

AVERAGE MONTHLY: 84.2   TOTAL FOR MONTH:   5.38    1 = FOG OR MIST
DPTR FM NORMAL:   1.2   DPTR FM NORMAL:   -0.34    2 = FOG REDUCING VISIBILITY
HIGHEST:    94 ON 25,10 GRTST 24HR  1.27 ON 18-18      TO 1/4 MILE OR LESS
LOWEST:     73 ON 10                               3 = THUNDER
                        SNOW, ICE PELLETS, HAIL    4 = ICE PELLETS
                        TOTAL MONTH:   0.0 INCH    5 = HAIL
                        GRTST 24HR     0.0         6 = FREEZING RAIN OR DRIZZLE
                        GRTST DEPTH:   0           7 = DUSTSTORM OR SANDSTORM:
                                                       VSBY 1/2 MILE OR LESS
                                                   8 = SMOKE OR HAZE
[NO. OF DAYS WITH]      [WEATHER - DAYS WITH]      9 = BLOWING SNOW
                                                   X = TORNADO
MAX 32 OR BELOW:   0    0.01 INCH OR MORE:  15
MAX 90 OR ABOVE:  20    0.10 INCH OR MORE:  13
MIN 32 OR BELOW:   0    0.50 INCH OR MORE:   2
MIN  0 OR BELOW:   0    1.00 INCH OR MORE:   2

[HDD (BASE 65) ]
TOTAL THIS MO.     0    CLEAR  (SCALE 0-3)   0
DPTR FM NORMAL     0    PTCLDY (SCALE 4-7)  24
TOTAL FM JUL 1     0    CLOUDY (SCALE 8-10)  1
DPTR FM NORMAL     0

[CDD (BASE 65) ]
TOTAL THIS MO.   484
DPTR FM NORMAL    34    [PRESSURE DATA]
TOTAL FM JAN 1  2336    HIGHEST SLP M ON M
DPTR FM NORMAL   493    LOWEST  SLP 29.91 ON 16

[REMARKS]
