000
CXUS54 KFWD 260730
CF6TPL
PRELIMINARY LOCAL CLIMATOLOGICAL DATA (WS FORM: F-6)

                                          STATION:   TEMPLE
                                          MONTH:     JULY
                                          YEAR:      2016
                                          LATITUDE:   31  8 N
                                          LONGITUDE:  97 25 W

  TEMPERATURE IN F:       :PCPN:    SNOW:  WIND      :SUNSHINE: SKY     :PK WND
================================================================================
1   2   3   4   5  6A  6B    7    8   9   10  11  12  13   14  15   16   17  18
                                     12Z  AVG MX 2MIN
DY MAX MIN AVG DEP HDD CDD  WTR  SNW DPTH SPD SPD DIR MIN PSBL S-S WX    SPD DR
================================================================================

 1  93  72  83   2   0  18 0.00  0.0    0  6.9 13 140   M    M   0        17 120
 2  96  75  86   5   0  21 0.00  0.0    0 14.1 20 170   M    M   0        30 170
 3  96  77  87   6   0  22 0.00  0.0    0 18.9 24 190   M    M   4        32 180
 4  98  80  89   8   0  24 0.00  0.0    0 17.7 23 180   M    M   4        32 150
 5  97  77  87   5   0  22 0.00  0.0    0 15.8 25 160   M    M   1 8      32 170
 6  98  78  88   6   0  23 0.00  0.0    0 20.4 27 180   M    M   2        35 160
 7  98  77  88   6   0  23 0.00  0.0    0 19.1 27 170   M    M   3        35 170
 8  98  77  88   6   0  23 0.00  0.0    0 15.6 21 160   M    M   3        30 170
 9  98  75  87   5   0  22 0.08  0.0    0 13.6 18 170   M    M   3 3      31 180
10  95  73  84   2   0  19 0.09  0.0    0 13.4 20 170   M    M   3 3      25 160
11  98  78  88   6   0  23 0.00  0.0    0 19.7 27 170   M    M   2        35 180
12  98  76  87   5   0  22 0.00  0.0    0 19.4 23 180   M    M   4        33 160
13  99  78  89   7   0  24 0.00  0.0    0 18.1 25 160   M    M   2        32 180
14  98  74  86   4   0  21 0.00  0.0    0 15.1 18 160   M    M   1        30 180
15  99  77  88   5   0  23 0.00  0.0    0 12.9 18 180   M    M   3        23 180
16  98  74  86   3   0  21 0.00  0.0    0 10.3 18 180   M    M   1        23 180
17  97  73  85   2   0  20 0.00  0.0    0 12.3 17 180   M    M   1        23 140
18  97  74  86   3   0  21 0.00  0.0    0  9.7 14 120   M    M   2        21 140
19  98  76  87   4   0  22 0.00  0.0    0  9.3 16 150   M    M   2        21 130
20  98  75  87   4   0  22 0.00  0.0    0  8.9 14 160   M    M   1        22 190
21  99  74  87   4   0  22 0.00  0.0    0  7.7 13 140   M    M   0        21 190
22 100  75  88   5   0  23 0.00  0.0    0  8.3 14 150   M    M   0        18 140
23 100  75  88   5   0  23 0.00  0.0    M  9.6 16 170   M    M   0        18 170
24 100  77  89   6   0  24 0.00  0.0    0  9.3 14 160   M    M   1        16 170
25 100  74  87   3   0  22 0.02  0.0    0  7.3 13 140   M    M   1 3      17 140
================================================================================
SM 2446 1891         0 550  0.19     0.0 333.4          M       44
================================================================================
AV 97.8 75.6                              13.3 FASTST   M    M   2    MAX(MPH)
                                 MISC ---->  # 27 180               # 35  160
================================================================================
NOTES:
# LAST OF SEVERAL OCCURRENCES

COLUMN 17 PEAK WIND IN M.P.H.

PRELIMINARY LOCAL CLIMATOLOGICAL DATA (WS FORM: F-6) , PAGE 2

                                          STATION:  TEMPLE
                                          MONTH:    JULY
                                          YEAR:     2016
                                          LATITUDE:   31  8 N
                                          LONGITUDE:  97 25 W

[TEMPERATURE DATA]      [PRECIPITATION DATA]       SYMBOLS USED IN COLUMN 16

AVERAGE MONTHLY: 86.7   TOTAL FOR MONTH:   0.19    1 = FOG OR MIST
DPTR FM NORMAL:   4.4   DPTR FM NORMAL:   -1.46    2 = FOG REDUCING VISIBILITY
HIGHEST:   100 ON 25,24 GRTST 24HR  0.09 ON 10-10      TO 1/4 MILE OR LESS
LOWEST:     72 ON  1                               3 = THUNDER
                        SNOW, ICE PELLETS, HAIL    4 = ICE PELLETS
                        TOTAL MONTH:   0.0 INCH    5 = HAIL
                        GRTST 24HR     0.0         6 = FREEZING RAIN OR DRIZZLE
                        GRTST DEPTH:   0           7 = DUSTSTORM OR SANDSTORM:
                                                       VSBY 1/2 MILE OR LESS
                                                   8 = SMOKE OR HAZE
[NO. OF DAYS WITH]      [WEATHER - DAYS WITH]      9 = BLOWING SNOW
                                                   X = TORNADO
MAX 32 OR BELOW:   0    0.01 INCH OR MORE:   3
MAX 90 OR ABOVE:  25    0.10 INCH OR MORE:   0
MIN 32 OR BELOW:   0    0.50 INCH OR MORE:   0
MIN  0 OR BELOW:   0    1.00 INCH OR MORE:   0

[HDD (BASE 65) ]
TOTAL THIS MO.     0    CLEAR  (SCALE 0-3)  22
DPTR FM NORMAL     0    PTCLDY (SCALE 4-7)   3
TOTAL FM JUL 1     0    CLOUDY (SCALE 8-10)  0
DPTR FM NORMAL     0

[CDD (BASE 65) ]
TOTAL THIS MO.   550
DPTR FM NORMAL   116    [PRESSURE DATA]
TOTAL FM JAN 1  1433    HIGHEST SLP M ON M
DPTR FM NORMAL   163    LOWEST  SLP M ON M

[REMARKS]
